{"id":358,"date":"2013-11-17T12:05:01","date_gmt":"2013-11-17T12:05:01","guid":{"rendered":"https:\/\/webs.uab.cat\/arnau\/protoespiritual-2\/"},"modified":"2024-09-18T13:32:18","modified_gmt":"2024-09-18T13:32:18","slug":"protoespiritual-2","status":"publish","type":"page","link":"https:\/\/webs.uab.cat\/arnau\/it\/protoespiritual-2\/","title":{"rendered":"Protospirituale (c. 1292-1295)"},"content":{"rendered":"\n<p>Chiss\u00e0 se pi\u00f9 o meno sotto l\u2019influenza dello spiritualismo di P\u00e8ire Joan (Oliu), il maestro Arnau abbandon\u00f2 il progetto precedente e stabil\u00ec le basi di uno spiritualismo che svilupper\u00e0 successivamente. A questa fase appartengono anche due opere (n\u00ba. 3 e 4). La base di questo primo spiritualismo sarebbe una prima versione della \u00abverit\u00e0 del cristianesimo\u00bb. La realt\u00e0 sensibile, afferma Arnau nel De prudentia, pu\u00f2 essere considerata da un triplice punto di vista: secondo ci\u00f2 che \u00e8 di per s\u00e9 (come fa il filosofo naturale); secondo il suo essere intrinseco, vale a dire, in rapporto alla sua causa intellegibile (metafisico) e, infine, come causata dalla sua Causa Prima (fedele). Il &#8220;vero fedele&#8221; considera la realt\u00e0 fisica solo come l\u2019inizio di un cammino spirituale verso Dio. Lo spiritualismo di Arnau \u00e8 in questa fase moderato&#8221;. Arnau, a partire da questo momento, diventa un \u201ccompagno di viaggio\u201d (Manselli) dei francescani spirituali: P\u00e8ire Joan, Angelo Clareno, Ubertino da Casale, Ugo di Balma.<\/p>\n\n\n<div class=\"wp-block-image\">\n<figure class=\"aligncenter size-full is-resized\"><img loading=\"lazy\" decoding=\"async\" width=\"208\" height=\"437\" src=\"https:\/\/webs.uab.cat\/arnau\/wp-content\/uploads\/sites\/132\/2016\/10\/franciscans.jpg\" alt=\"\" class=\"wp-image-584\" style=\"width:291px;height:611px\" srcset=\"https:\/\/webs.uab.cat\/arnau\/wp-content\/uploads\/sites\/132\/2016\/10\/franciscans.jpg 208w, https:\/\/webs.uab.cat\/arnau\/wp-content\/uploads\/sites\/132\/2016\/10\/franciscans-143x300.jpg 143w\" sizes=\"auto, (max-width: 208px) 100vw, 208px\" \/><figcaption class=\"wp-element-caption\">Illustrazione: francescani.<\/figcaption><\/figure>\n<\/div>\n\n\n<p><\/p>\n","protected":false},"excerpt":{"rendered":"<p>Chiss\u00e0 se pi\u00f9 o meno sotto l\u2019influenza dello spiritualismo di P\u00e8ire Joan (Oliu), il maestro Arnau abbandon\u00f2 il progetto precedente e stabil\u00ec le basi di uno spiritualismo che svilupper\u00e0 successivamente. A questa fase appartengono anche due opere (n\u00ba. 3 e 4). La base di questo primo spiritualismo sarebbe una prima versione della \u00abverit\u00e0 del cristianesimo\u00bb. [&hellip;]<\/p>\n","protected":false},"author":20,"featured_media":0,"parent":0,"menu_order":0,"comment_status":"closed","ping_status":"closed","template":"","meta":{"footnotes":""},"class_list":["post-358","page","type-page","status-publish","hentry"],"_links":{"self":[{"href":"https:\/\/webs.uab.cat\/arnau\/it\/wp-json\/wp\/v2\/pages\/358","targetHints":{"allow":["GET"]}}],"collection":[{"href":"https:\/\/webs.uab.cat\/arnau\/it\/wp-json\/wp\/v2\/pages"}],"about":[{"href":"https:\/\/webs.uab.cat\/arnau\/it\/wp-json\/wp\/v2\/types\/page"}],"author":[{"embeddable":true,"href":"https:\/\/webs.uab.cat\/arnau\/it\/wp-json\/wp\/v2\/users\/20"}],"replies":[{"embeddable":true,"href":"https:\/\/webs.uab.cat\/arnau\/it\/wp-json\/wp\/v2\/comments?post=358"}],"version-history":[{"count":2,"href":"https:\/\/webs.uab.cat\/arnau\/it\/wp-json\/wp\/v2\/pages\/358\/revisions"}],"predecessor-version":[{"id":1957,"href":"https:\/\/webs.uab.cat\/arnau\/it\/wp-json\/wp\/v2\/pages\/358\/revisions\/1957"}],"wp:attachment":[{"href":"https:\/\/webs.uab.cat\/arnau\/it\/wp-json\/wp\/v2\/media?parent=358"}],"curies":[{"name":"wp","href":"https:\/\/api.w.org\/{rel}","templated":true}]}}

<p>Chissà se più o meno sotto l’influenza dello spiritualismo di Pèire Joan (Oliu), il maestro Arnau abbandonò il progetto precedente e stabilì le basi di uno spiritualismo che svilupperà successivamente. A questa fase appartengono anche due opere (nº. 3 e 4). La base di questo primo spiritualismo sarebbe una prima versione della «verità del cristianesimo». La realtà sensibile, afferma Arnau nel De prudentia, può essere considerata da un triplice punto di vista: secondo ciò che è di per sé (come fa il filosofo naturale); secondo il suo essere intrinseco, vale a dire, in rapporto alla sua causa intellegibile (metafisico) e, infine, come causata dalla sua Causa Prima (fedele). Il &#8220;vero fedele&#8221; considera la realtà fisica solo come l’inizio di un cammino spirituale verso Dio. Lo spiritualismo di Arnau è in questa fase moderato&#8221;. Arnau, a partire da questo momento, diventa un “compagno di viaggio” (Manselli) dei francescani spirituali: Pèire Joan, Angelo Clareno, Ubertino da Casale, Ugo di Balma.</p>


<div class="wp-block-image">
<figure class="aligncenter size-full is-resized"><img loading="lazy" decoding="async" width="208" height="437" src="https://webs.uab.cat/arnau/wp-content/uploads/sites/132/2016/10/franciscans.jpg" alt="" class="wp-image-584" style="width:291px;height:611px" srcset="https://webs.uab.cat/arnau/wp-content/uploads/sites/132/2016/10/franciscans.jpg 208w, https://webs.uab.cat/arnau/wp-content/uploads/sites/132/2016/10/franciscans-143x300.jpg 143w" sizes="auto, (max-width: 208px) 100vw, 208px" /><figcaption class="wp-element-caption">Illustrazione: francescani.</figcaption></figure>
</div>


<p></p>

<p>Chissà se più o meno sotto l’influenza dello spiritualismo di Pèire Joan (Oliu), il maestro Arnau abbandonò il progetto precedente e stabilì le basi di uno spiritualismo che svilupperà successivamente. A questa fase appartengono anche due opere (nº. 3 e 4). La base di questo primo spiritualismo sarebbe una prima versione della «verità del cristianesimo». [&hellip;]</p>
