{"id":388,"date":"2013-11-17T12:26:20","date_gmt":"2013-11-17T12:26:20","guid":{"rendered":"https:\/\/webs.uab.cat\/arnau\/propiament-espiritual-2\/"},"modified":"2024-09-18T13:34:10","modified_gmt":"2024-09-18T13:34:10","slug":"propiament-espiritual-2","status":"publish","type":"page","link":"https:\/\/webs.uab.cat\/arnau\/it\/propiament-espiritual-2\/","title":{"rendered":"Propriamente spirituale (1305-1311)"},"content":{"rendered":"\n<p>Passato il clamore della polemica, Arnau de Vilanova scrive le opere pi\u00f9 spirituali. Riprende le riflessioni sul <em>verus fidelis<\/em>. Il concetto di &#8220;vero cristiano&#8221; diventa l\u2019asse di tutto questo periodo: lo definisce, trae conseguenze, lo promuove in vari ambiti. Contro il cristianesimo semplicemente sociologico di quelli che si definiscono cristiani solo per costume pi\u00f9 che per convinzione, Arnau propone un cristianesimo sentito, vissuto, interiore, ma allo stesso tempo molto impegnato socialmente. Se Ges\u00f9 Cristo dette esempio di umilt\u00e0, di carit\u00e0 e di povert\u00e0, di disprezzare le cose terrene, di evitare onori, ecc, il cristiano deve seguire questa strada. Il cristiano deve imitare Ges\u00f9 Cristo, arrivare ad essere un &#8220;piccolo Cristo&#8221; (<em>christinus<\/em>).<\/p>\n\n\n\n<p>Arnau si rende conto che il cristianesimo del tempo era molto superficiale. Era necessario, quindi, riformarlo. E per fare ci\u00f2, elabor\u00f2 programmi per re, per la Santa Sede e per gruppi specifici di cristiani. I beghini cercavano di vivere un cristianesimo abbastanza simile a quello predicato da Arnau.<\/p>\n\n\n\n<p>Lo spiritualismo moderato del primo periodo tende a radicalizzarsi. Arnau de Vilanova contrappone con sempre pi\u00f9 forza la realt\u00e0 celestiale a quella materiale. Solo quando l\u2019essere umano agisce secondo il suo spirito si trasforma autenticamente persona e figlio di Dio, deve sapersi elevare, quindi, sopra la realt\u00e0 materiale, la quale, se ne \u00e8 dominato, lo mette allo stesso livello delle bestie. Il vero cristiano ama le cose celestiali e disprezza quelle terrene.<\/p>\n\n\n\n<figure class=\"wp-block-image size-full is-resized\"><img loading=\"lazy\" decoding=\"async\" width=\"612\" height=\"607\" src=\"https:\/\/webs.uab.cat\/arnau\/wp-content\/uploads\/sites\/132\/2016\/10\/calvari.jpg\" alt=\"\" class=\"wp-image-614\" style=\"aspect-ratio:1.0086705202312138;width:513px;height:auto\" srcset=\"https:\/\/webs.uab.cat\/arnau\/wp-content\/uploads\/sites\/132\/2016\/10\/calvari.jpg 612w, https:\/\/webs.uab.cat\/arnau\/wp-content\/uploads\/sites\/132\/2016\/10\/calvari-300x298.jpg 300w, https:\/\/webs.uab.cat\/arnau\/wp-content\/uploads\/sites\/132\/2016\/10\/calvari-150x150.jpg 150w\" sizes=\"auto, (max-width: 612px) 100vw, 612px\" \/><figcaption class=\"wp-element-caption\">Illustrazione: Tavola del Calvario del <em>Retablo della trasfigurazione<\/em> di Jaume Huguet, nella cattedrale di Tortosa (1466-1475). Origine: <a rel=\"noreferrer noopener\" href=\"https:\/\/commons.wikimedia.org\/wiki\/File:Tortosa_catedral_Huguet_Transfiguracio_Calvari_0032.jpg\" target=\"_blank\">Wikimedia<\/a>.<\/figcaption><\/figure>\n\n\n\n<p><\/p>\n","protected":false},"excerpt":{"rendered":"<p>Passato il clamore della polemica, Arnau de Vilanova scrive le opere pi\u00f9 spirituali. Riprende le riflessioni sul verus fidelis. Il concetto di &#8220;vero cristiano&#8221; diventa l\u2019asse di tutto questo periodo: lo definisce, trae conseguenze, lo promuove in vari ambiti. Contro il cristianesimo semplicemente sociologico di quelli che si definiscono cristiani solo per costume pi\u00f9 che [&hellip;]<\/p>\n","protected":false},"author":20,"featured_media":0,"parent":0,"menu_order":0,"comment_status":"closed","ping_status":"closed","template":"","meta":{"footnotes":""},"class_list":["post-388","page","type-page","status-publish","hentry"],"_links":{"self":[{"href":"https:\/\/webs.uab.cat\/arnau\/it\/wp-json\/wp\/v2\/pages\/388","targetHints":{"allow":["GET"]}}],"collection":[{"href":"https:\/\/webs.uab.cat\/arnau\/it\/wp-json\/wp\/v2\/pages"}],"about":[{"href":"https:\/\/webs.uab.cat\/arnau\/it\/wp-json\/wp\/v2\/types\/page"}],"author":[{"embeddable":true,"href":"https:\/\/webs.uab.cat\/arnau\/it\/wp-json\/wp\/v2\/users\/20"}],"replies":[{"embeddable":true,"href":"https:\/\/webs.uab.cat\/arnau\/it\/wp-json\/wp\/v2\/comments?post=388"}],"version-history":[{"count":2,"href":"https:\/\/webs.uab.cat\/arnau\/it\/wp-json\/wp\/v2\/pages\/388\/revisions"}],"predecessor-version":[{"id":1959,"href":"https:\/\/webs.uab.cat\/arnau\/it\/wp-json\/wp\/v2\/pages\/388\/revisions\/1959"}],"wp:attachment":[{"href":"https:\/\/webs.uab.cat\/arnau\/it\/wp-json\/wp\/v2\/media?parent=388"}],"curies":[{"name":"wp","href":"https:\/\/api.w.org\/{rel}","templated":true}]}}

<p>Passato il clamore della polemica, Arnau de Vilanova scrive le opere più spirituali. Riprende le riflessioni sul <em>verus fidelis</em>. Il concetto di &#8220;vero cristiano&#8221; diventa l’asse di tutto questo periodo: lo definisce, trae conseguenze, lo promuove in vari ambiti. Contro il cristianesimo semplicemente sociologico di quelli che si definiscono cristiani solo per costume più che per convinzione, Arnau propone un cristianesimo sentito, vissuto, interiore, ma allo stesso tempo molto impegnato socialmente. Se Gesù Cristo dette esempio di umiltà, di carità e di povertà, di disprezzare le cose terrene, di evitare onori, ecc, il cristiano deve seguire questa strada. Il cristiano deve imitare Gesù Cristo, arrivare ad essere un &#8220;piccolo Cristo&#8221; (<em>christinus</em>).</p>



<p>Arnau si rende conto che il cristianesimo del tempo era molto superficiale. Era necessario, quindi, riformarlo. E per fare ciò, elaborò programmi per re, per la Santa Sede e per gruppi specifici di cristiani. I beghini cercavano di vivere un cristianesimo abbastanza simile a quello predicato da Arnau.</p>



<p>Lo spiritualismo moderato del primo periodo tende a radicalizzarsi. Arnau de Vilanova contrappone con sempre più forza la realtà celestiale a quella materiale. Solo quando l’essere umano agisce secondo il suo spirito si trasforma autenticamente persona e figlio di Dio, deve sapersi elevare, quindi, sopra la realtà materiale, la quale, se ne è dominato, lo mette allo stesso livello delle bestie. Il vero cristiano ama le cose celestiali e disprezza quelle terrene.</p>



<figure class="wp-block-image size-full is-resized"><img loading="lazy" decoding="async" width="612" height="607" src="https://webs.uab.cat/arnau/wp-content/uploads/sites/132/2016/10/calvari.jpg" alt="" class="wp-image-614" style="aspect-ratio:1.0086705202312138;width:513px;height:auto" srcset="https://webs.uab.cat/arnau/wp-content/uploads/sites/132/2016/10/calvari.jpg 612w, https://webs.uab.cat/arnau/wp-content/uploads/sites/132/2016/10/calvari-300x298.jpg 300w, https://webs.uab.cat/arnau/wp-content/uploads/sites/132/2016/10/calvari-150x150.jpg 150w" sizes="auto, (max-width: 612px) 100vw, 612px" /><figcaption class="wp-element-caption">Illustrazione: Tavola del Calvario del <em>Retablo della trasfigurazione</em> di Jaume Huguet, nella cattedrale di Tortosa (1466-1475). Origine: <a rel="noreferrer noopener" href="https://commons.wikimedia.org/wiki/File:Tortosa_catedral_Huguet_Transfiguracio_Calvari_0032.jpg" target="_blank">Wikimedia</a>.</figcaption></figure>



<p></p>

<p>Passato il clamore della polemica, Arnau de Vilanova scrive le opere più spirituali. Riprende le riflessioni sul verus fidelis. Il concetto di &#8220;vero cristiano&#8221; diventa l’asse di tutto questo periodo: lo definisce, trae conseguenze, lo promuove in vari ambiti. Contro il cristianesimo semplicemente sociologico di quelli che si definiscono cristiani solo per costume più che [&hellip;]</p>
