{"id":105,"date":"2013-11-17T12:26:20","date_gmt":"2013-11-17T12:26:20","guid":{"rendered":"https:\/\/webs.uab.cat\/arnau\/propiament-espiritual\/"},"modified":"2024-06-10T12:47:21","modified_gmt":"2024-06-10T12:47:21","slug":"propiament-espiritual","status":"publish","type":"page","link":"https:\/\/webs.uab.cat\/arnau\/propiament-espiritual\/","title":{"rendered":"Pr\u00f2piament espiritual (1305-1311)"},"content":{"rendered":"\n<p>Passats els tr\u00e0fecs de la pol\u00e8mica, Arnau de Vilanova escriu les obres m\u00e9s espirituals. Repr\u00e8n les reflexions sobre el <em>verus fidelis<\/em>. El concepte de &#8220;ver cristi\u00e0&#8221; esdev\u00e9 l&#8217;eix de tot aquest per\u00edode: el defineix, en treu conseq\u00fc\u00e8ncies, el promou en diversos \u00e0mbits. Contra el cristianisme simplement sociol\u00f2gic d&#8217;aquells que nom\u00e9s es fan dir cristians, m\u00e9s per costum social que per convicci\u00f3, Arnau&nbsp; proposa un cristianisme sentit, viscut, interior, per\u00f2 a la vegada molt comprom\u00e8s socialment. Si Jesucrist va donar exemple d&#8217;humilitat, de caritat i de pobresa, de menysprear les coses d&#8217;aquest m\u00f3n, d&#8217;esquivar honors, etc., el cristi\u00e0 ha de seguir aquest mateix cam\u00ed. El cristi\u00e0 ha d&#8217;imitar Jesucrist,&nbsp; esdevenir un &#8220;petit Crist&#8221; (<em>christinus<\/em>).<\/p>\n\n\n\n<p>Arnau s&#8217;adon\u00e0 que el cristianisme de la seva \u00e8poca sovint era molt superficial. Calia, doncs, reformar-lo. I per aconseguir-lo elabor\u00e0 plans per a reis, per a la Santa Seu i per a grups de cristians concrets. Els beguins intentaven viure un cristianisme for\u00e7a semblant al que Arnau predicava.<\/p>\n\n\n\n<p>L&#8217;espiritualisme moderat de la primera \u00e8poca tendeix a radicalitzar-se. Arnau de Vilanova contraposa cada cop amb m\u00e9s for\u00e7a la realitat celestial amb la material. Nom\u00e9s quan l&#8217;\u00e9sser hum\u00e0 actua segons el seu esperit esdev\u00e9 aut\u00e8nticament persona i fill de D\u00e9u, ha de saber elevar-se, doncs, per sobre de la realitat material, la qual, si el domina, el situa al nivell propi de les b\u00e8sties. El veritable cristi\u00e0 estima les coses celestials i menysprea les terrenals.<\/p>\n\n\n<figure class=\"wp-block-image size-full is-resized\"><img loading=\"lazy\" decoding=\"async\" width=\"612\" height=\"607\" class=\"wp-image-611\" style=\"width: 566px;height: 561px\" src=\"https:\/\/webs.uab.cat\/arnau\/wp-content\/uploads\/sites\/132\/2016\/10\/calvari.jpg\" alt=\"\" srcset=\"https:\/\/webs.uab.cat\/arnau\/wp-content\/uploads\/sites\/132\/2016\/10\/calvari.jpg 612w, https:\/\/webs.uab.cat\/arnau\/wp-content\/uploads\/sites\/132\/2016\/10\/calvari-300x298.jpg 300w, https:\/\/webs.uab.cat\/arnau\/wp-content\/uploads\/sites\/132\/2016\/10\/calvari-150x150.jpg 150w\" sizes=\"auto, (max-width: 612px) 100vw, 612px\" \/>\n<figcaption class=\"wp-element-caption\">Il\u00b7lustraci\u00f3:Taula del Calvari del <em>Retaule de la transfiguraci\u00f3<\/em> de Jaume Huguet, a la catedral de Tortosa (1466-1475). Proced\u00e8ncia: <a href=\"https:\/\/commons.wikimedia.org\/wiki\/File:Tortosa_catedral_Huguet_Transfiguracio_Calvari_0032.jpg\" target=\"_blank\" rel=\"noreferrer noopener\">Wikimedia<\/a>.<\/figcaption>\n<\/figure>\n\n\n<p><br><\/p>\n","protected":false},"excerpt":{"rendered":"<p>Passats els tr\u00e0fecs de la pol\u00e8mica, Arnau de Vilanova escriu les obres m\u00e9s espirituals. Repr\u00e8n les reflexions sobre el verus fidelis. El concepte de &#8220;ver cristi\u00e0&#8221; esdev\u00e9 l&#8217;eix de tot aquest per\u00edode: el defineix, en treu conseq\u00fc\u00e8ncies, el promou en diversos \u00e0mbits. Contra el cristianisme simplement sociol\u00f2gic d&#8217;aquells que nom\u00e9s es fan dir cristians, m\u00e9s [&hellip;]<\/p>\n","protected":false},"author":20,"featured_media":0,"parent":0,"menu_order":0,"comment_status":"closed","ping_status":"closed","template":"","meta":{"footnotes":""},"class_list":["post-105","page","type-page","status-publish","hentry"],"_links":{"self":[{"href":"https:\/\/webs.uab.cat\/arnau\/wp-json\/wp\/v2\/pages\/105","targetHints":{"allow":["GET"]}}],"collection":[{"href":"https:\/\/webs.uab.cat\/arnau\/wp-json\/wp\/v2\/pages"}],"about":[{"href":"https:\/\/webs.uab.cat\/arnau\/wp-json\/wp\/v2\/types\/page"}],"author":[{"embeddable":true,"href":"https:\/\/webs.uab.cat\/arnau\/wp-json\/wp\/v2\/users\/20"}],"replies":[{"embeddable":true,"href":"https:\/\/webs.uab.cat\/arnau\/wp-json\/wp\/v2\/comments?post=105"}],"version-history":[{"count":3,"href":"https:\/\/webs.uab.cat\/arnau\/wp-json\/wp\/v2\/pages\/105\/revisions"}],"predecessor-version":[{"id":1794,"href":"https:\/\/webs.uab.cat\/arnau\/wp-json\/wp\/v2\/pages\/105\/revisions\/1794"}],"wp:attachment":[{"href":"https:\/\/webs.uab.cat\/arnau\/wp-json\/wp\/v2\/media?parent=105"}],"curies":[{"name":"wp","href":"https:\/\/api.w.org\/{rel}","templated":true}]}}