{"id":112,"date":"2013-11-21T13:11:53","date_gmt":"2013-11-21T13:11:53","guid":{"rendered":"https:\/\/webs.uab.cat\/arnau\/contacte\/"},"modified":"2022-08-22T07:35:43","modified_gmt":"2022-08-22T07:35:43","slug":"contacte","status":"publish","type":"page","link":"https:\/\/webs.uab.cat\/arnau\/contacte\/","title":{"rendered":"Contacte"},"content":{"rendered":"\n<p>Podeu posar-vos en contacte amb el nostre grup a trav\u00e9s de Sebasti\u00e0 Giralt o Jaume Mensa:<\/p>\n\n\n\n<h2 class=\"wp-block-heading\">Sebasti\u00e0 Giralt<\/h2>\n\n\n\n<p>Correu electr\u00f2nic (e-mail): <a href=\"mailto:sebastia.giralt@uab.cat\">sebastia.giralt@uab.cat<\/a><\/p>\n\n\n\n<p>Adre\u00e7a postal:<br><a href=\"http:\/\/www.uab.cat\/departament\/ciencies-antiguitat-edat-mitjana\/\" target=\"_blank\" rel=\"noopener\">Departament de Ci\u00e8ncies de l&#8217;Antiguitat i l&#8217;Edat Mitjana<\/a>, Edifici B,<br><a href=\"http:\/\/www.uab.cat\/servlet\/Satellite\/coneix-la-uab\/planols-i-transports\/planols\/campus-de-bellaterra\/planol-del-campus-de-bellaterra-1096476529693.html\" target=\"_blank\" rel=\"noopener\">Campus de la Universitat Aut\u00f2noma de Barcelona<\/a>, 08193 Bellaterra (Cerdanyola del Vall\u00e8s).&nbsp;<\/p>\n\n\n\n<p>Despatx: B7\/126<\/p>\n\n\n\n<p>Tel\u00e8fon: +34 93 586 83 99<\/p>\n\n\n\n<p>Fax: +34 93 581 31 14<\/p>\n\n\n\n<p>&#8212;&#8212;&#8212;&#8212;&#8212;&#8212;&#8212;&#8212;&#8212;&#8212;&#8212;&#8212;&#8212;&#8212;&#8212;&#8212;&#8212;&#8212;&#8212;&#8212;&#8212;&#8212;&#8212;&#8212;&#8212;&#8212;&#8212;&#8212;&#8212;&#8212;&#8212;&#8212;&#8212;&#8212;<\/p>\n\n\n\n<h2 class=\"wp-block-heading\">Jaume Mensa i Valls<\/h2>\n\n\n\n<p>Correu electr\u00f2nic (e-mail): <a href=\"mailto:Jaume.Mensa@uab.cat\">Jaume.Mensa@uab.cat<\/a><\/p>\n\n\n\n<p>Adre\u00e7a postal:<br><a href=\"http:\/\/www.uab.cat\/departament\/filosofia\/\" target=\"_blank\" rel=\"noopener\">Departament de Filosofia<\/a>, Edifici B,<br><a href=\"http:\/\/www.uab.cat\/servlet\/Satellite\/coneix-la-uab\/planols-i-transports\/planols\/campus-de-bellaterra\/planol-del-campus-de-bellaterra-1096476529693.html\" target=\"_blank\" rel=\"noopener\">Campus de la Universitat Aut\u00f2noma de Barcelona<\/a>, 08193 Bellaterra (Cerdanyola del Vall\u00e8s).&nbsp;<\/p>\n\n\n\n<p>Despatx: B7-102<\/p>\n\n\n\n<p>Tel\u00e8fon: +34 93 586 8392<\/p>\n\n\n\n<p>Fax: +34 93 581 20 01<\/p>\n\n\n\n<figure class=\"wp-block-image is-resized\"><img loading=\"lazy\" decoding=\"async\" src=\"https:\/\/webs.uab.cat\/arnau\/wp-content\/uploads\/sites\/132\/2010\/01\/lectio.jpg\" alt=\"lectio.jpg\" class=\"wp-image-65\" width=\"699\" height=\"564\" srcset=\"https:\/\/webs.uab.cat\/arnau\/wp-content\/uploads\/sites\/132\/2010\/01\/lectio.jpg 595w, https:\/\/webs.uab.cat\/arnau\/wp-content\/uploads\/sites\/132\/2010\/01\/lectio-300x242.jpg 300w\" sizes=\"auto, (max-width: 699px) 100vw, 699px\" \/><figcaption>Il\u00b7lustraci\u00f3: Lli\u00e7\u00f3 universit\u00e0ria d&#8217;Henricus de Alemannia, miniatura de Laurentius a Voltolina dins el <em>Liber ethicorum d&#8217;Henricus de Alemannia<\/em>, segona meitat del s. XIV. Proced\u00e8ncia: <a href=\"http:\/\/en.wikipedia.org\/wiki\/File:Laurentius_de_Voltolina_001.jpg\">Wikimedia<\/a>.<\/figcaption><\/figure>\n\n\n\n<p><\/p>\n","protected":false},"excerpt":{"rendered":"<p>Podeu posar-vos en contacte amb el nostre grup a trav\u00e9s de Sebasti\u00e0 Giralt o Jaume Mensa: Sebasti\u00e0 Giralt Correu electr\u00f2nic (e-mail): sebastia.giralt@uab.cat Adre\u00e7a postal:Departament de Ci\u00e8ncies de l&#8217;Antiguitat i l&#8217;Edat Mitjana, Edifici B,Campus de la Universitat Aut\u00f2noma de Barcelona, 08193 Bellaterra (Cerdanyola del Vall\u00e8s).&nbsp; Despatx: B7\/126 Tel\u00e8fon: +34 93 586 83 99 Fax: +34 93 [&hellip;]<\/p>\n","protected":false},"author":20,"featured_media":0,"parent":0,"menu_order":0,"comment_status":"closed","ping_status":"closed","template":"","meta":{"footnotes":""},"class_list":["post-112","page","type-page","status-publish","hentry"],"_links":{"self":[{"href":"https:\/\/webs.uab.cat\/arnau\/wp-json\/wp\/v2\/pages\/112","targetHints":{"allow":["GET"]}}],"collection":[{"href":"https:\/\/webs.uab.cat\/arnau\/wp-json\/wp\/v2\/pages"}],"about":[{"href":"https:\/\/webs.uab.cat\/arnau\/wp-json\/wp\/v2\/types\/page"}],"author":[{"embeddable":true,"href":"https:\/\/webs.uab.cat\/arnau\/wp-json\/wp\/v2\/users\/20"}],"replies":[{"embeddable":true,"href":"https:\/\/webs.uab.cat\/arnau\/wp-json\/wp\/v2\/comments?post=112"}],"version-history":[{"count":2,"href":"https:\/\/webs.uab.cat\/arnau\/wp-json\/wp\/v2\/pages\/112\/revisions"}],"predecessor-version":[{"id":1600,"href":"https:\/\/webs.uab.cat\/arnau\/wp-json\/wp\/v2\/pages\/112\/revisions\/1600"}],"wp:attachment":[{"href":"https:\/\/webs.uab.cat\/arnau\/wp-json\/wp\/v2\/media?parent=112"}],"curies":[{"name":"wp","href":"https:\/\/api.w.org\/{rel}","templated":true}]}}