{"id":200,"date":"2013-11-26T18:29:39","date_gmt":"2013-11-26T18:29:39","guid":{"rendered":"https:\/\/webs.uab.cat\/arnau\/perdudes\/"},"modified":"2024-06-04T14:59:00","modified_gmt":"2024-06-04T14:59:00","slug":"perdudes","status":"publish","type":"page","link":"https:\/\/webs.uab.cat\/arnau\/perdudes\/","title":{"rendered":"Obres perdudes"},"content":{"rendered":"\n<ol class=\"wp-block-list\" start=\"66\">\n<li><em>De fine mundi&nbsp;<\/em>(&#8220;Sobre la fi del m\u00f3n&#8221;).&nbsp;Se&#8217;n conserva un fragment en catal\u00e0.<\/li>\n\n\n\n<li><em>Responsio contra Bernardum<\/em> <em>Sicardi<\/em> (&#8220;Resposta contra Bernat Sicart&#8221;).<\/li>\n\n\n\n<li><em>Confessio coram Episcopum Barchinonae <\/em>(&#8220;Confessi\u00f3 davant el bisbe de Barcelona&#8221;).<\/li>\n\n\n\n<li><em>Ad Iacobum II ante 1306 <\/em>(&#8220;A Jaume II, abans de 1306&#8221;).<\/li>\n\n\n\n<li><em>Ad Iacobum II ante nov. 1307 <\/em>(&#8220;A Jaume II, abans de novembre de 1307&#8221;).<\/li>\n\n\n\n<li><em>Ad Iacobum II ante jul. 1308<\/em> (&#8220;A Jaume II, abans de juliol de 1308).<\/li>\n\n\n\n<li><em>Ad Philippum Franciae de Templariis <\/em>(&#8220;A Felip de Fran\u00e7a, sobre els Templers&#8221;).<\/li>\n\n\n\n<li><em>Ad magistrum Iacobum Albi <\/em>(&#8220;A mestre Jacme Blanc&#8221;).<\/li>\n\n\n\n<li><em>Ad Raimundum Conesa 27 julii 1310 <\/em>(&#8220;A Raimon Conesa, 27 de juliol de 1310&#8221;).<\/li>\n\n\n\n<li><em>Codicillus testamento appositus <\/em>(&#8220;Codicil afegit al testament&#8221;, 1308).<\/li>\n\n\n\n<li><em>Lectio Cathaniae<\/em> (&#8220;Lli\u00e7\u00f3 de Cat\u00e0nia&#8221;).<\/li>\n\n\n\n<li><em>Lectio Almariae<\/em> (&#8220;Lli\u00e7\u00f3 d&#8217;Almeria&#8221;).<\/li>\n<\/ol>\n\n\n\n<figure class=\"wp-block-image size-full is-resized\"><img loading=\"lazy\" decoding=\"async\" width=\"103\" height=\"140\" src=\"https:\/\/webs.uab.cat\/arnau\/wp-content\/uploads\/sites\/132\/2016\/10\/arnau-av.jpg\" alt=\"\" class=\"wp-image-702\" style=\"aspect-ratio:0.7359050445103857;width:266px;height:auto\" \/><figcaption class=\"wp-element-caption\">Il\u00b7lustraci\u00f3:Suposat retrat d&#8217;Arnau de Vilanova<br>en el <em>Tratatus de virtutibus herbarum<\/em>, Vicenza, 1491<\/figcaption><\/figure>\n\n\n\n<p><span style=\"font-size: x-small\"><\/span><\/p>\n","protected":false},"excerpt":{"rendered":"","protected":false},"author":20,"featured_media":0,"parent":0,"menu_order":0,"comment_status":"closed","ping_status":"closed","template":"","meta":{"footnotes":""},"class_list":["post-200","page","type-page","status-publish","hentry"],"_links":{"self":[{"href":"https:\/\/webs.uab.cat\/arnau\/wp-json\/wp\/v2\/pages\/200","targetHints":{"allow":["GET"]}}],"collection":[{"href":"https:\/\/webs.uab.cat\/arnau\/wp-json\/wp\/v2\/pages"}],"about":[{"href":"https:\/\/webs.uab.cat\/arnau\/wp-json\/wp\/v2\/types\/page"}],"author":[{"embeddable":true,"href":"https:\/\/webs.uab.cat\/arnau\/wp-json\/wp\/v2\/users\/20"}],"replies":[{"embeddable":true,"href":"https:\/\/webs.uab.cat\/arnau\/wp-json\/wp\/v2\/comments?post=200"}],"version-history":[{"count":2,"href":"https:\/\/webs.uab.cat\/arnau\/wp-json\/wp\/v2\/pages\/200\/revisions"}],"predecessor-version":[{"id":1737,"href":"https:\/\/webs.uab.cat\/arnau\/wp-json\/wp\/v2\/pages\/200\/revisions\/1737"}],"wp:attachment":[{"href":"https:\/\/webs.uab.cat\/arnau\/wp-json\/wp\/v2\/media?parent=200"}],"curies":[{"name":"wp","href":"https:\/\/api.w.org\/{rel}","templated":true}]}}