{"id":202,"date":"2013-11-27T11:43:02","date_gmt":"2013-11-27T11:43:02","guid":{"rendered":"https:\/\/webs.uab.cat\/arnau\/mite\/"},"modified":"2024-06-10T12:54:03","modified_gmt":"2024-06-10T12:54:03","slug":"mite","status":"publish","type":"page","link":"https:\/\/webs.uab.cat\/arnau\/mite\/","title":{"rendered":"El mite d&#8217;Arnau de Vilanova"},"content":{"rendered":"\n<p>Un conjunt de factors diversos van contribuir a crear la llegenda d&#8217;un Arnau de Vilanova expert en arts ocultes. Hi va tenir un paper decisiu el profetisme apocal\u00edptic d&#8217;alguns dels seus escrits espirituals, i en general la seva heterod\u00f2xia religiosa, que li va portar conflictes amb la Inquisici\u00f3 en vida i la condemna p\u00f2stuma de la seva obra espiritual. Una altra causa va ser el seu inter\u00e8s per l&#8217;aplicaci\u00f3 m\u00e8dica de l&#8217;<a href=\"magia-astrologia\">astrologia i la m\u00e0gia natural<\/a>.<\/p>\n\n\n\n<p>El mite d&#8217;Arnau, com tots els mites, es va crear progressivament en un proc\u00e9s complex: es va iniciar al segle XIV i va arribar al seu zenit al segle XVI. Al llarg dels tres-cents anys en qu\u00e8 es va desenvolupar la llegenda arnaldiana se&#8217;n poden distingir tres tradicions b\u00e0siques lligades a les arts ocultes: la vinculada amb la nigrom\u00e0ncia, l&#8217;alqu\u00edmica i la derivada del profetisme escatol\u00f2gic. A m\u00e9s, tamb\u00e9 se&#8217;n transmet sovint la imatge d&#8217;un metge emp\u00edric, ben lluny del galenisme que va professar.<\/p>\n\n\n<figure class=\"wp-block-image size-full is-resized\"><img loading=\"lazy\" decoding=\"async\" width=\"304\" height=\"293\" class=\"wp-image-497\" style=\"width: 514px;height: 496px\" src=\"https:\/\/webs.uab.cat\/arnau\/wp-content\/uploads\/sites\/132\/2016\/10\/llull-arnau.jpg\" alt=\"\" srcset=\"https:\/\/webs.uab.cat\/arnau\/wp-content\/uploads\/sites\/132\/2016\/10\/llull-arnau.jpg 304w, https:\/\/webs.uab.cat\/arnau\/wp-content\/uploads\/sites\/132\/2016\/10\/llull-arnau-300x289.jpg 300w\" sizes=\"auto, (max-width: 304px) 100vw, 304px\" \/>\n<figcaption class=\"wp-element-caption\">Ramon Llull i Arnau de Vilanova, deixeble i mestre d&#8217;aqu\u00edmia segons la llegenda, en una miniatura d&#8217;un manuscrit alqu\u00edmic pseudolul\u00b7li\u00e0, segona meitat del s. XV, (Flor\u00e8ncia, BNC, ms. B.R. 52, f. 237v). Proced\u00e8ncia: <a href=\"http:\/\/www.sciencia.cat\/biblioteca\/edicions\/17alquimia.htm\" target=\"_blank\" rel=\"noreferrer noopener\">Sciencia.cat<\/a>.<\/figcaption>\n<\/figure>\n\n\n<h2 class=\"wp-block-heading\">Arnau nigromant<\/h2>\n\n\n\n<p>Entre les cal\u00famnies que circulaven sobre Arnau ja en vida seva, segons denuncia ell mateix en el <em>Raonament d&#8217;Aviny\u00f3<\/em> (1310) hi havia les de nigromant i fetiller. Per tant el mite com a mestre d&#8217;arts ocultes sembla tenir l&#8217;origen en la imatge d&#8217;Arnau que donaven els detractors coetanis de les seves opinions religioses. A aquesta fama hi degueren contribuir les sospites de la complicitat d&#8217;Arnau en el presumpte enverinament del Papa Benet XI per part del francisc\u00e0 Bernat Delici\u00f3s, reflectides en les actes del proc\u00e9s contra ell (1319). En realitat, totes aquestes sospites s\u00f3n infundades, at\u00e8s que la mort del pont\u00edfex, el 1304, va ser per mort natural.<\/p>\n\n\n\n<h2 class=\"wp-block-heading\">Arnau alquimista<\/h2>\n\n\n\n<p>La seva fama d&#8217;alquimista, per la qual va arribar a ser considerat un dels autors fonamentals de l&#8217;alqu\u00edmia medieval, amb un extens <a href=\"alquimia\">corpus alqu\u00edmic<\/a> atribu\u00eft, va ser molt preco\u00e7. Se&#8217;n poden destacar les fites seg\u00fcents:<\/p>\n\n\n\n<ul class=\"wp-block-list\">\n<li>A mitjan segle XIV el canonista Giovanni d&#8217;Andrea fa constar que Arnau havia aconseguit fabricar unes varetes d&#8217;or.<\/li>\n\n\n\n<li>A la fi del segle XIV mestre Arnau apareix com a prototipus d&#8217;alquimista en un dels <a href=\"http:\/\/en.wikisource.org\/wiki\/The_Canterbury_Tales\/The_Canon%27s_Yeoman%27s_Prologue_and_Tale\">Contes de Canterbury<\/a> de Chaucer.<\/li>\n\n\n\n<li>La llegenda diu tamb\u00e9 que <a href=\"http:\/\/quisestlullus.narpan.net\/2_pseudo.html\">Ramon Llull<\/a>, a qui tamb\u00e9 s&#8217;atribueix falsament un corpus alqu\u00edmic, hauria estat convertit a la veritat de l&#8217;alqu\u00edmia arran de la seva trobada amb Arnau.<\/li>\n\n\n\n<li>A m\u00e9s de la fabricaci\u00f3 d&#8217;or l&#8217;altra gran consecuci\u00f3 alqu\u00edmica llegend\u00e0ria d&#8217;Arnau hauria estat la creaci\u00f3 d&#8217;un home artificial o homuncle. El te\u00f2leg Alonso de Madrigal, el Tostado (1400\u20111455), narra l&#8217;episodi en el qual Arnau crea un \u00e9sser hum\u00e0 artificial en un vas per\u00f2 no va atrevir-se a portar la creaci\u00f3 fins al final per la por de ser vist com un usurpador del poder de D\u00e9u.<\/li>\n<\/ul>\n\n\n\n<h2 class=\"wp-block-heading\">Arnau profeta<\/h2>\n\n\n\n<p>Sens dubte la part de l\u2019aportaci\u00f3 espiritual d\u2019Arnau que va deixar una mem\u00f2ria m\u00e9s duradora van ser les seves <a href=\"http:\/\/grupsderecerca.uab.cat\/arnau\/profeta\">profecies apocal\u00edptiques<\/a>, per l\u2019esc\u00e0ndol que van representar i perqu\u00e8 eren f\u00e0cils de ridiculitzar, i en canvi es va oblidar el principal del seu missatge: la necessitat de reformar l\u2019Esgl\u00e9sia. Aquesta distorsi\u00f3 arriba al seu grau m\u00e0xim quan, entorn del 1500, Giovanni Pico della Mirandola i, amb ell, Symphorien Champier l&#8217;escarneixen per haver predit una arribada de l&#8217;Anticrist i una fi del m\u00f3n que no van arribar i atribueixen&nbsp; al profetisme arnaldi\u00e0 una base astrol\u00f2gica que no t\u00e9 cap fonament.<\/p>\n\n\n\n<h2 class=\"wp-block-heading\">Arnau mag<\/h2>\n\n\n\n<p>Totes tres tradicions van convergir al renaixement en una imatge d\u2019Arnau arquet\u00edpica del metge-mag que dominava una \u00e0mplia diversitat de sabers -medicina, teologia, filosofia, astrologia, m\u00e0gia i alqu\u00edmia- i de lleng\u00fces &#8211; llat\u00ed, grec, \u00e0rab i hebreu-, no tan sols perqu\u00e8 una figura aix\u00ed encaixava en l\u2019ideal neoplat\u00f2nic de savi complet, sin\u00f3 tamb\u00e9 perqu\u00e8 la major capacitat difusora de la impremta va facilitar l\u2019acc\u00e9s als textos que transmetien les diverses tradicions i al conjunt del corpus arnaldi\u00e0. En l&#8217;\u00e8poca moderna Arnau va esdevenir un personatge elogiat o denostat en les controv\u00e8rsies entre els partidaris i els cr\u00edtics de la m\u00e0gia, l\u2019astrologia, l\u2019alqu\u00edmia i el paracelsisme.<\/p>\n","protected":false},"excerpt":{"rendered":"<p>Un conjunt de factors diversos van contribuir a crear la llegenda d&#8217;un Arnau de Vilanova expert en arts ocultes. Hi va tenir un paper decisiu el profetisme apocal\u00edptic d&#8217;alguns dels seus escrits espirituals, i en general la seva heterod\u00f2xia religiosa, que li va portar conflictes amb la Inquisici\u00f3 en vida i la condemna p\u00f2stuma de [&hellip;]<\/p>\n","protected":false},"author":20,"featured_media":0,"parent":0,"menu_order":0,"comment_status":"closed","ping_status":"closed","template":"","meta":{"footnotes":""},"class_list":["post-202","page","type-page","status-publish","hentry"],"_links":{"self":[{"href":"https:\/\/webs.uab.cat\/arnau\/wp-json\/wp\/v2\/pages\/202","targetHints":{"allow":["GET"]}}],"collection":[{"href":"https:\/\/webs.uab.cat\/arnau\/wp-json\/wp\/v2\/pages"}],"about":[{"href":"https:\/\/webs.uab.cat\/arnau\/wp-json\/wp\/v2\/types\/page"}],"author":[{"embeddable":true,"href":"https:\/\/webs.uab.cat\/arnau\/wp-json\/wp\/v2\/users\/20"}],"replies":[{"embeddable":true,"href":"https:\/\/webs.uab.cat\/arnau\/wp-json\/wp\/v2\/comments?post=202"}],"version-history":[{"count":3,"href":"https:\/\/webs.uab.cat\/arnau\/wp-json\/wp\/v2\/pages\/202\/revisions"}],"predecessor-version":[{"id":1801,"href":"https:\/\/webs.uab.cat\/arnau\/wp-json\/wp\/v2\/pages\/202\/revisions\/1801"}],"wp:attachment":[{"href":"https:\/\/webs.uab.cat\/arnau\/wp-json\/wp\/v2\/media?parent=202"}],"curies":[{"name":"wp","href":"https:\/\/api.w.org\/{rel}","templated":true}]}}

<p>Un conjunt de factors diversos van contribuir a crear la llegenda d&#8217;un Arnau de Vilanova expert en arts ocultes. Hi va tenir un paper decisiu el profetisme apocalíptic d&#8217;alguns dels seus escrits espirituals, i en general la seva heterodòxia religiosa, que li va portar conflictes amb la Inquisició en vida i la condemna pòstuma de la seva obra espiritual. Una altra causa va ser el seu interès per l&#8217;aplicació mèdica de l&#8217;<a href="magia-astrologia">astrologia i la màgia natural</a>.</p>



<p>El mite d&#8217;Arnau, com tots els mites, es va crear progressivament en un procés complex: es va iniciar al segle XIV i va arribar al seu zenit al segle XVI. Al llarg dels tres-cents anys en què es va desenvolupar la llegenda arnaldiana se&#8217;n poden distingir tres tradicions bàsiques lligades a les arts ocultes: la vinculada amb la nigromància, l&#8217;alquímica i la derivada del profetisme escatològic. A més, també se&#8217;n transmet sovint la imatge d&#8217;un metge empíric, ben lluny del galenisme que va professar.</p>


<figure class="wp-block-image size-full is-resized"><img loading="lazy" decoding="async" width="304" height="293" class="wp-image-497" style="width: 514px;height: 496px" src="https://webs.uab.cat/arnau/wp-content/uploads/sites/132/2016/10/llull-arnau.jpg" alt="" srcset="https://webs.uab.cat/arnau/wp-content/uploads/sites/132/2016/10/llull-arnau.jpg 304w, https://webs.uab.cat/arnau/wp-content/uploads/sites/132/2016/10/llull-arnau-300x289.jpg 300w" sizes="auto, (max-width: 304px) 100vw, 304px" />
<figcaption class="wp-element-caption">Ramon Llull i Arnau de Vilanova, deixeble i mestre d&#8217;aquímia segons la llegenda, en una miniatura d&#8217;un manuscrit alquímic pseudolul·lià, segona meitat del s. XV, (Florència, BNC, ms. B.R. 52, f. 237v). Procedència: <a href="http://www.sciencia.cat/biblioteca/edicions/17alquimia.htm" target="_blank" rel="noreferrer noopener">Sciencia.cat</a>.</figcaption>
</figure>


<h2 class="wp-block-heading">Arnau nigromant</h2>



<p>Entre les calúmnies que circulaven sobre Arnau ja en vida seva, segons denuncia ell mateix en el <em>Raonament d&#8217;Avinyó</em> (1310) hi havia les de nigromant i fetiller. Per tant el mite com a mestre d&#8217;arts ocultes sembla tenir l&#8217;origen en la imatge d&#8217;Arnau que donaven els detractors coetanis de les seves opinions religioses. A aquesta fama hi degueren contribuir les sospites de la complicitat d&#8217;Arnau en el presumpte enverinament del Papa Benet XI per part del franciscà Bernat Deliciós, reflectides en les actes del procés contra ell (1319). En realitat, totes aquestes sospites són infundades, atès que la mort del pontífex, el 1304, va ser per mort natural.</p>



<h2 class="wp-block-heading">Arnau alquimista</h2>



<p>La seva fama d&#8217;alquimista, per la qual va arribar a ser considerat un dels autors fonamentals de l&#8217;alquímia medieval, amb un extens <a href="alquimia">corpus alquímic</a> atribuït, va ser molt precoç. Se&#8217;n poden destacar les fites següents:</p>



<ul class="wp-block-list">
<li>A mitjan segle XIV el canonista Giovanni d&#8217;Andrea fa constar que Arnau havia aconseguit fabricar unes varetes d&#8217;or.</li>



<li>A la fi del segle XIV mestre Arnau apareix com a prototipus d&#8217;alquimista en un dels <a href="http://en.wikisource.org/wiki/The_Canterbury_Tales/The_Canon%27s_Yeoman%27s_Prologue_and_Tale">Contes de Canterbury</a> de Chaucer.</li>



<li>La llegenda diu també que <a href="http://quisestlullus.narpan.net/2_pseudo.html">Ramon Llull</a>, a qui també s&#8217;atribueix falsament un corpus alquímic, hauria estat convertit a la veritat de l&#8217;alquímia arran de la seva trobada amb Arnau.</li>



<li>A més de la fabricació d&#8217;or l&#8217;altra gran consecució alquímica llegendària d&#8217;Arnau hauria estat la creació d&#8217;un home artificial o homuncle. El teòleg Alonso de Madrigal, el Tostado (1400‑1455), narra l&#8217;episodi en el qual Arnau crea un ésser humà artificial en un vas però no va atrevir-se a portar la creació fins al final per la por de ser vist com un usurpador del poder de Déu.</li>
</ul>



<h2 class="wp-block-heading">Arnau profeta</h2>



<p>Sens dubte la part de l’aportació espiritual d’Arnau que va deixar una memòria més duradora van ser les seves <a href="http://grupsderecerca.uab.cat/arnau/profeta">profecies apocalíptiques</a>, per l’escàndol que van representar i perquè eren fàcils de ridiculitzar, i en canvi es va oblidar el principal del seu missatge: la necessitat de reformar l’Església. Aquesta distorsió arriba al seu grau màxim quan, entorn del 1500, Giovanni Pico della Mirandola i, amb ell, Symphorien Champier l&#8217;escarneixen per haver predit una arribada de l&#8217;Anticrist i una fi del món que no van arribar i atribueixen&nbsp; al profetisme arnaldià una base astrològica que no té cap fonament.</p>



<h2 class="wp-block-heading">Arnau mag</h2>



<p>Totes tres tradicions van convergir al renaixement en una imatge d’Arnau arquetípica del metge-mag que dominava una àmplia diversitat de sabers -medicina, teologia, filosofia, astrologia, màgia i alquímia- i de llengües &#8211; llatí, grec, àrab i hebreu-, no tan sols perquè una figura així encaixava en l’ideal neoplatònic de savi complet, sinó també perquè la major capacitat difusora de la impremta va facilitar l’accés als textos que transmetien les diverses tradicions i al conjunt del corpus arnaldià. En l&#8217;època moderna Arnau va esdevenir un personatge elogiat o denostat en les controvèrsies entre els partidaris i els crítics de la màgia, l’astrologia, l’alquímia i el paracelsisme.</p>

<p>Un conjunt de factors diversos van contribuir a crear la llegenda d&#8217;un Arnau de Vilanova expert en arts ocultes. Hi va tenir un paper decisiu el profetisme apocalíptic d&#8217;alguns dels seus escrits espirituals, i en general la seva heterodòxia religiosa, que li va portar conflictes amb la Inquisició en vida i la condemna pòstuma de [&hellip;]</p>
