{"id":241,"date":"2014-07-09T14:03:00","date_gmt":"2014-07-09T14:03:00","guid":{"rendered":"https:\/\/webs.uab.cat\/arnau\/corpus-alquimic\/"},"modified":"2024-06-10T12:53:11","modified_gmt":"2024-06-10T12:53:11","slug":"corpus-alquimic","status":"publish","type":"page","link":"https:\/\/webs.uab.cat\/arnau\/corpus-alquimic\/","title":{"rendered":"El corpus alqu\u00edmic pseudoarnaldi\u00e0"},"content":{"rendered":"\n<p>Els escrits pertanyents al corpus alqu\u00edmic pseudoarnaldi\u00e0 transmesos per la tradici\u00f3 manuscrita s\u00f3n els seg\u00fcents (Calvet):<\/p>\n\n\n\n<ol class=\"wp-block-list\">\n<li><em>Cathena aurea<\/em> (&#8220;Cadena \u00e0uria&#8221;): despr\u00e9s de presentar-se com una revelaci\u00f3 espiritual deriva a un tractat alqu\u00edmic sobre la teoria del mercuri sol.<\/li>\n\n\n\n<li><em>De aqua vitae simplici et composita<\/em> (&#8220;Sobre l&#8217;alcohol simple i compost&#8221;) tracta de l&#8217;aplicaci\u00f3 m\u00e8dica de l&#8217;alcohol, amb recurs a l&#8217;astrologia.<\/li>\n\n\n\n<li><em>Defloratio philosophorum<\/em> (&#8220;Florilegi dels fil\u00f2sofs&#8221;), cont\u00e9 una visi\u00f3 que il\u00b7lustra les transformacions del mercuri i receptes alqu\u00edmiques diverses.<\/li>\n\n\n\n<li><em>De secretis naturae<\/em> (&#8220;Sobre els secrets de la natura&#8221;) = <em>De philosophorum lapide<\/em> (&#8220;La pedra filosofal&#8221;) \u00e9s un di\u00e0leg en qu\u00e8 un mestre exposa l&#8217;obra alqu\u00edmica en analogia amb la mort i resurrecci\u00f3 de Crist.<\/li>\n\n\n\n<li><em>De vita philosophorum<\/em> (&#8220;Sobre la vida dels fil\u00f2sofs&#8221;): s&#8217;hi tracta la revelaci\u00f3 de l&#8217;elixir com a remei universal de fabricaci\u00f3 alqu\u00edmica capa\u00e7 de restablir l&#8217;equilibri de la complexi\u00f3 humana.<\/li>\n\n\n\n<li><em>Elucidarium<\/em> (&#8220;Obra il\u00b7luminadora&#8221;): pret\u00e9n oferir una exposici\u00f3 clarificadora i abreujada de les operacions alqu\u00edmiques.<\/li>\n\n\n\n<li><em>Epistola ad Iacobum de Toleto de sanguine humano distillato<\/em> (&#8220;Ep\u00edstola a Jaume de Toledo sobre la destil\u00b7laci\u00f3 de la sang humana&#8221;): explica com destil\u00b7lar sang humana i la seva aplicaci\u00f3 terap\u00e8utica,<\/li>\n\n\n\n<li><em>Epistola super alchimia ad regem Neapolitanum<\/em> (&#8220;Ep\u00edstola sobre l&#8217;alqu\u00edmia al rei de N\u00e0pols&#8221;): exposici\u00f3 clara i sint\u00e8tica&nbsp; de&nbsp; l&#8217;art de la transmutaci\u00f3 alqu\u00edmica adre\u00e7ada al rei Robert de N\u00e0pols.<\/li>\n\n\n\n<li><em>Flos florum<\/em> (&#8220;Flor entre flors&#8221;) = <em>Perfectum magisterium<\/em> (&#8220;Magisteri perfecte&#8221;) \/ <em>Semita semitae<\/em> (&#8220;Cam\u00ed de camins&#8221;) \/ la part pr\u00e0ctica: <em>Practica ad quendam papam<\/em> (&#8220;Pr\u00e0ctica adre\u00e7ada a un papa&#8221;). Els diversos t\u00edtols reflecteixen diverses versions que van circular sobre la mateixa base textual.<\/li>\n\n\n\n<li><em>Novum lumen <\/em>(&#8220;Llum nova&#8221;) explica diverses fases de la transmutaci\u00f3 alqu\u00edmica per\u00f2 nom\u00e9s fins a arribar a una cendra que prefigura la pedra filosofal, per\u00f2 sense at\u00e8nyer-la.<\/li>\n\n\n\n<li><em>Novum testamentum <\/em>(&#8220;Nou testament&#8221;): tracta de la pedra filosofal i la transmutaci\u00f3 met\u00e0l\u00b7lica.<\/li>\n\n\n\n<li><em>Opus simplex<\/em> (&#8220;Obra simple&#8221;): pr\u00e0ctica alqu\u00edmica que recull nombroses receptes.<\/li>\n\n\n\n<li><em>Phoenix<\/em> (&#8220;F\u00e8nix&#8221;): es basa en l&#8217;afirmaci\u00f3 que el mercuri i el foc basten per produir plata i or. S&#8217;est\u00e9n sobre les qualitats medicinals de l&#8217;elixir.<\/li>\n\n\n\n<li><em>Quaestiones tam essentiales quam accidentales<\/em> (&#8220;Q\u00fcestions essencials i accidentals&#8221;): una quarantena de q\u00fcestions sobre aspectes diversos diversos relacionats amb l&#8217;alqu\u00edmia, com els metalls, els pigments, la destil\u00b7laci\u00f3&#8230;<\/li>\n\n\n\n<li><em>Rosa aurea <\/em>(&#8220;Rosa \u00e0uria&#8221;), una pr\u00e0ctica alqu\u00edmica.<\/li>\n\n\n\n<li><em>Rosa novella <\/em>(&#8220;Rosa novella&#8221;): resumeix els aspectes pr\u00e0ctics del <em>Rosarius philosophorum<\/em>.<\/li>\n\n\n\n<li><em>Rosarius philosophorum<\/em> (&#8220;Roser dels fil\u00f2sofs&#8221;): el principal text del corpus, orientat a la producci\u00f3 de l&#8217;elixir per mitj\u00e0 de la pedra filosofal. Es fonamenta en la idea que l&#8217;elixir nom\u00e9s es pot at\u00e8nyer imitant la natura, \u00e9s a dir, retornant a la subst\u00e0ncia de base dels metalls, el mercuri-sofre. N&#8217;es un dels aspectes m\u00e9s originals el doble vessant de l&#8217;elixir, v\u00e0lid tant per transmutar els metalls vils en nobles -or i plata purificats- com per aconseguir i mantenir la salut com una medecina universal.<\/li>\n\n\n\n<li><em>Speculum alchimiae <\/em>(&#8220;Espill de l&#8217;alqu\u00edmia&#8221;), di\u00e0leg d&#8217;un mestre amb un deixeble per exposar-li el proc\u00e9s de l&#8217;obra alqu\u00edmica.<\/li>\n\n\n\n<li><em>Testamentum<\/em> (&#8220;Testament&#8221;), brev\u00edssima pr\u00e0ctica alqu\u00edmica.<\/li>\n\n\n\n<li><em>Tractatus parabolicus <\/em>(&#8220;Tractat de par\u00e0boles&#8221;): constru\u00eft a partir de citacions b\u00edbliques, presenta la transformaci\u00f3 del mercuri en or o en plata aproximant-la a la mort i resurrecci\u00f3 de Crist, anunciades pels profetes de l&#8217;Antic Testament.<\/li>\n<\/ol>\n\n\n\n<p>Altres escrits atribu\u00efts a Arnau en la impremta moderna:<\/p>\n\n\n\n<ol class=\"wp-block-list\" start=\"21\">\n<li><em>Experimenta<\/em> (&#8220;Experiments&#8221;),<\/li>\n\n\n\n<li><em>In Commentarios Hortulani expositio<\/em> (&#8220;Exposici\u00f3 sobre els Comentaris d&#8217;Hortul\u00e0&#8221;),<\/li>\n\n\n\n<li><em>Opus de arte maiori<\/em> (&#8220;Obra d&#8217;art major&#8221;),<\/li>\n\n\n\n<li><em>Recepta electuarii mirabilis praeservantis ab epidemia<\/em> (&#8220;Recepta d&#8217;un electuari meravell\u00f3s que protegeix de l&#8217;epid\u00e8mia&#8221;)<em>,<\/em><\/li>\n\n\n\n<li><em>Succosa carmina <\/em>(&#8220;Poemes suculents&#8221;).<\/li>\n<\/ol>\n\n\n<figure class=\"wp-block-image size-large is-resized\"><img loading=\"lazy\" decoding=\"async\" width=\"770\" height=\"1024\" class=\"wp-image-1767\" style=\"width: 476px;height: 675px\" src=\"https:\/\/webs.uab.cat\/arnau\/wp-content\/uploads\/sites\/132\/2024\/06\/img-bn46492-1-770x1024.jpg\" alt=\"\" srcset=\"https:\/\/webs.uab.cat\/arnau\/wp-content\/uploads\/sites\/132\/2024\/06\/img-bn46492-1-770x1024.jpg 770w, https:\/\/webs.uab.cat\/arnau\/wp-content\/uploads\/sites\/132\/2024\/06\/img-bn46492-1-226x300.jpg 226w, https:\/\/webs.uab.cat\/arnau\/wp-content\/uploads\/sites\/132\/2024\/06\/img-bn46492-1-768x1022.jpg 768w, https:\/\/webs.uab.cat\/arnau\/wp-content\/uploads\/sites\/132\/2024\/06\/img-bn46492-1-1155x1536.jpg 1155w, https:\/\/webs.uab.cat\/arnau\/wp-content\/uploads\/sites\/132\/2024\/06\/img-bn46492-1-1540x2048.jpg 1540w, https:\/\/webs.uab.cat\/arnau\/wp-content\/uploads\/sites\/132\/2024\/06\/img-bn46492-1-1200x1596.jpg 1200w, https:\/\/webs.uab.cat\/arnau\/wp-content\/uploads\/sites\/132\/2024\/06\/img-bn46492-1.jpg 1708w\" sizes=\"auto, (max-width: 770px) 100vw, 770px\" \/>\n<figcaption class=\"wp-element-caption\"><em>De alchimia opuscula<\/em> (Frankfurt, 1550) \u00e9s un dels primers reculls alqu\u00edmics impresos que editen obres pseudoarnaldianes (Proced\u00e8ncia: <a href=\"https:\/\/commons.wikimedia.org\/wiki\/File:Title_page_De_Alchimia_opvscvla_complvra_vetervm_philosophorum_1550.jpg\" target=\"_blank\" rel=\"noreferrer noopener\">Wikimedia<\/a>).<\/figcaption>\n<\/figure>\n\n\n<p><\/p>\n","protected":false},"excerpt":{"rendered":"<p>Els escrits pertanyents al corpus alqu\u00edmic pseudoarnaldi\u00e0 transmesos per la tradici\u00f3 manuscrita s\u00f3n els seg\u00fcents (Calvet): Altres escrits atribu\u00efts a Arnau en la impremta moderna: De alchimia opuscula (Frankfurt, 1550) \u00e9s un dels primers reculls alqu\u00edmics impresos que editen obres pseudoarnaldianes (Proced\u00e8ncia: Wikimedia).<\/p>\n","protected":false},"author":20,"featured_media":0,"parent":0,"menu_order":0,"comment_status":"closed","ping_status":"closed","template":"","meta":{"footnotes":""},"class_list":["post-241","page","type-page","status-publish","hentry"],"_links":{"self":[{"href":"https:\/\/webs.uab.cat\/arnau\/wp-json\/wp\/v2\/pages\/241","targetHints":{"allow":["GET"]}}],"collection":[{"href":"https:\/\/webs.uab.cat\/arnau\/wp-json\/wp\/v2\/pages"}],"about":[{"href":"https:\/\/webs.uab.cat\/arnau\/wp-json\/wp\/v2\/types\/page"}],"author":[{"embeddable":true,"href":"https:\/\/webs.uab.cat\/arnau\/wp-json\/wp\/v2\/users\/20"}],"replies":[{"embeddable":true,"href":"https:\/\/webs.uab.cat\/arnau\/wp-json\/wp\/v2\/comments?post=241"}],"version-history":[{"count":4,"href":"https:\/\/webs.uab.cat\/arnau\/wp-json\/wp\/v2\/pages\/241\/revisions"}],"predecessor-version":[{"id":1800,"href":"https:\/\/webs.uab.cat\/arnau\/wp-json\/wp\/v2\/pages\/241\/revisions\/1800"}],"wp:attachment":[{"href":"https:\/\/webs.uab.cat\/arnau\/wp-json\/wp\/v2\/media?parent=241"}],"curies":[{"name":"wp","href":"https:\/\/api.w.org\/{rel}","templated":true}]}}