{"id":81,"date":"2013-11-08T01:29:09","date_gmt":"2013-11-08T01:29:09","guid":{"rendered":"https:\/\/webs.uab.cat\/arnau\/pervivencia\/"},"modified":"2024-06-04T15:48:11","modified_gmt":"2024-06-04T15:48:11","slug":"pervivencia","status":"publish","type":"page","link":"https:\/\/webs.uab.cat\/arnau\/pervivencia\/","title":{"rendered":"Arnau a trav\u00e9s dels segles"},"content":{"rendered":"\n<p>La figura i l&#8217;obra d&#8217;Arnau de Vilanova van perdurar en \u00e8poca medieval i moderna, tot i que molt sovint deformades per la llegenda que ben aviat va envoltar el seu nom i pels nombrosos ap\u00f2crifs que se li van atribuir al llarg dels segles. Com es va originar i desenvolupar el <a href=\"mite\">mite d&#8217;Arnau<\/a>? Per qu\u00e8 una autoritat medieval va tenir una difusi\u00f3 tan extensa en la <a href=\"impremta\">impremta d&#8217;\u00e8poca moderna<\/a>?<\/p>\n\n\n\n<div class=\"wp-block-columns is-layout-flex wp-container-core-columns-is-layout-9d6595d7 wp-block-columns-is-layout-flex\">\n<div class=\"wp-block-column is-layout-flow wp-block-column-is-layout-flow\">\n<figure class=\"wp-block-image size-full\"><img loading=\"lazy\" decoding=\"async\" width=\"426\" height=\"400\" src=\"https:\/\/webs.uab.cat\/arnau\/wp-content\/uploads\/sites\/132\/2016\/10\/AV.jpg\" alt=\"\" class=\"wp-image-677\" srcset=\"https:\/\/webs.uab.cat\/arnau\/wp-content\/uploads\/sites\/132\/2016\/10\/AV.jpg 426w, https:\/\/webs.uab.cat\/arnau\/wp-content\/uploads\/sites\/132\/2016\/10\/AV-300x282.jpg 300w\" sizes=\"auto, (max-width: 426px) 100vw, 426px\" \/><\/figure>\n<\/div>\n\n\n\n<div class=\"wp-block-column is-layout-flow wp-block-column-is-layout-flow\">\n<figure class=\"wp-block-image size-full\"><img loading=\"lazy\" decoding=\"async\" width=\"488\" height=\"640\" src=\"https:\/\/webs.uab.cat\/arnau\/wp-content\/uploads\/sites\/132\/2016\/10\/Arnaldus.jpg\" alt=\"\" class=\"wp-image-683\" srcset=\"https:\/\/webs.uab.cat\/arnau\/wp-content\/uploads\/sites\/132\/2016\/10\/Arnaldus.jpg 488w, https:\/\/webs.uab.cat\/arnau\/wp-content\/uploads\/sites\/132\/2016\/10\/Arnaldus-229x300.jpg 229w\" sizes=\"auto, (max-width: 488px) 100vw, 488px\" \/><\/figure>\n<\/div>\n<\/div>\n\n\n\n<p style=\"font-size:14px\">Il\u00b7lustracions: dues representacions d&#8217;Arnau de Vilanova, que mostren les dues tend\u00e8ncies fonamentals en la iconografia del mestre tant a l&#8217;edat mitjana com en \u00e8poca moderna: l&#8217;una com a professor universitari en la seva c\u00e0tedra dins <em>Le tr\u00e9sor des pauvres<\/em>, Lyon, Claude Nourry, 1527 (superior), l&#8217;altra amb una aparen\u00e7a m\u00e9s pr\u00f2pia d&#8217;un mag o un alquimista, dins Isaac Bullart, <em>Academie des sciences&nbsp; et des arts, contenant les vies, et les eloges historiques des hommes illustres<\/em>, Amsterdam, D. Elzevier,&nbsp; 1682, vol. II, 65.<\/p>\n\n\n\n<p><\/p>\n","protected":false},"excerpt":{"rendered":"<p>La figura i l&#8217;obra d&#8217;Arnau de Vilanova van perdurar en \u00e8poca medieval i moderna, tot i que molt sovint deformades per la llegenda que ben aviat va envoltar el seu nom i pels nombrosos ap\u00f2crifs que se li van atribuir al llarg dels segles. Com es va originar i desenvolupar el mite d&#8217;Arnau? Per qu\u00e8 [&hellip;]<\/p>\n","protected":false},"author":20,"featured_media":0,"parent":0,"menu_order":0,"comment_status":"closed","ping_status":"closed","template":"","meta":{"footnotes":""},"class_list":["post-81","page","type-page","status-publish","hentry"],"_links":{"self":[{"href":"https:\/\/webs.uab.cat\/arnau\/wp-json\/wp\/v2\/pages\/81","targetHints":{"allow":["GET"]}}],"collection":[{"href":"https:\/\/webs.uab.cat\/arnau\/wp-json\/wp\/v2\/pages"}],"about":[{"href":"https:\/\/webs.uab.cat\/arnau\/wp-json\/wp\/v2\/types\/page"}],"author":[{"embeddable":true,"href":"https:\/\/webs.uab.cat\/arnau\/wp-json\/wp\/v2\/users\/20"}],"replies":[{"embeddable":true,"href":"https:\/\/webs.uab.cat\/arnau\/wp-json\/wp\/v2\/comments?post=81"}],"version-history":[{"count":2,"href":"https:\/\/webs.uab.cat\/arnau\/wp-json\/wp\/v2\/pages\/81\/revisions"}],"predecessor-version":[{"id":1774,"href":"https:\/\/webs.uab.cat\/arnau\/wp-json\/wp\/v2\/pages\/81\/revisions\/1774"}],"wp:attachment":[{"href":"https:\/\/webs.uab.cat\/arnau\/wp-json\/wp\/v2\/media?parent=81"}],"curies":[{"name":"wp","href":"https:\/\/api.w.org\/{rel}","templated":true}]}}