{"id":82,"date":"2013-11-08T01:33:18","date_gmt":"2013-11-08T01:33:18","guid":{"rendered":"https:\/\/webs.uab.cat\/arnau\/medica\/"},"modified":"2024-05-21T18:12:14","modified_gmt":"2024-05-21T18:12:14","slug":"medica","status":"publish","type":"page","link":"https:\/\/webs.uab.cat\/arnau\/medica\/","title":{"rendered":"Obra m\u00e8dica"},"content":{"rendered":"\n<p>A m\u00e9s de les <a href=\"traduccions\">traduccions<\/a>, va conrear la gran majoria dels g\u00e8neres de la literatura m\u00e8dica, tant <a href=\"teorica\">te\u00f2rica<\/a> com <a href=\"practica\">pr\u00e0ctica<\/a>: el <a href=\"comentaris\">comentari<\/a> a les autoritats, el tractat te\u00f2ric, l<a href=\"aforismes\">\u2019aforisme<\/a>, la <em>summa<\/em> o compendi \u2013te\u00f2ric (<em>speculum<\/em>) i pr\u00e0ctic (<em>practica<\/em>)\u2013, el <em>consilium<\/em> o tractament espec\u00edfic adre\u00e7at a un pacient determinat, la monografia especialitzada en una malaltia, el regiment de sanitat i, potser, l\u2019<a href=\"dubtosa\">antidotari<\/a>. Per les refer\u00e8ncies internes o externes i algunes datacions expl\u00edcites s&#8217;ha intentat elaborar una cronologia aproximada dels escrits m\u00e8dics arnaldians, per\u00f2 \u00e9s m\u00e9s dif\u00edcil d\u2019establir que la dels religiosos, at\u00e8s que de la major part no consta l&#8217;any de composici\u00f3. Les refer\u00e8ncies internes tamb\u00e9 permeten saber el t\u00edtol de dues obres perdudes: <em>Epistola de elementis<\/em> i <em>De integritate medicine<\/em>, a m\u00e9s d&#8217;alguns <a href=\"comentaris\">comentaris<\/a>.&nbsp; D&#8217;altra banda, la gran fama d&#8217;Arnau com a metge va estimular que durant segles se li atribuissin moltes obres an\u00f2nimes o d&#8217;altres autors menys coneguts, no solament de medicina sin\u00f3 tamb\u00e9 d&#8217;altres sabers, com onirom\u00e0ncia, agronomia o <a href=\"alquimia\">alqu\u00edmia<\/a>. La recerca recent ha esporgat el corpus arnaldi\u00e0 de la majoria d&#8217;aquests <a href=\"apocrifs\">ap\u00f2crifs<\/a> per\u00f2 encara resten algunes obres l&#8217;autenticitat de les quals <a href=\"dubtoses\">continua en discussi\u00f3<\/a>.<\/p>\n\n\n\n<figure class=\"wp-block-image size-full is-resized\"><img loading=\"lazy\" decoding=\"async\" width=\"385\" height=\"629\" src=\"https:\/\/webs.uab.cat\/arnau\/wp-content\/uploads\/sites\/132\/2016\/10\/opera1585.jpg\" alt=\"\" class=\"wp-image-587\" style=\"aspect-ratio:0.6121372031662269;width:288px;height:auto\" srcset=\"https:\/\/webs.uab.cat\/arnau\/wp-content\/uploads\/sites\/132\/2016\/10\/opera1585.jpg 385w, https:\/\/webs.uab.cat\/arnau\/wp-content\/uploads\/sites\/132\/2016\/10\/opera1585-184x300.jpg 184w\" sizes=\"auto, (max-width: 385px) 100vw, 385px\" \/><figcaption class=\"wp-element-caption\">Il\u00b7lustraci\u00f3: Edici\u00f3 general de les obres m\u00e8diques i alqu\u00edmiques atribu\u00efdes a Arnau de Vilanova, Basilea, 1585 (Universitat de Barcelona).<\/figcaption><\/figure>\n\n\n\n<p><\/p>\n","protected":false},"excerpt":{"rendered":"<p>A m\u00e9s de les traduccions, va conrear la gran majoria dels g\u00e8neres de la literatura m\u00e8dica, tant te\u00f2rica com pr\u00e0ctica: el comentari a les autoritats, el tractat te\u00f2ric, l\u2019aforisme, la summa o compendi \u2013te\u00f2ric (speculum) i pr\u00e0ctic (practica)\u2013, el consilium o tractament espec\u00edfic adre\u00e7at a un pacient determinat, la monografia especialitzada en una malaltia, el [&hellip;]<\/p>\n","protected":false},"author":20,"featured_media":0,"parent":0,"menu_order":0,"comment_status":"closed","ping_status":"closed","template":"","meta":{"footnotes":""},"class_list":["post-82","page","type-page","status-publish","hentry"],"_links":{"self":[{"href":"https:\/\/webs.uab.cat\/arnau\/wp-json\/wp\/v2\/pages\/82","targetHints":{"allow":["GET"]}}],"collection":[{"href":"https:\/\/webs.uab.cat\/arnau\/wp-json\/wp\/v2\/pages"}],"about":[{"href":"https:\/\/webs.uab.cat\/arnau\/wp-json\/wp\/v2\/types\/page"}],"author":[{"embeddable":true,"href":"https:\/\/webs.uab.cat\/arnau\/wp-json\/wp\/v2\/users\/20"}],"replies":[{"embeddable":true,"href":"https:\/\/webs.uab.cat\/arnau\/wp-json\/wp\/v2\/comments?post=82"}],"version-history":[{"count":2,"href":"https:\/\/webs.uab.cat\/arnau\/wp-json\/wp\/v2\/pages\/82\/revisions"}],"predecessor-version":[{"id":1703,"href":"https:\/\/webs.uab.cat\/arnau\/wp-json\/wp\/v2\/pages\/82\/revisions\/1703"}],"wp:attachment":[{"href":"https:\/\/webs.uab.cat\/arnau\/wp-json\/wp\/v2\/media?parent=82"}],"curies":[{"name":"wp","href":"https:\/\/api.w.org\/{rel}","templated":true}]}}