{"id":84,"date":"2013-11-10T07:59:12","date_gmt":"2013-11-10T07:59:12","guid":{"rendered":"https:\/\/webs.uab.cat\/arnau\/catalana\/"},"modified":"2024-06-04T14:51:56","modified_gmt":"2024-06-04T14:51:56","slug":"catalana","status":"publish","type":"page","link":"https:\/\/webs.uab.cat\/arnau\/catalana\/","title":{"rendered":"Obres, documents i ep\u00edstoles en catal\u00e0"},"content":{"rendered":"\n<ol class=\"wp-block-list\" start=\"41\">\n<li><em>Protesta al just\u00edcia de Val\u00e8ncia<\/em> (Val\u00e8ncia, 20 d&#8217;abril de 1300): document relacionat amb un plet contra Berenguer Mercer.<\/li>\n\n\n\n<li><em>Confessi\u00f3 de Barcelona <\/em>(Barcelona, 11 de juliol de 1305): confessi\u00f3 de les tesis prof\u00e8tico-apocal\u00edptiques, en sentit ampli, llegida al Palau reial davant el rei Jaume II i una distingida assemblea. En base als textos b\u00edblics (Daniel XII, 11, Actes I, 7) i a revelacions especials (Insurgent gentes, Ciril\u2026), Arnau de Vilanova argumenta que \u00e9s possible, \u00fatil i necessari con\u00e8ixer els temps de l&#8217;arribada (imminent) de l&#8217;Anticrist. La part dedicada als falsos religiosos \u00e9s una traducci\u00f3 de la <em>Confessio Ilerdensis<\/em>.<\/li>\n\n\n\n<li><em>Lli\u00e7\u00f3 de Narbona<\/em> (entre l&#8217;estiu de 1305 i finals de 1308; potser entre l&#8217;1 de maig i el 27 d&#8217;octubre de 1308): llegida a Narbona, Arnau de Vilanova hi exposa un programa espiritual per als beguins. Contraposa el cristianisme superficial i de conveni\u00e8ncia del seu temps a la fermesa i convicci\u00f3 dels beguins, que porten gravat en el seu cor el fonament de la fe: l&#8217;obra i la doctrina de Jesucrist.<\/li>\n\n\n\n<li><em>A la reina Blanca d&#8217;Anjou<\/em> (Aviny\u00f3, estiu de 1309): Arnau informa la reina Blanca d&#8217;algunes gestions realitzades.<\/li>\n\n\n\n<li><em>Raonament d&#8217;Aviny\u00f3<\/em> (Almeria, gener de 1310): Arnau d\u00f3na ra\u00f3 davant el rei Jaume de les peticions que f\u00e9u a Aviny\u00f3 davant papa i cardenals relacionades amb els plans de reforma. En el <em>Raonament<\/em> Arnau de Vilanova exposa que, com a \u00abanafil\u00bb de Jesucrist ha anunciat que el m\u00f3n s&#8217;acabar\u00e0 en el segle XIV, que el poble cristi\u00e0 \u00e9s de fet el m\u00e9s falsari; i que la causa n&#8217;\u00e9s el mal exemple que donen els prelats, els pr\u00ednceps i els religiosos en general. Com a correu de Jaume II i Frederic de Sic\u00edlia, Arnau exposa que D\u00e9u els ha inspirat a encap\u00e7alar un pla per promoure la veritat del cristianisme i que ja han comen\u00e7ar a portar-lo a terme.<\/li>\n\n\n\n<li><em>Alia informatio beguinorum <\/em>(despr\u00e9s de la primavera de 1310): \u00e9s una defensa i justificaci\u00f3 de les opcions de vida dels beguins davant una possible (o real) enquesta inquisitorial: la mendicitat, la pobresa radical, la ren\u00fancia a la propietat, l&#8217;amor a D\u00e9u i el menyspreu del m\u00f3n, la marginaci\u00f3 social, el rebuig de la ci\u00e8ncia humana.<\/li>\n\n\n\n<li><em>Al rei Jaume II<\/em> (Marsella, 17 de juny de 1310): Arnau informa el rei Jaume II sobre les gestions que ha portat a terme.<\/li>\n\n\n\n<li><em>Informaci\u00f3 espiritual<\/em> (probablement, Messina, l&#8217;estiu de 1310): Arnau informa el rei Frederic III de Sic\u00edlia de les coses que ha de fer en tant que rei i en tant que rei cristi\u00e0. Com a rei cristi\u00e0, Frederic ha de promoure la veritat de cristianisme. Si el rei porta a terme aquestes propostes se&#8217;n derivaran molts b\u00e9ns. De fet les <em>Constituciones Regni Trinacriae <\/em>(n\u00fam. 38) s&#8217;inspiraren en alguns consells arnaldians de la<em> Informaci\u00f3 espiritual<\/em>.<\/li>\n<\/ol>\n\n\n\n<figure class=\"wp-block-image size-full is-resized\"><img loading=\"lazy\" decoding=\"async\" width=\"550\" height=\"359\" src=\"https:\/\/webs.uab.cat\/arnau\/wp-content\/uploads\/sites\/132\/2016\/10\/geschi-beginen-gr.jpg\" alt=\"\" class=\"wp-image-557\" style=\"width:695px;height:454px\" srcset=\"https:\/\/webs.uab.cat\/arnau\/wp-content\/uploads\/sites\/132\/2016\/10\/geschi-beginen-gr.jpg 550w, https:\/\/webs.uab.cat\/arnau\/wp-content\/uploads\/sites\/132\/2016\/10\/geschi-beginen-gr-300x196.jpg 300w\" sizes=\"auto, (max-width: 550px) 100vw, 550px\" \/><figcaption class=\"wp-element-caption\">Il\u00b7lustraci\u00f3: Comunitat de beguines de Gant. Proced\u00e8ncia: <a rel=\"noreferrer noopener\" href=\"http:\/\/www.cellitinnen-osa.de\" target=\"_blank\">Genossenschaft der Cellitinnen<\/a>.<\/figcaption><\/figure>\n\n\n\n<p><\/p>\n","protected":false},"excerpt":{"rendered":"","protected":false},"author":20,"featured_media":0,"parent":0,"menu_order":0,"comment_status":"closed","ping_status":"closed","template":"","meta":{"footnotes":""},"class_list":["post-84","page","type-page","status-publish","hentry"],"_links":{"self":[{"href":"https:\/\/webs.uab.cat\/arnau\/wp-json\/wp\/v2\/pages\/84","targetHints":{"allow":["GET"]}}],"collection":[{"href":"https:\/\/webs.uab.cat\/arnau\/wp-json\/wp\/v2\/pages"}],"about":[{"href":"https:\/\/webs.uab.cat\/arnau\/wp-json\/wp\/v2\/types\/page"}],"author":[{"embeddable":true,"href":"https:\/\/webs.uab.cat\/arnau\/wp-json\/wp\/v2\/users\/20"}],"replies":[{"embeddable":true,"href":"https:\/\/webs.uab.cat\/arnau\/wp-json\/wp\/v2\/comments?post=84"}],"version-history":[{"count":2,"href":"https:\/\/webs.uab.cat\/arnau\/wp-json\/wp\/v2\/pages\/84\/revisions"}],"predecessor-version":[{"id":1734,"href":"https:\/\/webs.uab.cat\/arnau\/wp-json\/wp\/v2\/pages\/84\/revisions\/1734"}],"wp:attachment":[{"href":"https:\/\/webs.uab.cat\/arnau\/wp-json\/wp\/v2\/media?parent=84"}],"curies":[{"name":"wp","href":"https:\/\/api.w.org\/{rel}","templated":true}]}}

Obres, documents i epístoles en català

<ol class="wp-block-list" start="41">
<li><em>Protesta al justícia de València</em> (València, 20 d&#8217;abril de 1300): document relacionat amb un plet contra Berenguer Mercer.</li>



<li><em>Confessió de Barcelona </em>(Barcelona, 11 de juliol de 1305): confessió de les tesis profètico-apocalíptiques, en sentit ampli, llegida al Palau reial davant el rei Jaume II i una distingida assemblea. En base als textos bíblics (Daniel XII, 11, Actes I, 7) i a revelacions especials (Insurgent gentes, Ciril…), Arnau de Vilanova argumenta que és possible, útil i necessari conèixer els temps de l&#8217;arribada (imminent) de l&#8217;Anticrist. La part dedicada als falsos religiosos és una traducció de la <em>Confessio Ilerdensis</em>.</li>



<li><em>Lliçó de Narbona</em> (entre l&#8217;estiu de 1305 i finals de 1308; potser entre l&#8217;1 de maig i el 27 d&#8217;octubre de 1308): llegida a Narbona, Arnau de Vilanova hi exposa un programa espiritual per als beguins. Contraposa el cristianisme superficial i de conveniència del seu temps a la fermesa i convicció dels beguins, que porten gravat en el seu cor el fonament de la fe: l&#8217;obra i la doctrina de Jesucrist.</li>



<li><em>A la reina Blanca d&#8217;Anjou</em> (Avinyó, estiu de 1309): Arnau informa la reina Blanca d&#8217;algunes gestions realitzades.</li>



<li><em>Raonament d&#8217;Avinyó</em> (Almeria, gener de 1310): Arnau dóna raó davant el rei Jaume de les peticions que féu a Avinyó davant papa i cardenals relacionades amb els plans de reforma. En el <em>Raonament</em> Arnau de Vilanova exposa que, com a «anafil» de Jesucrist ha anunciat que el món s&#8217;acabarà en el segle XIV, que el poble cristià és de fet el més falsari; i que la causa n&#8217;és el mal exemple que donen els prelats, els prínceps i els religiosos en general. Com a correu de Jaume II i Frederic de Sicília, Arnau exposa que Déu els ha inspirat a encapçalar un pla per promoure la veritat del cristianisme i que ja han començar a portar-lo a terme.</li>



<li><em>Alia informatio beguinorum </em>(després de la primavera de 1310): és una defensa i justificació de les opcions de vida dels beguins davant una possible (o real) enquesta inquisitorial: la mendicitat, la pobresa radical, la renúncia a la propietat, l&#8217;amor a Déu i el menyspreu del món, la marginació social, el rebuig de la ciència humana.</li>



<li><em>Al rei Jaume II</em> (Marsella, 17 de juny de 1310): Arnau informa el rei Jaume II sobre les gestions que ha portat a terme.</li>



<li><em>Informació espiritual</em> (probablement, Messina, l&#8217;estiu de 1310): Arnau informa el rei Frederic III de Sicília de les coses que ha de fer en tant que rei i en tant que rei cristià. Com a rei cristià, Frederic ha de promoure la veritat de cristianisme. Si el rei porta a terme aquestes propostes se&#8217;n derivaran molts béns. De fet les <em>Constituciones Regni Trinacriae </em>(núm. 38) s&#8217;inspiraren en alguns consells arnaldians de la<em> Informació espiritual</em>.</li>
</ol>



<figure class="wp-block-image size-full is-resized"><img loading="lazy" decoding="async" width="550" height="359" src="https://webs.uab.cat/arnau/wp-content/uploads/sites/132/2016/10/geschi-beginen-gr.jpg" alt="" class="wp-image-557" style="width:695px;height:454px" srcset="https://webs.uab.cat/arnau/wp-content/uploads/sites/132/2016/10/geschi-beginen-gr.jpg 550w, https://webs.uab.cat/arnau/wp-content/uploads/sites/132/2016/10/geschi-beginen-gr-300x196.jpg 300w" sizes="auto, (max-width: 550px) 100vw, 550px" /><figcaption class="wp-element-caption">Il·lustració: Comunitat de beguines de Gant. Procedència: <a rel="noreferrer noopener" href="http://www.cellitinnen-osa.de" target="_blank">Genossenschaft der Cellitinnen</a>.</figcaption></figure>



<p></p>
