{"id":85,"date":"2013-11-10T21:54:16","date_gmt":"2013-11-10T21:54:16","guid":{"rendered":"https:\/\/webs.uab.cat\/arnau\/origens\/"},"modified":"2023-12-30T00:33:46","modified_gmt":"2023-12-30T00:33:46","slug":"origens","status":"publish","type":"page","link":"https:\/\/webs.uab.cat\/arnau\/origens\/","title":{"rendered":"Els or\u00edgens, de la foscor a la pol\u00e8mica"},"content":{"rendered":"\n<p>Arnau de Vilanova va n\u00e9ixer cap al 1240. El seu lloc de naixement ha estat objecte de discussi\u00f3 ja des de l&#8217;edat mitjana: Val\u00e8ncia, Catalunya, el Llenguadoc i la Proven\u00e7a l&#8217;han reclamat com a fill durant segles. Actualment no hi ha cap dubte que era originari d&#8217;algun dels regnes de la corona d&#8217;Arag\u00f3, at\u00e8s que els testimonis contemporanis li donen l&#8217;apel\u00b7latiu de \u201ccatal\u00e0\u201d. La documentaci\u00f3 conservada mostra estrets lligams d&#8217;Arnau amb la ciutat Val\u00e8ncia, i, per tant, aquest \u00e9s el seu lloc d&#8217;origen m\u00e9s probable, si b\u00e9 una font posterior el fa nascut a Villanueva de Jiloca, al regne d&#8217;Arag\u00f3.<\/p>\n\n\n\n<p>Dels primers anys de la seva vida no sabem gran cosa. Pel que ell mateix explica, sembla que va estudiar les primeres lletres en un convent dels dominics. Va ser adm\u00e8s a l&#8217;estat clerical (ordes menors) en la di\u00f2cesi de Val\u00e8ncia, segons demostra que el papa Climent V l&#8217;anomen\u00e9s &#8220;clergue de la di\u00f2cesi de Val\u00e8ncia&#8221;. \u00c9s probable que dels \u00e0rabs que restaven al regne aprengu\u00e9s la seva llengua. A partir de 1260 va estudiar medicina a Montpeller fins a obtenir el t\u00edtol de <em>magister<\/em>. Va aprofitar l&#8217;estada a Montpeller per cursar un semestre de teologia al convent dels dominics d&#8217;aquella ciutat. A Montpeller va con\u00e8ixer la seva muller, Agn\u00e8s Blasi, amb la qual tindria una filla, Maria.<\/p>\n\n\n\n<p><\/p>\n\n\n\n<figure class=\"wp-block-image size-full\"><img loading=\"lazy\" decoding=\"async\" width=\"596\" height=\"324\" src=\"https:\/\/webs.uab.cat\/arnau\/wp-content\/uploads\/sites\/132\/2016\/10\/valencia.jpg\" alt=\"\" class=\"wp-image-623\" srcset=\"https:\/\/webs.uab.cat\/arnau\/wp-content\/uploads\/sites\/132\/2016\/10\/valencia.jpg 596w, https:\/\/webs.uab.cat\/arnau\/wp-content\/uploads\/sites\/132\/2016\/10\/valencia-300x163.jpg 300w\" sizes=\"auto, (max-width: 596px) 100vw, 596px\" \/><figcaption class=\"wp-element-caption\">Il\u00b7lustraci\u00f3: entrada de Jaume I a Val\u00e8ncia despr\u00e9s de la conquesta, pintura mural del castell d\u2019Alcany\u00eds. Arnau degu\u00e9 cr\u00e9ixer a la Val\u00e8ncia recentment presa als \u00e0rabs. Proced\u00e8ncia: <a rel=\"noreferrer noopener\" href=\"http:\/\/harcajmv.blogspot.com.es\/2012\/07\/els-codis-juridics-de-la-corona-darago.html\" target=\"_blank\">Harca.org<\/a>.<\/figcaption><\/figure>\n","protected":false},"excerpt":{"rendered":"<p>Arnau de Vilanova va n\u00e9ixer cap al 1240. El seu lloc de naixement ha estat objecte de discussi\u00f3 ja des de l&#8217;edat mitjana: Val\u00e8ncia, Catalunya, el Llenguadoc i la Proven\u00e7a l&#8217;han reclamat com a fill durant segles. Actualment no hi ha cap dubte que era originari d&#8217;algun dels regnes de la corona d&#8217;Arag\u00f3, at\u00e8s que [&hellip;]<\/p>\n","protected":false},"author":20,"featured_media":0,"parent":0,"menu_order":0,"comment_status":"closed","ping_status":"closed","template":"","meta":{"footnotes":""},"class_list":["post-85","page","type-page","status-publish","hentry"],"_links":{"self":[{"href":"https:\/\/webs.uab.cat\/arnau\/wp-json\/wp\/v2\/pages\/85","targetHints":{"allow":["GET"]}}],"collection":[{"href":"https:\/\/webs.uab.cat\/arnau\/wp-json\/wp\/v2\/pages"}],"about":[{"href":"https:\/\/webs.uab.cat\/arnau\/wp-json\/wp\/v2\/types\/page"}],"author":[{"embeddable":true,"href":"https:\/\/webs.uab.cat\/arnau\/wp-json\/wp\/v2\/users\/20"}],"replies":[{"embeddable":true,"href":"https:\/\/webs.uab.cat\/arnau\/wp-json\/wp\/v2\/comments?post=85"}],"version-history":[{"count":2,"href":"https:\/\/webs.uab.cat\/arnau\/wp-json\/wp\/v2\/pages\/85\/revisions"}],"predecessor-version":[{"id":1615,"href":"https:\/\/webs.uab.cat\/arnau\/wp-json\/wp\/v2\/pages\/85\/revisions\/1615"}],"wp:attachment":[{"href":"https:\/\/webs.uab.cat\/arnau\/wp-json\/wp\/v2\/media?parent=85"}],"curies":[{"name":"wp","href":"https:\/\/api.w.org\/{rel}","templated":true}]}}