{"id":87,"date":"2013-11-10T22:06:52","date_gmt":"2013-11-10T22:06:52","guid":{"rendered":"https:\/\/webs.uab.cat\/arnau\/reforma\/"},"modified":"2024-01-09T00:10:43","modified_gmt":"2024-01-09T00:10:43","slug":"reforma","status":"publish","type":"page","link":"https:\/\/webs.uab.cat\/arnau\/reforma\/","title":{"rendered":"La lluita per la reforma de la Cristiandat"},"content":{"rendered":"\n<p>Els darrers anys (1305-1311) de la vida d&#8217;Arnau de Vilanova s\u00f3n moguts, de viatges constants. Tan aviat \u00e9s a Barcelona, com a Aviny\u00f3, Sic\u00edlia, N\u00e0pols o Almeria. Encara t\u00e9 temps per atendre pacients com els reis catalans, Climent V o el rei Carles de N\u00e0pols i per dedicar-se a escriure obres m\u00e8diques, incloses algunes de les m\u00e9s destacades com el <em>Regimen sanitatis ad regem Aragonum<\/em>, per a la preservaci\u00f3 de la salut del rei Jaume o el <em>Speculum medicinae<\/em>, una ambiciosa s\u00edntesi te\u00f2rica. Les seves activitats diplom\u00e0tiques, de representaci\u00f3 entre els reis Jaume d&#8217;Arag\u00f3, Frederic de Sic\u00edlia i el Papa el porten a un primer pla pol\u00edtic. Concep un pla de reforma de la Cristiandat que han de liderar els esmentats reis amb l&#8217;ajuda de la Santa seu. Frederic de Sic\u00edlia s&#8217;hi entusiasma, per\u00f2 les m\u00e0ximes autoritats eclesi\u00e0stiques se&#8217;l miren amb recel i Jaume II no ho veu clar. Al capdavall, arran de l&#8217;exposici\u00f3 que Arnau n&#8217;havia fet a Aviny\u00f3 davant el Papa i els cardenals, Jaume li demana explicacions. Mestre Arnau es presenta a Almeria, ciutat que el rei amb les seves tropes estaven sotmetent a setge, per donar-les-hi, per\u00f2 el rei desconfia de l&#8217;actitud d&#8217;Arnau de Vilanova i li retira l&#8217;amistat. D&#8217;aquest per\u00edode s\u00f3n les seves millors obres espirituals: n&#8217;hi ha de consell a beguins, a Frederic de Sic\u00edlia i sobre els temes m\u00e9s diversos. Frederic decideix aplicar els plans reformistes d&#8217;Arnau de Vilanova a Sic\u00edlia i transforma algunes recomanacions de la <em>Informaci\u00f3 espiritual<\/em> en articles de les Constitucions del seu regne. Arnau fica cullerada en grans q\u00fcestions del moment, com per exemple en l&#8217;afer dels templers o en la controv\u00e8rsia entorn dels franciscans espirituals, i fins i tot en el context dels seus plans de reforma prova de demanar el t\u00edtol de rei de Jerusalem, el titular del qual era el rei de N\u00e0pols, per a Frederic de Sic\u00edlia.<\/p>\n\n\n\n<p>Arnau de Vilanova va morir a comen\u00e7aments de setembre del 1311 durant el transcurs d&#8217;un viatge mar\u00edtim, prop de la costa de G\u00e8nova. L&#8217;any 1305 havia fet testament, completat amb un codicil del 1308. No se sap exactament on fou enterrat, per\u00f2 en el seu testament havia previst que fos enterrat en la parr\u00f2quia del lloc on mor\u00eds.<\/p>\n\n\n\n<p>El dia 8 de novembre del 1316, Jofre de Cru\u00eflles, prep\u00f2sit de l&#8217;arquebisbat de Tarragona en seu vacant, i Joan de Llotger, publiquen solemnement una sent\u00e8ncia que condemna diverses tesis teol\u00f2giques extretes de diverses obres i prohibeix la tinen\u00e7a i la lectura d&#8217;obres arnaldianes.<\/p>\n\n\n\n<figure class=\"wp-block-image size-full\"><img loading=\"lazy\" decoding=\"async\" width=\"372\" height=\"351\" src=\"https:\/\/webs.uab.cat\/arnau\/wp-content\/uploads\/sites\/132\/2016\/10\/Jaume_II.jpg\" alt=\"\" class=\"wp-image-689\" srcset=\"https:\/\/webs.uab.cat\/arnau\/wp-content\/uploads\/sites\/132\/2016\/10\/Jaume_II.jpg 372w, https:\/\/webs.uab.cat\/arnau\/wp-content\/uploads\/sites\/132\/2016\/10\/Jaume_II-300x283.jpg 300w\" sizes=\"auto, (max-width: 372px) 100vw, 372px\" \/><figcaption class=\"wp-element-caption\">Il\u00b7lustraci\u00f3: Jaume II, presidint les Corts de Barcelona, el Llibre Verd de Barcelona (Proced\u00e8ncia: <a href=\"http:\/\/commons.wikimedia.org\/wiki\/File:Jaume_II.jpg\">Wikimedia<\/a>). L&#8217;estreta i llarga relaci\u00f3 com a metge, diplom\u00e0tic i assessor d&#8217;Arnau de Vilanova amb Jaume II es va trencar al final de la seva vida.<\/figcaption><\/figure>\n\n\n\n<p><\/p>\n","protected":false},"excerpt":{"rendered":"<p>Els darrers anys (1305-1311) de la vida d&#8217;Arnau de Vilanova s\u00f3n moguts, de viatges constants. Tan aviat \u00e9s a Barcelona, com a Aviny\u00f3, Sic\u00edlia, N\u00e0pols o Almeria. Encara t\u00e9 temps per atendre pacients com els reis catalans, Climent V o el rei Carles de N\u00e0pols i per dedicar-se a escriure obres m\u00e8diques, incloses algunes de [&hellip;]<\/p>\n","protected":false},"author":20,"featured_media":0,"parent":0,"menu_order":0,"comment_status":"closed","ping_status":"closed","template":"","meta":{"footnotes":""},"class_list":["post-87","page","type-page","status-publish","hentry"],"_links":{"self":[{"href":"https:\/\/webs.uab.cat\/arnau\/wp-json\/wp\/v2\/pages\/87","targetHints":{"allow":["GET"]}}],"collection":[{"href":"https:\/\/webs.uab.cat\/arnau\/wp-json\/wp\/v2\/pages"}],"about":[{"href":"https:\/\/webs.uab.cat\/arnau\/wp-json\/wp\/v2\/types\/page"}],"author":[{"embeddable":true,"href":"https:\/\/webs.uab.cat\/arnau\/wp-json\/wp\/v2\/users\/20"}],"replies":[{"embeddable":true,"href":"https:\/\/webs.uab.cat\/arnau\/wp-json\/wp\/v2\/comments?post=87"}],"version-history":[{"count":2,"href":"https:\/\/webs.uab.cat\/arnau\/wp-json\/wp\/v2\/pages\/87\/revisions"}],"predecessor-version":[{"id":1633,"href":"https:\/\/webs.uab.cat\/arnau\/wp-json\/wp\/v2\/pages\/87\/revisions\/1633"}],"wp:attachment":[{"href":"https:\/\/webs.uab.cat\/arnau\/wp-json\/wp\/v2\/media?parent=87"}],"curies":[{"name":"wp","href":"https:\/\/api.w.org\/{rel}","templated":true}]}}