{"id":89,"date":"2013-11-11T23:14:18","date_gmt":"2013-11-11T23:14:18","guid":{"rendered":"https:\/\/webs.uab.cat\/arnau\/comentaris\/"},"modified":"2024-06-10T12:32:59","modified_gmt":"2024-06-10T12:32:59","slug":"comentaris","status":"publish","type":"page","link":"https:\/\/webs.uab.cat\/arnau\/comentaris\/","title":{"rendered":"Comentaris"},"content":{"rendered":"\n<p>Els comentaris d&#8217;Arnau provenen de la seva doc\u00e8ncia a Montpeller, at\u00e8s que els cursos medievals consistien a llegir i comentar l&#8217;obra d&#8217;una autoritat (<em>lectio<\/em>), a partir de la qual el professor plantejava i responia q\u00fcestions (<em>quaestiones<\/em>). Els seus comentaris demostren que es va centrar en textos tradicionals de l&#8217;educaci\u00f3 m\u00e8dica (Hip\u00f2crates) per\u00f2 tamb\u00e9 en va introduir d&#8217;innovadors. En efecte, De Gal\u00e8 tamb\u00e9 comen\u00e7a comentant obres ben conegudes a l\u2019Europa llatina: el <em>Tegni<\/em> i el comentari a l\u2019hipocr\u00e0tic <em>Regimen acutorum morborum<\/em>, avui perduts, per\u00f2 m\u00e9s endavant la seva atenci\u00f3 es dirigeix sobretot a obres essencials del nou Gal\u00e8, com el <em>De ingenio sanitatis<\/em>, el <em>De morbo et accidenti<\/em> i el <em>De malicia complexionis diverse<\/em>. De tots tres l\u2019\u00fanic que es pot afirmar amb certesa que s\u2019ha conservat \u00e9s l&#8217;\u00faltim. Devem la conservaci\u00f3 d&#8217;alguns dels seus comentaris a copistes, probablement estudiants, que els van transcriure i fer circular, ja que Arnau es va mostrar reticent a fer-los p\u00fablics.<\/p>\n\n\n\n<ol class=\"wp-block-list\" start=\"6\">\n<li><em>Repetitio super Vita brevis<\/em> (1301): el primer aforisme d&#8217;Hip\u00f2crates, que comen\u00e7a <em>Ars longa,<\/em> <em>vita brevis <\/em><em>(L&#8217;art \u00e9s llarg, la vida breu)<\/em>, tan sols \u00e9s de punt de parten\u00e7a a una exposici\u00f3 personal per defensar que l\u2019experi\u00e8ncia m\u00e8dica ha de ser contrastada amb la ra\u00f3 i les autoritats perqu\u00e8 hom pugui incrementar els coneixements rebuts amb els resultats de la seva pr\u00f2pia recerca. T\u00e9 tots els trets de ser una s\u00e8rie de lli\u00e7ons recollides, sense una revisi\u00f3 final, per un an\u00f2nim redactor que s\u2019autoanomena <em>ego scriptor<\/em>.<\/li>\n\n\n\n<li><em>Tabula super Vita brevis<\/em> (&#8220;Taula sobre &#8216;La vida breu'&#8221;), tamb\u00e9 sobre el primer aforisme d&#8217;Hip\u00f2crates, esdev\u00e9 una guia senzilla i molt \u00fatil sobre el diagn\u00f2stic i l\u2019atenci\u00f3 al pacient.<\/li>\n\n\n\n<li><em>Expositio super isto amphorismo Ypocratis: in morbis minus&#8230; <\/em>El comentari al trentaquatr\u00e8 aforisme (de la segona secci\u00f3) repr\u00e8n el que en va fer Gal\u00e8, \u201cel primer que elimin\u00e0 l\u2019ambig\u00fcitat i precis\u00e0 la intenci\u00f3 de les paraules d\u2019Hip\u00f2crates\u201d.<\/li>\n\n\n\n<li><em>Commentum super tractatum Galieni <\/em>\u201c<em>De malitia complexionis diversae\u201d <\/em>(entre 1292 i 1295), el comentari al tractat de Gal\u00e8 sobre la complexi\u00f3 patol\u00f2gica desequilibrada serveix a Arnau per introduir els seus estudiants en el concepte de complexi\u00f3 patol\u00f2gica, un aspecte central del galenisme. A partir d&#8217;aquesta noci\u00f3 s&#8217;est\u00e9n al m\u00e8tode curatiu com una aplicaci\u00f3 pr\u00e0ctica per als futurs metges exemplificant-ho amb l&#8217;apostema c\u00e0lid (inflamaci\u00f3), com a proc\u00e9s localitzat, i les febres, com a proc\u00e9s general.<\/li>\n\n\n\n<li><em>Commentum super <\/em><em>De morbo et accidenti<\/em>: consta que va comentar aquesta obra de Gal\u00e8 sobre malalties i s\u00edmptomes en els seus primers anys de doc\u00e8ncia a Montpeller, i s&#8217;ha conservat una c\u00f2pia d&#8217;un comentari atribu\u00eft a Arnau. Tanmateix l&#8217;an\u00e0lisi del contingut no ha perm\u00e8s de moment tenir la certesa que sigui aut\u00e8ntic o que no hagi estat reelaborat per un altre mestre de Montpeller.<\/li>\n<\/ol>\n\n\n<figure class=\"wp-block-image size-full is-resized\"><img loading=\"lazy\" decoding=\"async\" width=\"467\" height=\"674\" class=\"wp-image-455\" style=\"width: 430px;height: 621px\" src=\"https:\/\/webs.uab.cat\/arnau\/wp-content\/uploads\/sites\/132\/2016\/10\/vita-brevis.jpg\" alt=\"\" srcset=\"https:\/\/webs.uab.cat\/arnau\/wp-content\/uploads\/sites\/132\/2016\/10\/vita-brevis.jpg 467w, https:\/\/webs.uab.cat\/arnau\/wp-content\/uploads\/sites\/132\/2016\/10\/vita-brevis-208x300.jpg 208w\" sizes=\"auto, (max-width: 467px) 100vw, 467px\" \/>\n<figcaption class=\"wp-element-caption\">Il\u00b7lustraci\u00f3: dins la inicial de<em> Vita brevis, ars vero long<\/em>a hi ha la il\u00b7lustraci\u00f3 d&#8217;un professor comentant els <em>Aforismes<\/em> d&#8217;Hip\u00f2crates, <em>Isagoge<\/em>, NLM, HMD Collection, MS E 78, fol. 15b. Proced\u00e8ncia: <a href=\"https:\/\/en.wikipedia.org\/wiki\/File:Illuminated_letter_U_between_1210_and_1230_..JPG\" target=\"_blank\" rel=\"noreferrer noopener\">Wikimedia<\/a>.<\/figcaption>\n<\/figure>\n\n\n<p><\/p>\n","protected":false},"excerpt":{"rendered":"<p>Els comentaris d&#8217;Arnau provenen de la seva doc\u00e8ncia a Montpeller, at\u00e8s que els cursos medievals consistien a llegir i comentar l&#8217;obra d&#8217;una autoritat (lectio), a partir de la qual el professor plantejava i responia q\u00fcestions (quaestiones). Els seus comentaris demostren que es va centrar en textos tradicionals de l&#8217;educaci\u00f3 m\u00e8dica (Hip\u00f2crates) per\u00f2 tamb\u00e9 en va [&hellip;]<\/p>\n","protected":false},"author":20,"featured_media":0,"parent":0,"menu_order":0,"comment_status":"closed","ping_status":"closed","template":"","meta":{"footnotes":""},"class_list":["post-89","page","type-page","status-publish","hentry"],"_links":{"self":[{"href":"https:\/\/webs.uab.cat\/arnau\/wp-json\/wp\/v2\/pages\/89","targetHints":{"allow":["GET"]}}],"collection":[{"href":"https:\/\/webs.uab.cat\/arnau\/wp-json\/wp\/v2\/pages"}],"about":[{"href":"https:\/\/webs.uab.cat\/arnau\/wp-json\/wp\/v2\/types\/page"}],"author":[{"embeddable":true,"href":"https:\/\/webs.uab.cat\/arnau\/wp-json\/wp\/v2\/users\/20"}],"replies":[{"embeddable":true,"href":"https:\/\/webs.uab.cat\/arnau\/wp-json\/wp\/v2\/comments?post=89"}],"version-history":[{"count":3,"href":"https:\/\/webs.uab.cat\/arnau\/wp-json\/wp\/v2\/pages\/89\/revisions"}],"predecessor-version":[{"id":1780,"href":"https:\/\/webs.uab.cat\/arnau\/wp-json\/wp\/v2\/pages\/89\/revisions\/1780"}],"wp:attachment":[{"href":"https:\/\/webs.uab.cat\/arnau\/wp-json\/wp\/v2\/media?parent=89"}],"curies":[{"name":"wp","href":"https:\/\/api.w.org\/{rel}","templated":true}]}}