{"id":94,"date":"2013-11-11T23:38:31","date_gmt":"2013-11-11T23:38:31","guid":{"rendered":"https:\/\/webs.uab.cat\/arnau\/aforismes\/"},"modified":"2024-06-10T12:33:54","modified_gmt":"2024-06-10T12:33:54","slug":"aforismes","status":"publish","type":"page","link":"https:\/\/webs.uab.cat\/arnau\/aforismes\/","title":{"rendered":"Aforismes"},"content":{"rendered":"\n<p>Arnau mostra un gust especial pel g\u00e8nere afor\u00edstic, molt \u00fatil en l\u2019ensenyament pel seu valor mnemot\u00e8cnic.<\/p>\n\n\n\n<ol class=\"wp-block-list\" start=\"11\">\n<li><em>Aphorismi de gradibus<\/em> (\u201cAforismes sobre els graus\u201d), escrits entre 1295 i 1300: Arnau hi tracta les gradacions dels medicaments i les m\u00fatues interaccions dels seus components tot defensant el m\u00e8tode matem\u00e0tic desenvolupat per l\u2019\u00e0rab al-Kindi com la interpretaci\u00f3 aut\u00e8ntica de Gal\u00e8 enfront d\u2019Averrois. Tot i que el tractat d\u2019al-Kindi havia estat ja tradu\u00eft per Gherardo da Cremona, no va ser ent\u00e8s pels metges occidentals fins que Arnau va introduir la q\u00fcesti\u00f3 amb aquests aforismes. En aquest m\u00e8tode per crear medicaments compostos d&#8217;un determinat grau a partir de simples la proporci\u00f3 de fred a calent augmenta geom\u00e8tricament a mesura que s&#8217;incrementa aritm\u00e8ticament el grau qualitatiu. Els <em>Aphorismi de gradibus<\/em> van seguir en \u00fas a Montpeller durant cinquanta anys, i podria haver influ\u00eft en la formulaci\u00f3 a Oxford de la llei matem\u00e0tica f\u00edsica per part de Thomas Bradwardine.<\/li>\n\n\n\n<li><em>Medicationis parabolae<\/em> (\u201cPar\u00e0boles de la curaci\u00f3\u201d, 1300), dedicades a Felip el Bell, rei de Fran\u00e7a, s\u00f3n un recull de 342 aforismes d\u2019inspiraci\u00f3 hipocr\u00e0tica on es proporcionen normes d\u2019\u00e8tica professional i instruccions terap\u00e8utiques necess\u00e0ries per al metge en l\u2019acte de guarici\u00f3. Inclou una part quir\u00fargica que ser\u00e0 citada pels grans cirurgians Henri de Mondeville i Guiu de Chaulhac. El seu car\u00e0cter pr\u00e0ctic i la seva forma concisa va fer d&#8217;aquesta obra la m\u00e9s difosa d&#8217;Arnau, despr\u00e9s del <em>Regimen sanitatis ad regem Aragonum<\/em>, tant en la tradici\u00f3 manuscrita medieval com en la impremta moderna.<\/li>\n\n\n\n<li><em>Commentum super quasdam parabolas<\/em> (&#8220;Comentari a algunes par\u00e0boles&#8221;): comentari a les <em>Medicationis parabole<\/em> del mateix autor. Aquest projecte va ser abandonat tot just iniciat, despr\u00e9s d&#8217;haver explicat tan sols quinze aforismes del total.<\/li>\n\n\n\n<li><em>Aphorismi particulares<\/em> (\u201cAforismes particulars\u201d), que haurien restat inacabats, \u00e9s una recopilaci\u00f3 heterog\u00e8nia de 162 sent\u00e8ncies basades en observacions cl\u00edniques sobre malalties que afecten el cap, el pit i abdomen i els genitals.<\/li>\n\n\n\n<li><em>Aphorismi de memoria <\/em>(\u201cAforismes de la mem\u00f2ria\u201d) s\u00f3n un conjunt de 25 regles higi\u00e8niques per refor\u00e7ar la facultat de la mem\u00f2ria.<\/li>\n\n\n\n<li><em>Aphorismi extravagantes<\/em> (\u201cAforismes extravagants\u201d) s\u00f3n 24 indicacions majorit\u00e0riament dirigides a curar les articulacions.<\/li>\n<\/ol>\n\n\n<figure class=\"wp-block-image size-full is-resized\"><img loading=\"lazy\" decoding=\"async\" width=\"285\" height=\"429\" class=\"wp-image-521\" style=\"width: 447px;height: 673px\" src=\"https:\/\/webs.uab.cat\/arnau\/wp-content\/uploads\/sites\/132\/2016\/10\/felip4_llit.jpg\" alt=\"\" srcset=\"https:\/\/webs.uab.cat\/arnau\/wp-content\/uploads\/sites\/132\/2016\/10\/felip4_llit.jpg 285w, https:\/\/webs.uab.cat\/arnau\/wp-content\/uploads\/sites\/132\/2016\/10\/felip4_llit-199x300.jpg 199w\" sizes=\"auto, (max-width: 285px) 100vw, 285px\" \/>\n<figcaption class=\"wp-element-caption\">Il\u00b7lustraci\u00f3: Mort del rei de Fran\u00e7a, Felip IV el Bell, el 1316. Arnau hi va tractar en missi\u00f3 diplom\u00e0tica i li va dedicar les <em>Medicationis parabolae<\/em>. Proced\u00e8ncia: <a href=\"http:\/\/commons.wikimedia.org\/wiki\/File:Philip_IV_of_France_lying_in_bed.jpg\" target=\"_blank\" rel=\"noreferrer noopener\">Wikimedia<\/a>.<\/figcaption>\n<\/figure>\n\n\n<p><br><\/p>\n","protected":false},"excerpt":{"rendered":"<p>Arnau mostra un gust especial pel g\u00e8nere afor\u00edstic, molt \u00fatil en l\u2019ensenyament pel seu valor mnemot\u00e8cnic. Il\u00b7lustraci\u00f3: Mort del rei de Fran\u00e7a, Felip IV el Bell, el 1316. Arnau hi va tractar en missi\u00f3 diplom\u00e0tica i li va dedicar les Medicationis parabolae. Proced\u00e8ncia: Wikimedia.<\/p>\n","protected":false},"author":20,"featured_media":0,"parent":0,"menu_order":0,"comment_status":"closed","ping_status":"closed","template":"","meta":{"footnotes":""},"class_list":["post-94","page","type-page","status-publish","hentry"],"_links":{"self":[{"href":"https:\/\/webs.uab.cat\/arnau\/wp-json\/wp\/v2\/pages\/94","targetHints":{"allow":["GET"]}}],"collection":[{"href":"https:\/\/webs.uab.cat\/arnau\/wp-json\/wp\/v2\/pages"}],"about":[{"href":"https:\/\/webs.uab.cat\/arnau\/wp-json\/wp\/v2\/types\/page"}],"author":[{"embeddable":true,"href":"https:\/\/webs.uab.cat\/arnau\/wp-json\/wp\/v2\/users\/20"}],"replies":[{"embeddable":true,"href":"https:\/\/webs.uab.cat\/arnau\/wp-json\/wp\/v2\/comments?post=94"}],"version-history":[{"count":3,"href":"https:\/\/webs.uab.cat\/arnau\/wp-json\/wp\/v2\/pages\/94\/revisions"}],"predecessor-version":[{"id":1781,"href":"https:\/\/webs.uab.cat\/arnau\/wp-json\/wp\/v2\/pages\/94\/revisions\/1781"}],"wp:attachment":[{"href":"https:\/\/webs.uab.cat\/arnau\/wp-json\/wp\/v2\/media?parent=94"}],"curies":[{"name":"wp","href":"https:\/\/api.w.org\/{rel}","templated":true}]}}