{"id":95,"date":"2013-11-12T00:11:08","date_gmt":"2013-11-12T00:11:08","guid":{"rendered":"https:\/\/webs.uab.cat\/arnau\/llatina\/"},"modified":"2024-06-10T12:39:27","modified_gmt":"2024-06-10T12:39:27","slug":"llatina","status":"publish","type":"page","link":"https:\/\/webs.uab.cat\/arnau\/llatina\/","title":{"rendered":"Obres i ep\u00edstoles llatines"},"content":{"rendered":"\n<ol class=\"wp-block-list\">\n<li><em>Introductio in librum Ioachim &#8220;De semine scripturarum&#8221;<\/em> (&#8220;Introducci\u00f3 al llibre de Joaquim <em>Sobre la llavor de les escriptures<\/em>&#8220;, entorn de 1292): comentari al tractat <em>De semine scripturarum<\/em>, que Arnau de Vilanova creia escrit per Joaquim de Fiore, per\u00f2 que fou obra d&#8217;un monjo de Michelberg (Bamberg) en els primers anys del segle XIII. El <em>De semine scripturarum<\/em> especula sobre el sentit ocult de la<em> figura<\/em>, <em>potestas<\/em> i <em>ordo<\/em> de les lletres de l&#8217;alfabet.<\/li>\n\n\n\n<li><em>Allocutio super significatione nominis tetragrammaton<\/em> (&#8220;Discurs sobre el significat del&nbsp;Tetragramma&#8221;, redactada <em>in castro Medulionis<\/em> el 19 de juliol de 1292): aplica els principis exeg\u00e8tics de l&#8217;obra anterior a desxifrar el significat del tetragrama b\u00edblic (\u05d9\u05d4\u05d6\u05d4) i dels tetragrames cristol\u00f2gics (i\u0305h\u0305s, x\u0305p\u0305s). El tetragrama, ben llegit, mostra que l&#8217;ess\u00e8ncia de D\u00e9u \u00e9s trinit\u00e0ria.<\/li>\n\n\n\n<li><em>Alphabetum catholicorum sive de elementis catholicae fidei<\/em> (&#8220;Alfabet dels cat\u00f2lics o sobre els elements de la fe cat\u00f2lica&#8221;, entre 1295 i 1297): \u00e9s una obra dialogada d&#8217;iniciaci\u00f3 a la vida cristiana, tal com l&#8217;ent\u00e9n. La persona que pregunta \u00e9s l&#8217;iniciador i qui respon l&#8217;iniciat. Fou dedicada al rei Jaume II, per tal que servia per a l&#8217;educaci\u00f3 dels seus fills.<\/li>\n\n\n\n<li><em>Tractatus de prudentia catholicorum scolarium<\/em> (&#8220;Tractat sobre la prud\u00e8ncia dels escolars cat\u00f2lics&#8221;, entre 1295 i 1297): com l&#8217;anterior, tamb\u00e9 aquesta obra \u00e9s pedag\u00f2gica. Arnau reflexiona sobre el sentit de l&#8217;educaci\u00f3 cristiana en la vida d&#8217;un escolar cat\u00f2lic.<\/li>\n\n\n\n<li><em>Tractatus de tempore adventus Antichristi<\/em> (&#8220;Tractat sobre el temps de la vinguda de l&#8217;Anticrist&#8221;, en diverses fases, entre 1297 i 1300): aquesta \u00e9s l&#8217;obra resultant del primitiu tractat (no conservat), divulgat a la Facultat de Teologia Par\u00eds, <em>De consummatione seculi<\/em>), de la resposta a les objeccions que li plantejaren els te\u00f2legs i d&#8217;uns afegits posteriors. Arnau, despr\u00e9s d&#8217;interpretar Daniel XII,11 i altres textos b\u00edblics (<em>Actes<\/em> I,7; Mc XIII,32) hi anuncia la imminent vinguda de l&#8217;Anticrist i la fi del m\u00f3n.<\/li>\n\n\n\n<li><em>Protestatio facta coram domino rege Francorum<\/em> (&#8220;Protesta feta davant el rei de Fran\u00e7a&#8221;, Par\u00eds, 1300): escrit de queixa presentat al rei per la manera com ha estat tractat per les autoritats arran de la den\u00fancia presentada contra ell pels te\u00f2legs.<\/li>\n\n\n\n<li><em>Appellatio ad apostolicam sedem contra cancellarium et collegium theologorum Parisiensium<\/em> (&#8220;Apel\u00b7laci\u00f3 a la Seu apost\u00f2lica contra el canceller i el col\u00b7legi de te\u00f2legs de Par\u00eds&#8221;, Par\u00eds, 12 d&#8217;octubre de 1300): es queixa davant el Papa de l&#8217;actuaci\u00f3 dels te\u00f2legs de Par\u00eds.<\/li>\n\n\n\n<li><em>Tractatus de mysterio cymbalorum ecclesiae<\/em> (&#8220;Tractat sobre el misteri de les campanes de l&#8217;Esgl\u00e9sia&#8221;, Sgurgola, estiu de 1301): Despr\u00e9s dels fets de Par\u00eds, de l&#8217;amonestaci\u00f3 de Bonifaci VIII i de la prohibici\u00f3 del papa a tornar a escriure sobre el mateix tema (imminent vinguda de l&#8217;Anticrist i de la fi del m\u00f3n), Arnau redacta un nou tractat sobre id\u00e8ntic tema, per\u00f2 amb un altre estil, m\u00e9s acad\u00e8mic i menys pol\u00e8mic.<\/li>\n\n\n\n<li><em>Tractatus epistolarum christini <\/em>(&#8220;Tractat de les lletres del petit Crist&#8221;):&nbsp;recull de les ep\u00edstoles seg\u00fcents, amb les quals trametia el <em>De mysterio<\/em> a diverses personalitats o comunitats religioses:<br>9.1. <em>Fratribus ordinis praedicatorum qui sunt<\/em> <em>Parisius <\/em>(&#8220;Als frares de l&#8217;orde de predicadors de Par\u00eds&#8221;)<em>&nbsp;<\/em><br>9.2. <em>Fratribus praedicatoribus Montispesulani <\/em>(&#8220;Als frares predicadors de Montpeller&#8221;)<em>&nbsp;<\/em><br>9.3. <em>Fratribus minoribus Parisius<\/em> (&#8220;Als frares menors de Par\u00eds&#8221;)<br>9.4. <em>Fratribus minoribus Montispesulani <\/em>(&#8220;Als frares menors de Montpeller&#8221;)<br>9.5. <em>Abbati et conventui Sancti Victoris Parisius<\/em> (&#8220;A l&#8217;abat i el convent de Sant V\u00edctor de Par\u00eds&#8221;)<br>9.6. <em>Fratribus Vallis Magnae <\/em>(&#8220;Als germans de Vallmagna&#8221;)<br>9.7. <em>Dominis Auxitano et Burdegalensi<\/em> (&#8220;Als senyors de Auch i de Bordeus&#8221;)<br>9.8. <em>Angelo ecclesiae Valentinae <\/em>(&#8220;A l&#8217;\u00e0ngel de l&#8217;esgl\u00e9sia de Val\u00e8ncia&#8221;)<em>&nbsp;<\/em><br>9.9. <em>Angelo Ebredunensis ecclesiae<\/em> (&#8220;A l&#8217;\u00e0ngel de l&#8217;esgl\u00e9sia d&#8217;Embrun&#8221;)&nbsp;<br>9.10 <em>Angelo Altissiodorensis ecclesiae <\/em>(&#8220;A l&#8217;\u00e0ngel de l&#8217;esgl\u00e9sia d&#8217;Auxerre&#8221;)<br>9.11. <em>Inclito domino regi Francorum<\/em> (&#8220;A l&#8217;\u00ednclit senyor rei de Fran\u00e7a&#8221;, 17 de novembre de 1301)<br>9.12. <em>Inclito domino regi Aragonum <\/em>(&#8220;A l&#8217;\u00ednclit senyor rei d&#8217;Arag\u00f3&#8221;)<\/li>\n\n\n\n<li><em>Philosophia catholica et divina<\/em> (&#8220;Filosofia cat\u00f2lica i divina&#8221;, estiu de 1302): amb aquesta obra Arnau complementa el missatge apocal\u00edptic. <em>La Philosophia<\/em> \u00e9s un art per identificar els membres de l&#8217;Anticrist. Aix\u00ed com els veritables seguidors de Jesucrist s&#8217;identifiquen amb les seves virtuts (just\u00edcia, paci\u00e8ncia, pobresa, castedat), els membres de l&#8217;Anticrist s&#8217;identifiquen amb les virtuts contr\u00e0ries.<\/li>\n\n\n\n<li><em>Epistola nuncupatoria tractatus Philosophia catholica et divina ad Bonifacium VIII<\/em> (&#8220;Lletra&nbsp;dedicat\u00f2ria del tractat <em>Filosofia cat\u00f2lica i divina <\/em>a Bonifaci VIII&#8221;, Ni\u00e7a, 29 d&#8217;agost de 1302): lletra amb la qual Arnau va enviar el tractat anterior a Bonifaci VIII.<\/li>\n\n\n\n<li><em>Epistola nuncupatoria tractatus Philosophia catholica et divina ad Sanctae Romanae Ecclesiae Cardinales<\/em> (&#8220;Lletra dedicat\u00f2ria del tractat <em>Filosofia cat\u00f2lica i divina <\/em>als cardenals de la Santa Esgl\u00e9sia Romana&#8221;, Ni\u00e7a, 29 d&#8217;agost de 1302): lletra amb la qual Arnau envi\u00e0 la <em>Philosophia catholica<\/em> al Col\u00b7legi de cardenals.<\/li>\n\n\n\n<li><em>Epistola nuncupatoria tractatus Philosophia catholica et divina ad Iacobum II<\/em> (&#8220;Lletra dedicat\u00f2ria del tractat <em>Filosofia cat\u00f2lica i divina <\/em>a Jaume II, despr\u00e9s del 29 d&#8217;agost de 1302): lletra amb la qual Arnau envi\u00e0 la<em> Philosophia catholica<\/em> al rei Jaume II.<\/li>\n\n\n\n<li><em>Apologia de versutiis atque perversitatibus pseudotheologorum et religiosorum <\/em>(&#8220;Apologia sobre les ast\u00facies i perversitats dels pseudote\u00f2legs i pseudoreligiosos&#8221;, Girona, finals de 1302): \u00e9s la resposta d&#8217;Arnau a uns te\u00f2legs (b\u00e0sicament gironins) que han atacat les seves tesis apocal\u00edptiques. Defensa la seva interpretaci\u00f3 de Daniel XII,11 i identifica els seus adversaris amb els membres de l&#8217;Anticrist.<\/li>\n\n\n\n<li><em>Eulogium de notitia verorum et pseudoapostolorum<\/em> (&#8220;Raonament sobre la not\u00edcia dels vers i dels falsos ap\u00f2stols&#8221;, Girona, darreries de 1302 &#8211; comen\u00e7aments de 1303): Arnau explica les caracter\u00edstiques dels falsos ap\u00f2stols o predicadors, entre els quals hi compta Bernat de Puigcerc\u00f3s, el qual havia negat (fent l&#8217;exegesi de 2 Tes II) la possibilitat de con\u00e8ixer els darrers temps. L&#8217;<em>Eulogium<\/em> fou llegit davant el bisbe de Girona.<\/li>\n\n\n\n<li><em>Denuntiatio Gerundensis<\/em> (&#8220;Den\u00fancia de Girona&#8221;, Girona, darreries de 1302 &#8211; comen\u00e7aments de 1303): Arnau de Vilanova hi denuncia davant el bisbe de Girona la impugnaci\u00f3 que Bernat de Puigcerc\u00f3s ha fet de les seves tesis i les refuta.<\/li>\n\n\n\n<li><em>Altera denuntiatio Gerundensi<\/em>s (&#8220;Segona den\u00fancia de Girona&#8221;, Girona, darreries de 1302 &#8211; comen\u00e7aments de 1303): presentada pocs dies despr\u00e9s de la den\u00fancia anterior, Arnau afegeix en aquesta segona den\u00fancia nous fets de Bernat de Puigcerc\u00f3s.<\/li>\n\n\n\n<li><em>Tertia denuntiatio Gerundensis<\/em> (&#8220;Tercera den\u00fancia de Girona&#8221;, Girona, darreries de 1302 &#8211; comen\u00e7aments de 1303). El convent dels dominics de Girona interpos\u00e0 una <em>quaerimonia<\/em> contra Arnau. Ell replica amb aquesta tercera den\u00fancia.<\/li>\n\n\n\n<li><em>Confessio Ilerdensis de spurcitiis pseudoreligiosorum<\/em> (&#8220;Confessi\u00f3 de Lleida sobre les perversitats dels pseudoreligiosos&#8221;, Lleida, 1303): Arnau llegeix davant de l&#8217;arquebisbe de Tarragona i dels bisbes i abats de la Tarraconense una s\u00edntesi de les seves afirmacions sobre els falsos religiosos. Una part for\u00e7a extensa de l&#8217;obra \u00e9s dedicada a exposar i comentar els signes que, segons l&#8217;Oracle ang\u00e8lic de Ciril, anticipen la plena manifestaci\u00f3 de l&#8217;Anticrist.<\/li>\n\n\n\n<li><em>Denuntiatio prima facta Massiliae<\/em> (&#8220;Den\u00fancia primera feta a Marsella&#8221;, Marsella, 10 de febrer de 1304). Els dominics de Marsella ataquen en sermons p\u00fablics les tesis arnaldianes sobre el coneixement dels temps de la vinguda de l&#8217;Anticrist: Arnau presenta aquesta den\u00fancia contra ells davant el bisbe.<\/li>\n\n\n\n<li><em>Gladius iugulans thomatistas<\/em> (&#8220;Espasa que degolla els tomistes&#8221;, Marsella, febrer de 1304). Informat per Jaume Blanc del llibre que un dominic havia escrit contra les seves tesis, Arnau de Vilanova redacta el <em>Gladius<\/em> per respondre a les objeccions dels seus adversaris, els <em>thomatistae<\/em>, i alhora atacar-lo. Els tomistes, seguint Tom\u00e0s d&#8217;Aquino, s&#8217;aparten de Crist i de sant Dom\u00e8nec. Arnau exposa les tesis de Tom\u00e0s d&#8217;Aquino sobre els temps finals i les refuta. En realitat, el m\u00e8tode filos\u00f2fic i teol\u00f2gic dels tomistes \u00e9s un ardit m\u00e9s dels membres de l&#8217;Anticrist. La paraula &#8220;tomista&#8221; (<em>thomatista<\/em>) compareix per primera vegada en aquesta obra. Arnau adjunta aquest tractat a la den\u00fancia anterior.<\/li>\n\n\n\n<li><em>Denuntiatio secunda facta Massiliae <\/em>(&#8220;Den\u00fancia segona feta a Marsella&#8221;, Marsella, 28 de febrer de 1304). Quan Arnau ha pogut llegir personalment l&#8217;obra de la qual havia estat informat per Jaume Blanc, redacta una nova obra, la<em> Carpinatio<\/em>, i presenta aquesta segona den\u00fancia davant el bisbe.<\/li>\n\n\n\n<li><em>Carpinatio poetriae theologi deviantis<\/em> (&#8220;Florilegi po\u00e8tic del te\u00f2leg desviat&#8221;, Marsella, mar\u00e7 de 1304). L&#8217;objectiu de la <em>Carpinatio<\/em> no \u00e9s refutar les posicions del seu encara desconegut adversari (Arnau ja ho ha fet al <em>Gladius<\/em>), sin\u00f3 mostrar-ne els &#8220;deliris&#8221; i les &#8220;desviacions&#8221; del seu autor. A m\u00e9s dels temes estrictament apocal\u00edptics, tamb\u00e9 n&#8217;hi apareixen d&#8217;altres, com per exemple, la correcta interpretaci\u00f3 de la <em>Glossa Ordinaria<\/em> o el recompte d&#8217;anys que han transcorregut des de l&#8217;inici del m\u00f3n. Aquesta obreta fou annexada a la den\u00fancia anterior.<\/li>\n\n\n\n<li><em>Denuntiatio tertia facta Massiliae<\/em> (&#8220;Den\u00fancia tercera feta a Marsella&#8221;, Marsella, 14 de mar\u00e7 de 1304). Quan Arnau de Vilanova ha pogut saber el nom del seu adversari, Joan Vigor\u00f3s, el denuncia al bisbe amb aquest escrit.<\/li>\n\n\n\n<li><em>Protestatio, praesentatio ac supplicatio Benedicto XI<\/em> (&#8220;Protesta, presentaci\u00f3 i s\u00faplica a Benet XI&#8221;, Aviny\u00f3, 2 de juny de 1304). Arnau informa el nou Papa de la persecuci\u00f3 contra la seva persona per part dels te\u00f2legs professionals i li proposa amb un to clarament prof\u00e8tic un pla de reforma de l&#8217;Esgl\u00e9sia.<\/li>\n\n\n\n<li><em>Protestatio facta Perusii coram domino camerario summi pontificis<\/em> (&#8220;Protesta feta a Perusa davant el senyor Cambrer del summe Pont\u00edfex&#8221;, Perusa, 18 de juliol de 1304). Mort Benet XI, quan el conclave de cardenals estava reunit per tal d&#8217;escollir nou Papa, Arnau de Vilanova s&#8217;hi presenta i demana la reprovaci\u00f3 de la condemna de Bonifaci VIII contra alguns fragments d&#8217;Arnau i presenta una bona colla de les seves obres anteriors per tal que una comissi\u00f3 de te\u00f2legs les examini.<\/li>\n\n\n\n<li><em>Allocutio christini de hiis quae conveniunt homini secundum propriam dignitatem creaturae rationalis<\/em> (&#8220;Al\u00b7locuci\u00f3 del petit Crist sobre aquelles coses que convenen a l&#8217;home segons la dignitat pr\u00f2pia de la criatura racional&#8221;, comen\u00e7ada abans de 1302 i acabada entre 1304 i 1305). L&#8217;obra fou destinada al rei Frederic de S\u00edcilia. Despr\u00e9s d&#8217;una part m\u00e9s te\u00f2rica i especulativa sobre les possibilitats de con\u00e8ixer D\u00e9u, sigui per la Creaci\u00f3 sigui per la revelaci\u00f3 de la B\u00edblia, descriu les qualitats que ha de tenir un pr\u00edncep cristi\u00e0.<\/li>\n\n\n\n<li><em>De esu carnium<\/em> (&#8220;Sobre la ingesta de carn&#8221;, potser de 1304). Tractat m\u00e8dico-espiritual: Arnau de Vilanova justifica la bondat de la dieta vegetariana dels cartoixans amb arguments m\u00e8dics.<\/li>\n\n\n\n<li><em>Epistola ad Bremundum, dominum Montisferrarii<\/em> (&#8220;Lletra a Bremon, senyor de Montferrer&#8221;, abans de l&#8217;agost de 1305). El destinatari de la lletra va demanar a Arnau una recepta per a la vista. Arnau li prescriu un col\u00b7liri, per\u00f2 l&#8217;aconsella tamb\u00e9 a tenir cura de la &#8220;vista espiritual&#8221; .<\/li>\n\n\n\n<li><em>Epistola ad Bartholomaeam Montaneri<\/em> (&#8220;Lletra a Bartomeua Montaner&#8221;, abans de l&#8217;agost de 1305). Arnau encoratja la monja Bartomeua Montaner a resistir les adversitats i superar les dificultats.<\/li>\n\n\n\n<li><em>Dancia Jacobi II cum commento Arnaldi de Villanova <\/em>(&#8220;Dansa de Jaume II amb comentari d&#8217;Arnau de Vilanova&#8221;, text llat\u00ed i occit\u00e0) (entorn de 1305). Arnau comenta en llat\u00ed un poema que hauria escrit Jaume II en occit\u00e0. Compara l&#8217;Esgl\u00e9sia amb una nau que supera com pot tota mena de contratemps.<\/li>\n\n\n\n<li><em>Antidotum contra venenum effusum per fratrem Martinum de Atheca, praedicatorem<\/em> (&#8220;Ant\u00eddot contra el ver\u00ed escampat per fra Mart\u00ed d&#8217;Ateca, predicador&#8221;, entre darreries de 1304 i l&#8217;estiu de 1304). Arnau de Vilanova ha pogut aconseguir un tractat que Mart\u00edn d&#8217;Ateca va escriure contra els escrits de Girona d&#8217;Arnau (num. 15-18). L&#8217;<em>Antidotum<\/em> segueix el mateix ordre de l&#8217;obra de Mart\u00edn d&#8217;Ateca, dividida en un pr\u00f2leg i dotze cap\u00edtols, i vol fer evidents les &#8220;desviacions&#8221; del frare aragon\u00e8s.<\/li>\n\n\n\n<li><em>Testamentum<\/em> (&#8220;Testament&#8221;, Barcelona, 20 de juliol de 1305). Constitueix marmessors simul et singulariter Pere de Montmel\u00f3, Pere Jutge, Jaume des Pla i Ramon Conesa. Deixa els b\u00e9ns de Montpeller a la seva dona, els llibres de teologia han de ser dipositats a la cartoixa de Scala Dei. Els censals de Val\u00e8ncia eren per a la seva filla Maria. La resta de b\u00e9ns havia de ser donat als pobres, tret d&#8217;una part reservada a la redempci\u00f3 de captius.<\/li>\n\n\n\n<li><em>Praesentatio facta Burdegaliae coram domino summo pontifice Clemente V<\/em> (&#8220;Presentaci\u00f3 feta a Bordeus davant el senyor summe pont\u00edfex Climent V&#8221;, Bordeus, 24 d&#8217;agost de 1305). Ara que la &#8220;clem\u00e8ncia divina&#8221; \u00e9s abundant, Arnau de Vilanova reitera davant el nou pont\u00edfex les protestes i les peticions anteriors. Arnau exposa les seves tesis escatol\u00f2giques, fa la llista de les seves obres espirituals i demana al Papa que les examini. El Papa reserva a la Santa Seu l&#8217;examen i el judici d&#8217;aquestes obres.<\/li>\n\n\n\n<li><em>Epistola ad gerentes zonam pelliceam<\/em> (&#8220;Lletra&nbsp;als qui duen cintur\u00f3 de pell&#8221;, entre la tardor de 1307 i l&#8217;abril de 1309): tota persona espiritual ha d&#8217;imitar les quatre virtuts b\u00e0siques de Jesucrist: pobresa, humilitat, caritat, castedat. Tamb\u00e9 d\u00f3na resposta a dues q\u00fcestions pr\u00e0ctiques m\u00e9s concretes: la necessitat d&#8217;acceptar l&#8217;autoritat de l&#8217;Inquisidor i la negativa a utilitzar un nou h\u00e0bit religi\u00f3s (la <em>zona pellicea<\/em> o cintur\u00f3). L&#8217;obra est\u00e0 relacionada amb la situaci\u00f3 de l&#8217;espiritual Guiard de Cressonessart (i potser tamb\u00e9 amb Margarida Poreta).<\/li>\n\n\n\n<li><em>Epistola ad Clementem papam V, de Templariis<\/em> (&#8220;Lletra al papa Climent V, sobre els Templers&#8221;, abans del 19 de febrer de 1308). Arnau d\u00f3na al Papa la seva opini\u00f3 sobre l&#8217;afer dels templers: el temps dels ordes militars s&#8217;ha acabat.<\/li>\n\n\n\n<li><em>Epistola ad Iacobum regem II, de Templariis<\/em> (&#8220;Lletra al rei Jaume II, sobre els Templers&#8221;, Marsella, 19 de febrer de 1308). Cf. n\u00fam. 34.<\/li>\n\n\n\n<li><em>Interpretatio de visionibus in somniis dominorum Iacobi secundi regis Aragonum et Friderici tertii regis Siciliae eius fratris<\/em> (&#8220;Interpretaci\u00f3 de les visions en somnis dels senyors Jaume II rei d&#8217;Arag\u00f3 i Frederic III rei de Sic\u00edlia, germ\u00e0 seu&#8221;, estiu de 1309). L&#8217;obra, redactada en forma d&#8217;un di\u00e0leg hist\u00f2ric entre els personatges, interpreta els somnis dels reis Jaume II i Frederic de Sic\u00edlia. Aquests reis han estat escollits per D\u00e9u per dur a terme una reforma de la Cristiandat. Aquesta obra esdevindr\u00e0 el nucli del <em>Raonament d&#8217;Aviny\u00f3<\/em>.<\/li>\n\n\n\n<li><em>Epistola ad Iacobum regem II, de titulo regali Frederici<\/em> (&#8220;Lletra al rei Jaume II, sobre el t\u00edtol reial de Frederic&#8221;), Messina, 9 de gener de 1310). Lletra breu, Arnau envia al rei una recepta, i li explica algunes gestions que ha fet relatives al t\u00edtol de Rei de Jerusalem.<\/li>\n\n\n\n<li><em>Constituciones Regni Trinacriae<\/em> (&#8220;Constitucions del Regne de Trin\u00e0cria&#8221;, inspirades en Arnau de Vilanova, tardor de 1310). Aquestes Constitucions no s\u00f3n, certament, obra d&#8217;Arnau, per\u00f2 alguns dels seus articles estan inspirats en propostes de la<em> Informaci\u00f3 espiritual<\/em>.<\/li>\n<\/ol>\n\n\n<figure class=\"wp-block-image size-full is-resized\"><img loading=\"lazy\" decoding=\"async\" width=\"400\" height=\"384\" class=\"wp-image-533\" style=\"width: 442px;height: 424px\" src=\"https:\/\/webs.uab.cat\/arnau\/wp-content\/uploads\/sites\/132\/2016\/10\/Tetragrammaton.jpg\" alt=\"\" srcset=\"https:\/\/webs.uab.cat\/arnau\/wp-content\/uploads\/sites\/132\/2016\/10\/Tetragrammaton.jpg 400w, https:\/\/webs.uab.cat\/arnau\/wp-content\/uploads\/sites\/132\/2016\/10\/Tetragrammaton-300x288.jpg 300w\" sizes=\"auto, (max-width: 400px) 100vw, 400px\" \/>\n<figcaption class=\"wp-element-caption\">Il\u00b7lustraci\u00f3: Diagrama de Tetragramma-Trinitat de Pedro Alfonso (s. XII) transcrita com a &#8220;JEVE&#8221;, f. 153v, ms. E.4 biblioteca de St John&#8217;s College, Cambridge University. Proced\u00e8ncia: <a href=\"https:\/\/commons.wikimedia.org\/wiki\/File:Tetragrammaton-Trinity-diagram-12thC.jpg\" target=\"_blank\" rel=\"noreferrer noopener\">Wikimedia<\/a>.<\/figcaption>\n<\/figure>","protected":false},"excerpt":{"rendered":"<p>Il\u00b7lustraci\u00f3: Diagrama de Tetragramma-Trinitat de Pedro Alfonso (s. XII) transcrita com a &#8220;JEVE&#8221;, f. 153v, ms. E.4 biblioteca de St John&#8217;s College, Cambridge University. Proced\u00e8ncia: Wikimedia.<\/p>\n","protected":false},"author":20,"featured_media":0,"parent":0,"menu_order":0,"comment_status":"closed","ping_status":"closed","template":"","meta":{"footnotes":""},"class_list":["post-95","page","type-page","status-publish","hentry"],"_links":{"self":[{"href":"https:\/\/webs.uab.cat\/arnau\/wp-json\/wp\/v2\/pages\/95","targetHints":{"allow":["GET"]}}],"collection":[{"href":"https:\/\/webs.uab.cat\/arnau\/wp-json\/wp\/v2\/pages"}],"about":[{"href":"https:\/\/webs.uab.cat\/arnau\/wp-json\/wp\/v2\/types\/page"}],"author":[{"embeddable":true,"href":"https:\/\/webs.uab.cat\/arnau\/wp-json\/wp\/v2\/users\/20"}],"replies":[{"embeddable":true,"href":"https:\/\/webs.uab.cat\/arnau\/wp-json\/wp\/v2\/comments?post=95"}],"version-history":[{"count":3,"href":"https:\/\/webs.uab.cat\/arnau\/wp-json\/wp\/v2\/pages\/95\/revisions"}],"predecessor-version":[{"id":1788,"href":"https:\/\/webs.uab.cat\/arnau\/wp-json\/wp\/v2\/pages\/95\/revisions\/1788"}],"wp:attachment":[{"href":"https:\/\/webs.uab.cat\/arnau\/wp-json\/wp\/v2\/media?parent=95"}],"curies":[{"name":"wp","href":"https:\/\/api.w.org\/{rel}","templated":true}]}}