{"id":96,"date":"2013-11-13T00:43:32","date_gmt":"2013-11-13T00:43:32","guid":{"rendered":"https:\/\/webs.uab.cat\/arnau\/pensament\/"},"modified":"2024-06-10T12:44:42","modified_gmt":"2024-06-10T12:44:42","slug":"pensament","status":"publish","type":"page","link":"https:\/\/webs.uab.cat\/arnau\/pensament\/","title":{"rendered":"Pensament espiritual"},"content":{"rendered":"\n<p>Les idees teol\u00f2giques d&#8217;Arnau de Vilanova evolucionen al llarg de la seva vida. S&#8217;havia interessat per la teologia, fins i tot havia freq\u00fcentat algun curs a l&#8217;escola dels dominics de Montpeller i havia estudiat amb Ramon Mart\u00ed a Barcelona, per\u00f2 el seu inter\u00e8s no havia passat d&#8217;aqu\u00ed. Quan mestre Arnau escriu la seva primera obra teol\u00f2gica t\u00e9 m\u00e9s de cinquanta anys. Ell mateix explica que va tenir una profunda experi\u00e8ncia espiritual. A partir d&#8217;aquest moment les preocupacions religioses i les conseq\u00fc\u00e8ncies que se&#8217;n van derivar passen a un primer pla en la seva vida.<\/p>\n\n\n\n<p>En l&#8217;evoluci\u00f3 del pensament religi\u00f3s d&#8217;Arnau podem establir quatre etapes:<\/p>\n\n\n\n<ol class=\"wp-block-list\">\n<li><a href=\"preespiritual\">Preespiritual<\/a>,<\/li>\n\n\n\n<li><a href=\"protoespiritual\">Protoespiritual<\/a>,<\/li>\n\n\n\n<li><a href=\"espiritualescatologic\">Espiritualescatol\u00f2gica<\/a>,<\/li>\n\n\n\n<li><a href=\"propiament-espiritual\">Pr\u00f2piament espiritual<\/a>.<\/li>\n<\/ol>\n\n\n<figure class=\"wp-block-image size-full is-resized\"><img loading=\"lazy\" decoding=\"async\" width=\"638\" height=\"480\" class=\"wp-image-575\" style=\"width: 649px;height: 488px\" src=\"https:\/\/webs.uab.cat\/arnau\/wp-content\/uploads\/sites\/132\/2016\/10\/Pugio.png\" alt=\"\" srcset=\"https:\/\/webs.uab.cat\/arnau\/wp-content\/uploads\/sites\/132\/2016\/10\/Pugio.png 638w, https:\/\/webs.uab.cat\/arnau\/wp-content\/uploads\/sites\/132\/2016\/10\/Pugio-300x226.png 300w\" sizes=\"auto, (max-width: 638px) 100vw, 638px\" \/>\n<figcaption class=\"wp-element-caption\">Il\u00b7lustraci\u00f3: <em>Pugio fidei<\/em>, l&#8217;obra cabdal de Ramon Mart\u00ed, amb qui es va formar Arnau, Leipzig 1687. Proced\u00e8ncia: <a href=\"http:\/\/commons.wikimedia.org\/wiki\/File:Pugio.png\">Wikimedia<\/a>.<\/figcaption>\n<\/figure>\n\n\n<p><\/p>\n","protected":false},"excerpt":{"rendered":"<p>Les idees teol\u00f2giques d&#8217;Arnau de Vilanova evolucionen al llarg de la seva vida. S&#8217;havia interessat per la teologia, fins i tot havia freq\u00fcentat algun curs a l&#8217;escola dels dominics de Montpeller i havia estudiat amb Ramon Mart\u00ed a Barcelona, per\u00f2 el seu inter\u00e8s no havia passat d&#8217;aqu\u00ed. Quan mestre Arnau escriu la seva primera obra [&hellip;]<\/p>\n","protected":false},"author":20,"featured_media":0,"parent":0,"menu_order":0,"comment_status":"closed","ping_status":"closed","template":"","meta":{"footnotes":""},"class_list":["post-96","page","type-page","status-publish","hentry"],"_links":{"self":[{"href":"https:\/\/webs.uab.cat\/arnau\/wp-json\/wp\/v2\/pages\/96","targetHints":{"allow":["GET"]}}],"collection":[{"href":"https:\/\/webs.uab.cat\/arnau\/wp-json\/wp\/v2\/pages"}],"about":[{"href":"https:\/\/webs.uab.cat\/arnau\/wp-json\/wp\/v2\/types\/page"}],"author":[{"embeddable":true,"href":"https:\/\/webs.uab.cat\/arnau\/wp-json\/wp\/v2\/users\/20"}],"replies":[{"embeddable":true,"href":"https:\/\/webs.uab.cat\/arnau\/wp-json\/wp\/v2\/comments?post=96"}],"version-history":[{"count":3,"href":"https:\/\/webs.uab.cat\/arnau\/wp-json\/wp\/v2\/pages\/96\/revisions"}],"predecessor-version":[{"id":1791,"href":"https:\/\/webs.uab.cat\/arnau\/wp-json\/wp\/v2\/pages\/96\/revisions\/1791"}],"wp:attachment":[{"href":"https:\/\/webs.uab.cat\/arnau\/wp-json\/wp\/v2\/media?parent=96"}],"curies":[{"name":"wp","href":"https:\/\/api.w.org\/{rel}","templated":true}]}}