{"id":53,"date":"2018-10-10T16:36:04","date_gmt":"2018-10-10T16:36:04","guid":{"rendered":"https:\/\/webs.uab.cat\/arpa\/que-es-arpa\/"},"modified":"2022-09-23T07:37:37","modified_gmt":"2022-09-23T07:37:37","slug":"que-es-arpa","status":"publish","type":"page","link":"https:\/\/webs.uab.cat\/arpa\/que-es-arpa\/","title":{"rendered":"Qu\u00e8 \u00e9s ARPA"},"content":{"rendered":"\n<p>L\u2019avaluaci\u00f3 \u00e9s una inquietud creixent a la Facultat de Ci\u00e8ncies de l\u2019Educaci\u00f3 de la Universitat Aut\u00f2noma de Barcelona, tal com demostra l\u2019establiment com a prioritat estrat\u00e8gica la millora dels processos d\u2019aprenentatge i avaluaci\u00f3 per tal de guanyar en fiabilitat, individualitzaci\u00f3 i protagonisme per part de l\u2019alumnat. Per\u00f2 per avan\u00e7ar en aquesta direcci\u00f3, \u00e9s necessari que el professorat compti amb la formaci\u00f3, informaci\u00f3 i estrat\u00e8gies necess\u00e0ries, \u00e9s a dir, amb recursos formatius i informatius \u00fatils i adaptats a les caracter\u00edstiques de la doc\u00e8ncia que impartim a la nostra Facultat.<\/p>\n\n\n\n<p><strong>ARPA<\/strong> \u00e9s una <strong>Aula de Recursos Per a l\u2019Avaluaci\u00f3<\/strong> en el que posem a la vostra disposici\u00f3, en un sol espai web, materials i recursos sobre avaluaci\u00f3 de diversa tipologia: r\u00fabriques, infografies, presentacions de PPT, v\u00eddeos, etc. que el professorat de la Facultat de Ci\u00e8ncies de l\u2019Educaci\u00f3 de la Universitat Aut\u00f2noma de Barcelona desenvolupa i utilitza en el dia a dia de la seva doc\u00e8ncia. Aix\u00ed mateix, podeu consultar experi\u00e8ncies d\u2019avaluaci\u00f3 i d\u2019\u00fas d\u2019eines d\u2019avaluaci\u00f3 que podeu transferir i aplicar a les vostres assignatures. \u00c9s una web de professors per a professors.<\/p>\n\n\n\n<p>Esperem que a la web trobeu informaci\u00f3 que us resulti \u00fatil per a reflexionar i seguir millorant els mecanismes de seguiment i avaluaci\u00f3 dels estudiants.<\/p>\n\n\n\n<p><em>Portal web creat gr\u00e0cies a la convocat\u00f2ria d\u2019ajudes del Programa intern de millora i innovaci\u00f3 docent de la Facultat de Ci\u00e8ncies de l\u2019Educaci\u00f3 de la UAB (convocat\u00f2ria 22 de juny de 2018)<\/em><\/p>\n","protected":false},"excerpt":{"rendered":"<p>L\u2019avaluaci\u00f3 \u00e9s una inquietud creixent a la Facultat de Ci\u00e8ncies de l\u2019Educaci\u00f3 de la Universitat Aut\u00f2noma de Barcelona, tal com demostra l\u2019establiment com a prioritat estrat\u00e8gica la millora dels processos d\u2019aprenentatge i avaluaci\u00f3 per tal de guanyar en fiabilitat, individualitzaci\u00f3 i protagonisme per part de l\u2019alumnat. Per\u00f2 per avan\u00e7ar en aquesta direcci\u00f3, \u00e9s necessari que [&hellip;]<\/p>\n","protected":false},"author":20,"featured_media":0,"parent":0,"menu_order":0,"comment_status":"closed","ping_status":"closed","template":"","meta":{"footnotes":""},"class_list":["post-53","page","type-page","status-publish","hentry"],"_links":{"self":[{"href":"https:\/\/webs.uab.cat\/arpa\/wp-json\/wp\/v2\/pages\/53","targetHints":{"allow":["GET"]}}],"collection":[{"href":"https:\/\/webs.uab.cat\/arpa\/wp-json\/wp\/v2\/pages"}],"about":[{"href":"https:\/\/webs.uab.cat\/arpa\/wp-json\/wp\/v2\/types\/page"}],"author":[{"embeddable":true,"href":"https:\/\/webs.uab.cat\/arpa\/wp-json\/wp\/v2\/users\/20"}],"replies":[{"embeddable":true,"href":"https:\/\/webs.uab.cat\/arpa\/wp-json\/wp\/v2\/comments?post=53"}],"version-history":[{"count":1,"href":"https:\/\/webs.uab.cat\/arpa\/wp-json\/wp\/v2\/pages\/53\/revisions"}],"predecessor-version":[{"id":149,"href":"https:\/\/webs.uab.cat\/arpa\/wp-json\/wp\/v2\/pages\/53\/revisions\/149"}],"wp:attachment":[{"href":"https:\/\/webs.uab.cat\/arpa\/wp-json\/wp\/v2\/media?parent=53"}],"curies":[{"name":"wp","href":"https:\/\/api.w.org\/{rel}","templated":true}]}}