{"id":201,"date":"2009-05-25T14:05:25","date_gmt":"2009-05-25T12:05:25","guid":{"rendered":"https:\/\/webs.uab.cat\/arquezoologia\/on-som\/"},"modified":"2023-03-06T10:33:32","modified_gmt":"2023-03-06T08:33:32","slug":"on-som","status":"publish","type":"page","link":"https:\/\/webs.uab.cat\/arqueozoologia\/on-som\/","title":{"rendered":"On som?"},"content":{"rendered":"\n<p>El laboratori d&#8217;Arqueozoologia es troba a la planta baixa del M\u00f2dul BM3, entre la Facultat de Lletres i la Facultat de Ci\u00e8ncies.<\/p>\n\n\n\n<p>Pots seguir les indicacions del mapa per arribar-hi. L&#8217;icona vermellla inidica la localitzaci\u00f3 del laboratori.<\/p>\n\n\n\n<figure class=\"wp-block-table\"><table><tbody><tr><td>\n<p><strong>Laboratori d\u2019Arqueozoologia<\/strong><br><strong>M\u00f2dul BM3 &#8211;&nbsp;Facultat de Filosofia i Lletres<br>08193 &#8211; Bellaterra &#8211; Barcelona<br>Tf. +34 935811958<\/strong><\/p>\n<\/td><\/tr><tr><td>\n<p>Departament de Prehist\u00f2ria<br>Edifici B Facultat de Filosofia i Lletres<br>08193 &#8211; Bellaterra &#8211; Barcelona<br>Tf. +34 935814333<\/p>\n<\/td><\/tr><\/tbody><\/table><\/figure>\n\n\n\n<p><iframe loading=\"lazy\" src=\"https:\/\/www.google.com\/maps\/embed?pb=!1m22!1m8!1m3!1d2988.07734035792!2d2.1062854154293897!3d41.50259877925382!3m2!1i1024!2i768!4f13.1!4m11!3e2!4m5!1s0x12a495d570f4d393%3A0x9a8724de89668c3b!2sFacultat%20de%20Filosofia%20i%20Lletres%20-%20UAB%2C%20Carrer%20de%20la%20Fortuna%2C%2008193%20Cerdanyola%20del%20Vall%C3%A8s%2C%20Barcelona!3m2!1d41.502949!2d2.107564!4m3!3m2!1d41.501401699999995!2d2.1079204!5e0!3m2!1sca!2ses!4v1594652970252!5m2!1sca!2ses\" width=\"600\" height=\"450\" frameborder=\"0\" scrolling=\"no\"><\/iframe><\/p>\n","protected":false},"excerpt":{"rendered":"<p>El laboratori d&#8217;Arqueozoologia es troba a la planta baixa del M\u00f2dul BM3, entre la Facultat de Lletres i la Facultat de Ci\u00e8ncies. Pots seguir les indicacions del mapa per arribar-hi. L&#8217;icona vermellla inidica la localitzaci\u00f3 del laboratori. Laboratori d\u2019ArqueozoologiaM\u00f2dul BM3 &#8211;&nbsp;Facultat de Filosofia i Lletres08193 &#8211; Bellaterra &#8211; BarcelonaTf. +34 935811958 Departament de Prehist\u00f2riaEdifici B [&hellip;]<\/p>\n","protected":false},"author":20,"featured_media":0,"parent":0,"menu_order":0,"comment_status":"closed","ping_status":"closed","template":"","meta":{"footnotes":""},"class_list":["post-201","page","type-page","status-publish","hentry"],"_links":{"self":[{"href":"https:\/\/webs.uab.cat\/arqueozoologia\/wp-json\/wp\/v2\/pages\/201","targetHints":{"allow":["GET"]}}],"collection":[{"href":"https:\/\/webs.uab.cat\/arqueozoologia\/wp-json\/wp\/v2\/pages"}],"about":[{"href":"https:\/\/webs.uab.cat\/arqueozoologia\/wp-json\/wp\/v2\/types\/page"}],"author":[{"embeddable":true,"href":"https:\/\/webs.uab.cat\/arqueozoologia\/wp-json\/wp\/v2\/users\/20"}],"replies":[{"embeddable":true,"href":"https:\/\/webs.uab.cat\/arqueozoologia\/wp-json\/wp\/v2\/comments?post=201"}],"version-history":[{"count":1,"href":"https:\/\/webs.uab.cat\/arqueozoologia\/wp-json\/wp\/v2\/pages\/201\/revisions"}],"predecessor-version":[{"id":437,"href":"https:\/\/webs.uab.cat\/arqueozoologia\/wp-json\/wp\/v2\/pages\/201\/revisions\/437"}],"wp:attachment":[{"href":"https:\/\/webs.uab.cat\/arqueozoologia\/wp-json\/wp\/v2\/media?parent=201"}],"curies":[{"name":"wp","href":"https:\/\/api.w.org\/{rel}","templated":true}]}}