{"id":71,"date":"2009-05-25T13:22:03","date_gmt":"2009-05-25T11:22:03","guid":{"rendered":"https:\/\/webs.uab.cat\/arquezoologia\/projectes-rd\/"},"modified":"2023-03-06T10:35:50","modified_gmt":"2023-03-06T08:35:50","slug":"projectes-rd","status":"publish","type":"page","link":"https:\/\/webs.uab.cat\/arqueozoologia\/projectes-rd\/","title":{"rendered":"Projectes de R+D"},"content":{"rendered":"\n<p>El Laboratori d\u2019Arqueozoologia desenvolupa i participa en molts projectes de recerca nacionals i internacionals.<\/p>\n\n\n\n<p>Els projectes que es mostren a continuaci\u00f3 inclouen nom\u00e9s els projectes dirigits per membres del laboratori d\u2019Arqueozoologia i els projectes interuniversitaris.<\/p>\n\n\n\n<p>A la secci\u00f3\u00a0<a href=\"https:\/\/webs.uab.cat\/arquezoologia\/qui-som\">Qui som?<\/a>, podeu consultar altres projectes on els nostres membres desenvolupen la seva recerca.<\/p>\n\n\n\n<h2 class=\"wp-block-heading\"><strong>Projectes de recerca en actiu:<\/strong><\/h2>\n\n\n\n<h3 class=\"wp-block-heading\">Finan\u00e7ats per institucions p\u00fabliques regionals<\/h3>\n\n\n\n<p>CLT009\/18\/00023&nbsp;<strong>Evoluci\u00f3 del poblament i \u00fas del territori al Prepirineu oriental durant la prehist\u00f2ria recent (10000-900 cal BC)<\/strong>. IP: Maria Sa\u00f1a. Subvencions per a projectes quadriennals de recerca en mat\u00e8ria d&#8217;arqueologia I Paleontologia de la Generalitat de Catalunya. 2018-2021<\/p>\n\n\n\n<h3 class=\"wp-block-heading\">Finan\u00e7ats per institucions p\u00fabliques nacionals<\/h3>\n\n\n\n<p>HAR2017-88304-P.&nbsp;<strong>Arqueobioqu\u00edmica de la alimentaci\u00f3n durante el Neol\u00edtico Peninsular: nuevos marcadores y referenciales para el estudio de las pautas de reproducci\u00f3n y consumo en Arqueolog\u00eda<\/strong>. IP: Maria Sa\u00f1a, Xavier Clop. Ministerio de Econom\u00eda, Ind\u00fastria y Competitividad. 2018-2021<\/p>\n\n\n\n<h3 class=\"wp-block-heading\">Finan\u00e7ats per institucions p\u00fabliques europees<\/h3>\n\n\n\n<p>2019 TRADITION:&nbsp;<strong>Long-term coastal adaptation, food security and poverty alleviatiaon in Latin America<\/strong>. ERC-Consolidator Grant No 817911-&nbsp;<a href=\"https:\/\/erc-tradition.eu\/\">https:\/\/erc-tradition.eu\/<\/a>&nbsp;&#8211; IP: Andre Carlo Colonese<\/p>\n\n\n\n<h3 class=\"wp-block-heading\">Finan\u00e7ats per institucions privades<\/h3>\n\n\n\n<p>2019 \u2013 In progress.&nbsp;<strong>Exploring the origin of food production in the Atlantic Forest:<\/strong>&nbsp;National Geographic Explorer Grant, PI: Andr\u00e9 Carlo Colonese (UAB).<\/p>\n\n\n\n<h2 class=\"wp-block-heading\"><strong>Projectes de recerca anteriors (\u00faltims 10 anys):<\/strong><\/h2>\n\n\n\n<h3 class=\"wp-block-heading\">Finan\u00e7ats per institucions p\u00fabliques regionals<\/h3>\n\n\n\n<p>2014\/100638:&nbsp;<strong>Evoluci\u00f3 del poblament i \u00fas del territori al prepirineu oriental durant la prehist\u00f2ria recent (8000-900 cal ane): an\u00e0lisi arqueoecol\u00f2gica de les din\u00e0miques de canvi social i de la gesti\u00f3 dels recursos naturals<\/strong>. IP: Maria Sa\u00f1a Segu\u00ed, Departamemt de Cultura, Generalitat de Catalunya. 2014-2017<\/p>\n\n\n\n<h3 class=\"wp-block-heading\">Finan\u00e7ats per institucions p\u00fabliques nacionals<\/h3>\n\n\n\n<p>HAR2014-60081-R:&nbsp;<strong>Producci\u00f3n animal y cer\u00e1mica en el Neol\u00edtico peninsular. estudio biogeoqu\u00edmico integrado del consumo y las practicas culinarias.<\/strong>&nbsp;IP: Maria Sa\u00f1a. Ministerio de Ciencia e Innovaci\u00f3n.<\/p>\n\n\n\n<p>HAR2011-24356&nbsp;<strong>An\u00e1lisis etnoarqueologico de la reproduccion en sociedades cazadoras-recolectoras<\/strong>. IP: Jordi Est\u00e9vez (with A.Vila). Ministerio de Ciencia e Inovaci\u00f3n<\/p>\n\n\n\n<p>HAR2009-07123&nbsp;<strong>An\u00e1lisis etnoarqueol\u00f3gico y paleoambiental aplicados a la Prehistoria europea: grupos meso-neol\u00edticos de Escocia<\/strong>. IP: Karen Hardy (with J.Est\u00e9vez y A.Vila). Ministerio de Ciencia e Innovaci\u00f3n<\/p>\n\n\n\n<h3 class=\"wp-block-heading\">Finan\u00e7ats per institucions p\u00fabliques europees<\/h3>\n\n\n\n<h3 class=\"wp-block-heading\">Finan\u00e7ats per institucions privades<\/h3>\n","protected":false},"excerpt":{"rendered":"<p>El Laboratori d\u2019Arqueozoologia desenvolupa i participa en molts projectes de recerca nacionals i internacionals. Els projectes que es mostren a continuaci\u00f3 inclouen nom\u00e9s els projectes dirigits per membres del laboratori d\u2019Arqueozoologia i els projectes interuniversitaris. A la secci\u00f3\u00a0Qui som?, podeu consultar altres projectes on els nostres membres desenvolupen la seva recerca. Projectes de recerca en [&hellip;]<\/p>\n","protected":false},"author":20,"featured_media":0,"parent":0,"menu_order":0,"comment_status":"closed","ping_status":"closed","template":"","meta":{"footnotes":""},"class_list":["post-71","page","type-page","status-publish","hentry"],"_links":{"self":[{"href":"https:\/\/webs.uab.cat\/arqueozoologia\/wp-json\/wp\/v2\/pages\/71","targetHints":{"allow":["GET"]}}],"collection":[{"href":"https:\/\/webs.uab.cat\/arqueozoologia\/wp-json\/wp\/v2\/pages"}],"about":[{"href":"https:\/\/webs.uab.cat\/arqueozoologia\/wp-json\/wp\/v2\/types\/page"}],"author":[{"embeddable":true,"href":"https:\/\/webs.uab.cat\/arqueozoologia\/wp-json\/wp\/v2\/users\/20"}],"replies":[{"embeddable":true,"href":"https:\/\/webs.uab.cat\/arqueozoologia\/wp-json\/wp\/v2\/comments?post=71"}],"version-history":[{"count":1,"href":"https:\/\/webs.uab.cat\/arqueozoologia\/wp-json\/wp\/v2\/pages\/71\/revisions"}],"predecessor-version":[{"id":440,"href":"https:\/\/webs.uab.cat\/arqueozoologia\/wp-json\/wp\/v2\/pages\/71\/revisions\/440"}],"wp:attachment":[{"href":"https:\/\/webs.uab.cat\/arqueozoologia\/wp-json\/wp\/v2\/media?parent=71"}],"curies":[{"name":"wp","href":"https:\/\/api.w.org\/{rel}","templated":true}]}}