{"id":249,"date":"2022-03-17T07:47:54","date_gmt":"2022-03-17T05:47:54","guid":{"rendered":"https:\/\/webs.uab.cat\/arsad\/sponsors2021\/"},"modified":"2022-10-13T11:21:42","modified_gmt":"2022-10-13T09:21:42","slug":"sponsors2021","status":"publish","type":"page","link":"https:\/\/webs.uab.cat\/arsad\/sponsors2021\/","title":{"rendered":"Sponsors ARSAD 2021"},"content":{"rendered":"\n<h2 class=\"wp-block-heading\"><strong><span style=\"font-size: 18px;\"><span style=\"font-family: verdana,geneva,sans-serif;\">ARSAD 2021 sponsors<\/span><\/span><\/strong><\/h2>\n\n\n\n<h3 class=\"wp-block-heading\"><span style=\"font-size: 18px;\"><span style=\"font-family: verdana,geneva,sans-serif;\"><strong>Gold&nbsp;sponsors<\/strong><\/span><\/span><\/h3>\n\n\n\n<figure class=\"wp-block-image\"><a href=\"http:\/\/www.bridgemultimedia.com\"><img loading=\"lazy\" decoding=\"async\" width=\"273\" height=\"64\" src=\"https:\/\/webs.uab.cat\/arsad\/wp-content\/uploads\/sites\/251\/2016\/05\/bridge2.png\" alt=\"Logotipo de Bridge Multimedia\" class=\"wp-image-168\"\/><\/a><\/figure>\n\n\n\n<figure class=\"wp-block-image is-resized\"><a href=\"http:\/\/www.subti.com\" target=\"_blank\" rel=\"noopener\"><img loading=\"lazy\" decoding=\"async\" src=\"https:\/\/webs.uab.cat\/arsad\/wp-content\/uploads\/sites\/251\/2016\/05\/subtit-2.jpg\" alt=\"SUB-TI logo\" class=\"wp-image-169\" width=\"277\" height=\"143\" srcset=\"https:\/\/webs.uab.cat\/arsad\/wp-content\/uploads\/sites\/251\/2016\/05\/subtit-2.jpg 531w, https:\/\/webs.uab.cat\/arsad\/wp-content\/uploads\/sites\/251\/2016\/05\/subtit-2-300x155.jpg 300w\" sizes=\"auto, (max-width: 277px) 100vw, 277px\" \/><\/a><\/figure>\n\n\n\n<figure class=\"wp-block-image is-resized\"><a href=\"http:\/\/www.subtiaccess.com\"><img loading=\"lazy\" decoding=\"async\" src=\"https:\/\/webs.uab.cat\/arsad\/wp-content\/uploads\/sites\/251\/2016\/05\/logo_subti_access.png\" alt=\"Sub-Ti Access Logo\" class=\"wp-image-170\" width=\"278\" height=\"144\" srcset=\"https:\/\/webs.uab.cat\/arsad\/wp-content\/uploads\/sites\/251\/2016\/05\/logo_subti_access.png 800w, https:\/\/webs.uab.cat\/arsad\/wp-content\/uploads\/sites\/251\/2016\/05\/logo_subti_access-300x156.png 300w, https:\/\/webs.uab.cat\/arsad\/wp-content\/uploads\/sites\/251\/2016\/05\/logo_subti_access-768x400.png 768w\" sizes=\"auto, (max-width: 278px) 100vw, 278px\" \/><\/a><\/figure>\n\n\n\n<p><span style=\"font-size: 18px;\"><span style=\"font-family: verdana,geneva,sans-serif;\"><strong><\/strong>&nbsp;&nbsp;<br>&nbsp;&nbsp;<\/span><\/span><\/p>\n\n\n\n<h3 class=\"wp-block-heading\"><span style=\"font-size: 18px;\"><span style=\"font-family: verdana,geneva,sans-serif;\"><strong>Silver&nbsp;sponsors<\/strong><\/span><\/span><\/h3>\n\n\n\n<figure class=\"wp-block-image is-resized\"><a href=\"http:\/\/www.audiodescribe.com\/\"><img loading=\"lazy\" decoding=\"async\" src=\"https:\/\/webs.uab.cat\/arsad\/wp-content\/uploads\/sites\/251\/2016\/05\/logo_ada_1.jpg\" alt=\"Audio Description Associates Logo\" class=\"wp-image-171\" width=\"281\" height=\"106\" srcset=\"https:\/\/webs.uab.cat\/arsad\/wp-content\/uploads\/sites\/251\/2016\/05\/logo_ada_1.jpg 717w, https:\/\/webs.uab.cat\/arsad\/wp-content\/uploads\/sites\/251\/2016\/05\/logo_ada_1-300x114.jpg 300w\" sizes=\"auto, (max-width: 281px) 100vw, 281px\" \/><\/a><\/figure>\n\n\n\n<p><span style=\"font-size: 18px;\"><span style=\"font-family: verdana,geneva,sans-serif;\"><\/span><\/span><\/p>\n\n\n\n<figure class=\"wp-block-image is-resized\"><a href=\"https:\/\/ooona.net\/\" target=\"_blank\" rel=\"noopener\"><img loading=\"lazy\" decoding=\"async\" src=\"https:\/\/webs.uab.cat\/arsad\/wp-content\/uploads\/sites\/251\/2020\/09\/ooona-05b.jpg\" alt=\"OOONA Logo\" class=\"wp-image-233\" width=\"276\" height=\"76\" srcset=\"https:\/\/webs.uab.cat\/arsad\/wp-content\/uploads\/sites\/251\/2020\/09\/ooona-05b.jpg 800w, https:\/\/webs.uab.cat\/arsad\/wp-content\/uploads\/sites\/251\/2020\/09\/ooona-05b-300x83.jpg 300w, https:\/\/webs.uab.cat\/arsad\/wp-content\/uploads\/sites\/251\/2020\/09\/ooona-05b-768x213.jpg 768w\" sizes=\"auto, (max-width: 276px) 100vw, 276px\" \/><\/a><\/figure>\n\n\n\n<p><span style=\"font-size: 18px;\"><span style=\"font-family: verdana,geneva,sans-serif;\"><\/span><\/span><\/p>\n\n\n\n<h3 class=\"wp-block-heading\"><span style=\"font-size: 18px;\"><span style=\"font-family: verdana,geneva,sans-serif;\"><strong>Bronze sponsors<\/strong><\/span><\/span><\/h3>\n\n\n\n<figure class=\"wp-block-image\"><a href=\"https:\/\/www.anglatecnic.com\/\" target=\"_blank\" rel=\"noopener\"><img loading=\"lazy\" decoding=\"async\" width=\"300\" height=\"140\" src=\"https:\/\/webs.uab.cat\/arsad\/wp-content\/uploads\/sites\/251\/2020\/09\/logo_anglatecnic.jpg\" alt=\"ANGLATECNIC logo\" class=\"wp-image-234\"\/><\/a><\/figure>\n\n\n\n<p><span style=\"font-size: 18px;\"><span style=\"font-family: verdana,geneva,sans-serif;\"><\/span><\/span><\/p>\n\n\n\n<figure class=\"wp-block-image is-resized\"><a href=\"https:\/\/rusubtitles.com\/en\/main\/\"><img loading=\"lazy\" decoding=\"async\" src=\"https:\/\/webs.uab.cat\/arsad\/wp-content\/uploads\/sites\/251\/2020\/09\/rufilm-logo.png\" alt=\"Rufilms LOGO\" class=\"wp-image-235\" width=\"280\" height=\"280\" srcset=\"https:\/\/webs.uab.cat\/arsad\/wp-content\/uploads\/sites\/251\/2020\/09\/rufilm-logo.png 600w, https:\/\/webs.uab.cat\/arsad\/wp-content\/uploads\/sites\/251\/2020\/09\/rufilm-logo-300x300.png 300w, https:\/\/webs.uab.cat\/arsad\/wp-content\/uploads\/sites\/251\/2020\/09\/rufilm-logo-150x150.png 150w\" sizes=\"auto, (max-width: 280px) 100vw, 280px\" \/><\/a><\/figure>\n\n\n\n<p><span style=\"font-size: 18px;\"><span style=\"font-family: verdana,geneva,sans-serif;\"><\/span><\/span><\/p>\n\n\n\n<p><span style=\"font-size: 18px;\"><span style=\"font-family: verdana,geneva,sans-serif;\"><strong>TransMedia Catalonia<\/strong> is a research group funded by Secretaria d\u2019Universitats i Recerca del Departament d\u2019Empresa i Coneixement de la Generalitat de Catalunya, under the SGR funding scheme (ref. code 2017SGR113).<\/span><\/span><\/p>\n\n\n\n<figure class=\"wp-block-image is-resized\"><a href=\"http:\/\/grupsderecerca.uab.cat\/transmedia\/\"><img loading=\"lazy\" decoding=\"async\" src=\"https:\/\/webs.uab.cat\/arsad\/wp-content\/uploads\/sites\/251\/2020\/09\/transmedia-logo-300px-a72.jpg\" alt=\"Transmedia Catalonia Logo\" class=\"wp-image-236\" width=\"271\" height=\"271\"\/><\/a><\/figure>\n\n\n\n<figure class=\"wp-block-image is-resized\"><a href=\"http:\/\/universitatsirecerca.gencat.cat\/ca\/01_secretaria_duniversitats_i_recerca\/\"><img loading=\"lazy\" decoding=\"async\" src=\"https:\/\/webs.uab.cat\/arsad\/wp-content\/uploads\/sites\/251\/2020\/09\/logogeneralitat.jpg\" alt=\"Logo: Generalitat de Catalunya, Secretaria d'Universitats i Recerca\" class=\"wp-image-237\" width=\"267\" height=\"40\" srcset=\"https:\/\/webs.uab.cat\/arsad\/wp-content\/uploads\/sites\/251\/2020\/09\/logogeneralitat.jpg 667w, https:\/\/webs.uab.cat\/arsad\/wp-content\/uploads\/sites\/251\/2020\/09\/logogeneralitat-300x45.jpg 300w\" sizes=\"auto, (max-width: 267px) 100vw, 267px\" \/><\/a><\/figure>\n\n\n\n<p><span style=\"font-size: 18px;\"><span style=\"font-family: verdana,geneva,sans-serif;\">&nbsp;<\/span><\/span><\/p>\n\n\n\n<p><span style=\"font-size: 18px;\"><span style=\"font-family: verdana,geneva,sans-serif;\">The RAD project is funded by the Spanish Ministry of Science, Innovation and Universities, reference code PGC2018-096566-B-I00 (MCIU \/ AEI \/ FEDER, UE).<\/span><\/span><\/p>\n\n\n\n<figure class=\"wp-block-image is-resized\"><img loading=\"lazy\" decoding=\"async\" src=\"https:\/\/webs.uab.cat\/arsad\/wp-content\/uploads\/sites\/251\/2020\/09\/arsad-2019-20-5-logo-rad-300px.png\" alt=\"RAD  Logo\" class=\"wp-image-238\" width=\"260\" height=\"119\"\/><\/figure>\n\n\n\n<figure class=\"wp-block-image is-resized\"><img loading=\"lazy\" decoding=\"async\" src=\"https:\/\/webs.uab.cat\/arsad\/wp-content\/uploads\/sites\/251\/2020\/09\/arsad-aei-solo-01-apaisado_250x250.jpg\" alt=\"Agencia Estatal de Investigaci\u00f3n.  Logo\" class=\"wp-image-239\" width=\"261\" height=\"199\"\/><\/figure>\n\n\n\n<figure class=\"wp-block-image is-resized\"><img loading=\"lazy\" decoding=\"async\" src=\"https:\/\/webs.uab.cat\/arsad\/wp-content\/uploads\/sites\/251\/2020\/09\/arsad-feder_color_1.gif\" alt=\"Uni\u00f3n Europea.  Fondo Europeo de Derarrollo Regional &quot;Una manera de hacer Europa&quot;.  Logo\" class=\"wp-image-240\" width=\"266\" height=\"225\"\/><\/figure>\n\n\n\n<figure class=\"wp-block-image is-resized\"><img loading=\"lazy\" decoding=\"async\" src=\"https:\/\/webs.uab.cat\/arsad\/wp-content\/uploads\/sites\/251\/2020\/09\/arsad-1_ministerioeconomiacompetitividad.jpg\" alt=\"Gobierno de Espa\u00f1a.  Ministerio de Econom\u00eda y Competitividad.  Logo\" class=\"wp-image-241\" width=\"245\" height=\"64\" srcset=\"https:\/\/webs.uab.cat\/arsad\/wp-content\/uploads\/sites\/251\/2020\/09\/arsad-1_ministerioeconomiacompetitividad.jpg 800w, https:\/\/webs.uab.cat\/arsad\/wp-content\/uploads\/sites\/251\/2020\/09\/arsad-1_ministerioeconomiacompetitividad-300x80.jpg 300w, https:\/\/webs.uab.cat\/arsad\/wp-content\/uploads\/sites\/251\/2020\/09\/arsad-1_ministerioeconomiacompetitividad-768x204.jpg 768w\" sizes=\"auto, (max-width: 245px) 100vw, 245px\" \/><\/figure>\n\n\n\n<p><span style=\"font-size: 18px;\"><span style=\"font-family: verdana,geneva,sans-serif;\">&nbsp;&nbsp;&nbsp;&nbsp;&nbsp;&nbsp;<\/span><\/span><\/p>\n\n\n\n<h3 class=\"wp-block-heading\"><span style=\"font-size: 18px;\"><span style=\"font-family: verdana,geneva,sans-serif;\"><strong>Accessibility sponsors<\/strong><\/span><\/span><\/h3>\n\n\n\n<figure class=\"wp-block-image is-resized\"><a href=\"http:\/\/acpacces.cat\" target=\"_blank\" rel=\"noopener\"><img loading=\"lazy\" decoding=\"async\" src=\"https:\/\/webs.uab.cat\/arsad\/wp-content\/uploads\/sites\/251\/2016\/05\/acpa3a.jpg\" alt=\"ACPA Asociaci\u00f3 Catalana per la promoci\u00f3 de l'accessibilitat  Logo\" class=\"wp-image-172\" width=\"304\" height=\"111\" srcset=\"https:\/\/webs.uab.cat\/arsad\/wp-content\/uploads\/sites\/251\/2016\/05\/acpa3a.jpg 610w, https:\/\/webs.uab.cat\/arsad\/wp-content\/uploads\/sites\/251\/2016\/05\/acpa3a-300x109.jpg 300w\" sizes=\"auto, (max-width: 304px) 100vw, 304px\" \/><\/a><\/figure>\n\n\n\n<p><span style=\"font-size: 18px;\"><span style=\"font-family: verdana,geneva,sans-serif;\"><\/span><\/span><\/p>\n\n\n\n<h3 class=\"wp-block-heading\"><span style=\"font-size: 18px;\"><span style=\"font-family: verdana,geneva,sans-serif;\"><strong>Media partners<\/strong><\/span><\/span><\/h3>\n\n\n\n<figure class=\"wp-block-image is-resized\"><a href=\"https:\/\/mapaccess.uab.cat\/\" target=\"_blank\" rel=\"noopener\"><img loading=\"lazy\" decoding=\"async\" src=\"https:\/\/webs.uab.cat\/arsad\/wp-content\/uploads\/sites\/251\/2016\/05\/01maplogodef_color.jpg\" alt=\"Logo MAP Media Accessibility Platform\" class=\"wp-image-173\" width=\"288\" height=\"127\" srcset=\"https:\/\/webs.uab.cat\/arsad\/wp-content\/uploads\/sites\/251\/2016\/05\/01maplogodef_color.jpg 400w, https:\/\/webs.uab.cat\/arsad\/wp-content\/uploads\/sites\/251\/2016\/05\/01maplogodef_color-300x132.jpg 300w\" sizes=\"auto, (max-width: 288px) 100vw, 288px\" \/><\/a><\/figure>\n\n\n\n<p><span style=\"font-size: 18px;\"><span style=\"font-family: verdana,geneva,sans-serif;\"><\/span><\/span><\/p>\n\n\n\n<figure class=\"wp-block-image is-resized\"><a href=\"http:\/\/www.fred.fm\/\" target=\"_blank\" rel=\"noopener\"><img loading=\"lazy\" decoding=\"async\" src=\"https:\/\/webs.uab.cat\/arsad\/wp-content\/uploads\/sites\/251\/2016\/05\/frednewlogo_hd-ok.jpg\" alt=\"Logo FRED radio\" class=\"wp-image-174\" width=\"279\" height=\"126\"\/><\/a><\/figure>\n\n\n\n<p><span style=\"font-size: 18px;\"><span style=\"font-family: verdana,geneva,sans-serif;\"><\/span><\/span><\/p>\n\n\n\n<h3 class=\"wp-block-heading\"><span style=\"font-size: 18px;\"><span style=\"font-family: verdana,geneva,sans-serif;\"><strong>Supporting organisations<\/strong><\/span><\/span><\/h3>\n\n\n\n<figure class=\"wp-block-image is-resized\"><a href=\"https:\/\/www.esist.org\/\" target=\"_blank\" rel=\"noopener\"><img loading=\"lazy\" decoding=\"async\" src=\"https:\/\/webs.uab.cat\/arsad\/wp-content\/uploads\/sites\/251\/2019\/11\/esist.jpg\" alt=\"Logo ESIST Asociaci\u00f3n Europea de Estudios en Traducci\u00f3n de Pantalla\" class=\"wp-image-224\" width=\"267\" height=\"101\"\/><\/a><\/figure>\n\n\n\n<figure class=\"wp-block-image is-resized\"><a href=\"http:\/\/atrae.org\/\" target=\"_blank\" rel=\"noopener\"><img loading=\"lazy\" decoding=\"async\" src=\"https:\/\/webs.uab.cat\/arsad\/wp-content\/uploads\/sites\/251\/2019\/11\/atrae-logo.png\" alt=\"Logo ATRAE Asociaci\u00f3n de Traducci\u00f3n y Adaptaci\u00f3n Audiovisual de Espa\u00f1a\" class=\"wp-image-225\" width=\"243\" height=\"117\"\/><\/a><\/figure>\n\n\n\n<p><span style=\"font-size: 18px;\"><span style=\"font-family: verdana,geneva,sans-serif;\">&nbsp; &nbsp; &nbsp; &nbsp;<\/span><\/span><\/p>\n\n\n\n<figure class=\"wp-block-image is-resized\"><a href=\"https:\/\/atav.pt\/\" target=\"_blank\" rel=\"noopener\"><img loading=\"lazy\" decoding=\"async\" src=\"https:\/\/webs.uab.cat\/arsad\/wp-content\/uploads\/sites\/251\/2019\/11\/atav-blue-two-tone.jpg\" alt=\"Logo ATAV - Associa\u00e7\u00e3o Portuguesa de Tradutores de Audiovisuais\" class=\"wp-image-226\" width=\"263\" height=\"134\" srcset=\"https:\/\/webs.uab.cat\/arsad\/wp-content\/uploads\/sites\/251\/2019\/11\/atav-blue-two-tone.jpg 612w, https:\/\/webs.uab.cat\/arsad\/wp-content\/uploads\/sites\/251\/2019\/11\/atav-blue-two-tone-300x152.jpg 300w\" sizes=\"auto, (max-width: 263px) 100vw, 263px\" \/><\/a><\/figure>\n\n\n\n<figure class=\"wp-block-image is-resized\"><a href=\"http:\/\/avteurope.eu\/\" target=\"_blank\" rel=\"noopener\"><img loading=\"lazy\" decoding=\"async\" src=\"https:\/\/webs.uab.cat\/arsad\/wp-content\/uploads\/sites\/251\/2019\/11\/meida4-a-logo.png\" alt=\"AVTE Audiovisual Translators Europe LOGO\" class=\"wp-image-227\" width=\"256\" height=\"187\" srcset=\"https:\/\/webs.uab.cat\/arsad\/wp-content\/uploads\/sites\/251\/2019\/11\/meida4-a-logo.png 400w, https:\/\/webs.uab.cat\/arsad\/wp-content\/uploads\/sites\/251\/2019\/11\/meida4-a-logo-300x219.png 300w\" sizes=\"auto, (max-width: 256px) 100vw, 256px\" \/><\/a><\/figure>\n\n\n\n<p><span style=\"font-size: 18px;\"><span style=\"font-family: verdana,geneva,sans-serif;\">&nbsp; &nbsp; &nbsp; &nbsp;<\/span><\/span><\/p>\n\n\n\n<figure class=\"wp-block-image is-resized\"><img loading=\"lazy\" decoding=\"async\" src=\"https:\/\/webs.uab.cat\/arsad\/wp-content\/uploads\/sites\/251\/2019\/11\/esl.jpg\" alt=\"ESL Eurasian Subtitlers League LOGO\" class=\"wp-image-228\" width=\"276\" height=\"92\"\/><\/figure>\n","protected":false},"excerpt":{"rendered":"<p>ARSAD 2021 sponsors Gold&nbsp;sponsors &nbsp;&nbsp;&nbsp;&nbsp; Silver&nbsp;sponsors Bronze sponsors TransMedia Catalonia is a research group funded by Secretaria d\u2019Universitats i Recerca del Departament d\u2019Empresa i Coneixement de la Generalitat de Catalunya, under the SGR funding scheme (ref. code 2017SGR113). &nbsp; The RAD project is funded by the Spanish Ministry of Science, Innovation and Universities, reference code [&hellip;]<\/p>\n","protected":false},"author":20,"featured_media":0,"parent":0,"menu_order":0,"comment_status":"closed","ping_status":"closed","template":"","meta":{"footnotes":""},"class_list":["post-249","page","type-page","status-publish","hentry"],"_links":{"self":[{"href":"https:\/\/webs.uab.cat\/arsad\/wp-json\/wp\/v2\/pages\/249","targetHints":{"allow":["GET"]}}],"collection":[{"href":"https:\/\/webs.uab.cat\/arsad\/wp-json\/wp\/v2\/pages"}],"about":[{"href":"https:\/\/webs.uab.cat\/arsad\/wp-json\/wp\/v2\/types\/page"}],"author":[{"embeddable":true,"href":"https:\/\/webs.uab.cat\/arsad\/wp-json\/wp\/v2\/users\/20"}],"replies":[{"embeddable":true,"href":"https:\/\/webs.uab.cat\/arsad\/wp-json\/wp\/v2\/comments?post=249"}],"version-history":[{"count":1,"href":"https:\/\/webs.uab.cat\/arsad\/wp-json\/wp\/v2\/pages\/249\/revisions"}],"predecessor-version":[{"id":443,"href":"https:\/\/webs.uab.cat\/arsad\/wp-json\/wp\/v2\/pages\/249\/revisions\/443"}],"wp:attachment":[{"href":"https:\/\/webs.uab.cat\/arsad\/wp-json\/wp\/v2\/media?parent=249"}],"curies":[{"name":"wp","href":"https:\/\/api.w.org\/{rel}","templated":true}]}}