{"id":106,"date":"2016-04-26T10:53:32","date_gmt":"2016-04-26T10:53:32","guid":{"rendered":"https:\/\/webs.uab.cat\/asome\/actualitat-0\/"},"modified":"2025-09-15T08:03:53","modified_gmt":"2025-09-15T08:03:53","slug":"actualitat-0","status":"publish","type":"page","link":"https:\/\/webs.uab.cat\/asome\/actualitat-0\/","title":{"rendered":"Actualitat"},"content":{"rendered":"\n<figure class=\"wp-block-image size-large\"><img loading=\"lazy\" decoding=\"async\" width=\"1024\" height=\"577\" src=\"https:\/\/webs.uab.cat\/asome\/wp-content\/uploads\/sites\/387\/2025\/09\/image-1024x577.png\" alt=\"\" class=\"wp-image-1018\" srcset=\"https:\/\/webs.uab.cat\/asome\/wp-content\/uploads\/sites\/387\/2025\/09\/image-1024x577.png 1024w, https:\/\/webs.uab.cat\/asome\/wp-content\/uploads\/sites\/387\/2025\/09\/image-300x169.png 300w, https:\/\/webs.uab.cat\/asome\/wp-content\/uploads\/sites\/387\/2025\/09\/image-768x433.png 768w, https:\/\/webs.uab.cat\/asome\/wp-content\/uploads\/sites\/387\/2025\/09\/image-1536x865.png 1536w, https:\/\/webs.uab.cat\/asome\/wp-content\/uploads\/sites\/387\/2025\/09\/image-1200x676.png 1200w, https:\/\/webs.uab.cat\/asome\/wp-content\/uploads\/sites\/387\/2025\/09\/image.png 1916w\" sizes=\"auto, (max-width: 1024px) 100vw, 1024px\" \/><\/figure>\n\n\n\n<p>IB3 a la carta. <a href=\"https:\/\/ib3alacarta.com\/play\/tv\/menorcatalaiotica\/e1\" data-type=\"link\" data-id=\"https:\/\/ib3alacarta.com\/play\/tv\/menorcatalaiotica\/e1\">Menorca talai\u00f2tica<\/a>. <\/p>\n\n\n\n<figure class=\"wp-block-image size-full\"><img loading=\"lazy\" decoding=\"async\" width=\"923\" height=\"663\" src=\"https:\/\/webs.uab.cat\/asome\/wp-content\/uploads\/sites\/387\/2025\/07\/image-2.png\" alt=\"\" class=\"wp-image-1014\" srcset=\"https:\/\/webs.uab.cat\/asome\/wp-content\/uploads\/sites\/387\/2025\/07\/image-2.png 923w, https:\/\/webs.uab.cat\/asome\/wp-content\/uploads\/sites\/387\/2025\/07\/image-2-300x215.png 300w, https:\/\/webs.uab.cat\/asome\/wp-content\/uploads\/sites\/387\/2025\/07\/image-2-768x552.png 768w\" sizes=\"auto, (max-width: 923px) 100vw, 923px\" \/><\/figure>\n\n\n\n<p>ULTIMA HORA. <a href=\"https:\/\/www.ultimahora.es\/noticias\/part-forana\/2025\/07\/15\/2429359\/son-fornes-cree-haber-dado-tucis-ciudad-perdida-roma.html\" data-type=\"link\" data-id=\"https:\/\/www.ultimahora.es\/noticias\/part-forana\/2025\/07\/15\/2429359\/son-fornes-cree-haber-dado-tucis-ciudad-perdida-roma.html\">Son Forn\u00e9s cree haber dado con Tucis, la ciudad perdida de Roma <\/a>per Elena Ballestero. 15\/07\/2025.<\/p>\n\n\n\n<figure class=\"wp-block-image size-large\"><img loading=\"lazy\" decoding=\"async\" width=\"1024\" height=\"651\" src=\"https:\/\/webs.uab.cat\/asome\/wp-content\/uploads\/sites\/387\/2025\/07\/image-1-1024x651.png\" alt=\"\" class=\"wp-image-1013\" srcset=\"https:\/\/webs.uab.cat\/asome\/wp-content\/uploads\/sites\/387\/2025\/07\/image-1-1024x651.png 1024w, https:\/\/webs.uab.cat\/asome\/wp-content\/uploads\/sites\/387\/2025\/07\/image-1-300x191.png 300w, https:\/\/webs.uab.cat\/asome\/wp-content\/uploads\/sites\/387\/2025\/07\/image-1-768x489.png 768w, https:\/\/webs.uab.cat\/asome\/wp-content\/uploads\/sites\/387\/2025\/07\/image-1.png 1036w\" sizes=\"auto, (max-width: 1024px) 100vw, 1024px\" \/><\/figure>\n\n\n\n<p>TOT PL\u00c0. <a href=\"https:\/\/www.totpla.cat\/2025\/07\/12\/a-la-vista-la-ciutat-romana-de-son-forners\/\" data-type=\"link\" data-id=\"https:\/\/www.totpla.cat\/2025\/07\/12\/a-la-vista-la-ciutat-romana-de-son-forners\/\">A la vista la ciutat romana de Son Forners<\/a> per Joan Socies. 12\/07\/2025<\/p>\n\n\n\n<figure class=\"wp-block-image size-large\"><img loading=\"lazy\" decoding=\"async\" width=\"1024\" height=\"574\" src=\"https:\/\/webs.uab.cat\/asome\/wp-content\/uploads\/sites\/387\/2025\/07\/image-1024x574.png\" alt=\"\" class=\"wp-image-1009\" srcset=\"https:\/\/webs.uab.cat\/asome\/wp-content\/uploads\/sites\/387\/2025\/07\/image-1024x574.png 1024w, https:\/\/webs.uab.cat\/asome\/wp-content\/uploads\/sites\/387\/2025\/07\/image-300x168.png 300w, https:\/\/webs.uab.cat\/asome\/wp-content\/uploads\/sites\/387\/2025\/07\/image-768x431.png 768w, https:\/\/webs.uab.cat\/asome\/wp-content\/uploads\/sites\/387\/2025\/07\/image-1536x861.png 1536w, https:\/\/webs.uab.cat\/asome\/wp-content\/uploads\/sites\/387\/2025\/07\/image-1200x673.png 1200w, https:\/\/webs.uab.cat\/asome\/wp-content\/uploads\/sites\/387\/2025\/07\/image.png 1726w\" sizes=\"auto, (max-width: 1024px) 100vw, 1024px\" \/><\/figure>\n\n\n\n<p>DIARI de MALLORCA. <a href=\"https:\/\/www.diariodemallorca.es\/cultura\/2025\/07\/06\/yacimiento-son-fornes-mallorca-119387936.html\" data-type=\"link\" data-id=\"https:\/\/www.diariodemallorca.es\/cultura\/2025\/07\/06\/yacimiento-son-fornes-mallorca-119387936.html\">Son Forn\u00e9s, medio siglo de descubrimientos en un yacimiento \u00fanico<\/a> en Mallorca per Raquel Gal\u00e1n. 06\/07\/2025.<\/p>\n\n\n\n<p><a href=\"https:\/\/www.diariodemallorca.es\/cultura\/2025\/07\/06\/son-fornes-ciudad-romana-mallorca-119389073.html\">CIUDAD ANTIGUA MALLORCA | Son Forn\u00e9s, el sue\u00f1o de encontrar la tercera ciudad romana de Mallorca<\/a><\/p>\n\n\n\n<figure class=\"wp-block-image size-full\"><img loading=\"lazy\" decoding=\"async\" width=\"949\" height=\"822\" src=\"https:\/\/webs.uab.cat\/asome\/wp-content\/uploads\/sites\/387\/2025\/06\/image.png\" alt=\"\" class=\"wp-image-1004\" srcset=\"https:\/\/webs.uab.cat\/asome\/wp-content\/uploads\/sites\/387\/2025\/06\/image.png 949w, https:\/\/webs.uab.cat\/asome\/wp-content\/uploads\/sites\/387\/2025\/06\/image-300x260.png 300w, https:\/\/webs.uab.cat\/asome\/wp-content\/uploads\/sites\/387\/2025\/06\/image-768x665.png 768w\" sizes=\"auto, (max-width: 949px) 100vw, 949px\" \/><\/figure>\n\n\n\n<p>Cadena SER. <a href=\"https:\/\/cadenaser.com\/cataluna\/2025\/03\/26\/vicente-lull-tenia-un-amor-tan-gran-per-mallorca-que-havia-de-xuclar-del-seu-passat-sercat\/?outputType=amp\">Mem\u00f2ries a trav\u00e9s de la m\u00fasica. Entrevista a Vicente Lull<\/a> per Pol Rojas- 26\/03\/2025.<\/p>\n\n\n\n<p><\/p>\n","protected":false},"excerpt":{"rendered":"<p>IB3 a la carta. Menorca talai\u00f2tica. ULTIMA HORA. Son Forn\u00e9s cree haber dado con Tucis, la ciudad perdida de Roma per Elena Ballestero. 15\/07\/2025. TOT PL\u00c0. A la vista la ciutat romana de Son Forners per Joan Socies. 12\/07\/2025 DIARI de MALLORCA. Son Forn\u00e9s, medio siglo de descubrimientos en un yacimiento \u00fanico en Mallorca per [&hellip;]<\/p>\n","protected":false},"author":44,"featured_media":0,"parent":0,"menu_order":0,"comment_status":"closed","ping_status":"closed","template":"","meta":{"footnotes":""},"class_list":["post-106","page","type-page","status-publish","hentry"],"_links":{"self":[{"href":"https:\/\/webs.uab.cat\/asome\/wp-json\/wp\/v2\/pages\/106","targetHints":{"allow":["GET"]}}],"collection":[{"href":"https:\/\/webs.uab.cat\/asome\/wp-json\/wp\/v2\/pages"}],"about":[{"href":"https:\/\/webs.uab.cat\/asome\/wp-json\/wp\/v2\/types\/page"}],"author":[{"embeddable":true,"href":"https:\/\/webs.uab.cat\/asome\/wp-json\/wp\/v2\/users\/44"}],"replies":[{"embeddable":true,"href":"https:\/\/webs.uab.cat\/asome\/wp-json\/wp\/v2\/comments?post=106"}],"version-history":[{"count":4,"href":"https:\/\/webs.uab.cat\/asome\/wp-json\/wp\/v2\/pages\/106\/revisions"}],"predecessor-version":[{"id":1019,"href":"https:\/\/webs.uab.cat\/asome\/wp-json\/wp\/v2\/pages\/106\/revisions\/1019"}],"wp:attachment":[{"href":"https:\/\/webs.uab.cat\/asome\/wp-json\/wp\/v2\/media?parent=106"}],"curies":[{"name":"wp","href":"https:\/\/api.w.org\/{rel}","templated":true}]}}