{"id":359,"date":"2019-02-20T15:06:04","date_gmt":"2019-02-20T15:06:04","guid":{"rendered":"https:\/\/webs.uab.cat\/asome\/ses-arenes-de-baix\/"},"modified":"2023-03-15T18:48:49","modified_gmt":"2023-03-15T18:48:49","slug":"ses-arenes-de-baix","status":"publish","type":"page","link":"https:\/\/webs.uab.cat\/asome\/ses-arenes-de-baix\/","title":{"rendered":"Ses Arenes de Baix"},"content":{"rendered":"\n<div class=\"wp-block-buttons is-content-justification-center is-layout-flex wp-container-core-buttons-is-layout-16018d1d wp-block-buttons-is-layout-flex\">\n<div class=\"wp-block-button\"><a class=\"wp-block-button__link\" href=\"https:\/\/webs.uab.cat\/asome\/ses-arenes-de-baix-projecte\/\">Projecte<\/a><\/div>\n\n\n\n<div class=\"wp-block-button\"><a class=\"wp-block-button__link\" href=\"https:\/\/webs.uab.cat\/asome\/ses-arenes-de-baix-arquitectura\/\">Arquitectura<\/a><\/div>\n\n\n\n<div class=\"wp-block-button\"><a class=\"wp-block-button__link\" href=\"https:\/\/webs.uab.cat\/asome\/sesarenesdebaix-diposit\/\">Dip\u00f2sit<\/a><\/div>\n\n\n\n<div class=\"wp-block-button\"><a class=\"wp-block-button__link\" href=\"https:\/\/webs.uab.cat\/asome\/sesarenesdebaix-metode\/\">M\u00e8tode d&#8217;excavaci\u00f3<\/a><\/div>\n\n\n\n<div class=\"wp-block-button\"><a class=\"wp-block-button__link\" href=\"https:\/\/webs.uab.cat\/asome\/sesarenesdebaix-suport\/\">Suport institucional<\/a><\/div>\n<\/div>\n\n\n\n<figure class=\"wp-block-image\"><img loading=\"lazy\" decoding=\"async\" width=\"794\" height=\"458\" src=\"https:\/\/webs.uab.cat\/asome\/wp-content\/uploads\/sites\/387\/2019\/02\/investmja0b.gif\" alt=\"\" class=\"wp-image-355\" \/><\/figure>\n\n\n<div class=\"wp-block-image\">\n<figure class=\"alignleft\"><img loading=\"lazy\" decoding=\"async\" width=\"441\" height=\"500\" src=\"https:\/\/webs.uab.cat\/asome\/wp-content\/uploads\/sites\/387\/2019\/02\/arenes_monu.jpg\" alt=\"\" class=\"wp-image-357\" srcset=\"https:\/\/webs.uab.cat\/asome\/wp-content\/uploads\/sites\/387\/2019\/02\/arenes_monu.jpg 441w, https:\/\/webs.uab.cat\/asome\/wp-content\/uploads\/sites\/387\/2019\/02\/arenes_monu-265x300.jpg 265w\" sizes=\"auto, (max-width: 441px) 100vw, 441px\" \/><figcaption>Vista cenital de la naveta amb els esquelets exposats<\/figcaption><\/figure>\n<\/div>\n\n\n<p>Per les seves dimensions i trets arquitect\u00f2nics pot ser definit com una<strong> naveta funer\u00e0ria,<\/strong> un dels monuments m\u00e9s caracter\u00edstics de la prehist\u00f2ria menorquina, dels quals amb prou feines se&#8217;n conserva una vintena a tota l&#8217;illa.<\/p>\n\n\n\n<p>At\u00e8s que la majoria han estat espoliats o s&#8217;han investigat de manera poc rigorosa durant el segle passat, encara ara ho desconeixem gaireb\u00e9 tot sobre aquestes construccions megal\u00edtiques i de les poblacions que les van construir i van utilitzar.<\/p>\n\n\n\n<p>Les <strong>datacions de C14<\/strong> obtingudes a partir d&#8217;algunes restes humanes d&#8217;antigues excavacions situen aquest tipus de monuments entre aproximadament<strong> 1060 i 800 a.n.e.<\/strong><\/p>\n\n\n\n<p>#link_bar a { padding:10px; font-weight:bold; margin:2px; float:left; text-decoration: none;}&amp;amp;lt;br \/&gt;     #link_bar a:link { color:#707070; background-color:#ffffb3; }&amp;amp;lt;br \/&gt;     #link_bar a:visited { color:#909090; background-color:#ffffb3; }&amp;amp;lt;br \/&gt;     #link_bar a:hover { color:#ffffff; background-color:#CCCCCC; }&amp;amp;lt;br \/&gt;     #link_bar a:active { color:#f0f0f0; background-color:#00ff00; }&amp;amp;lt;br \/&gt; <\/p>\n\n\n\n<p>&nbsp;<\/p>\n\n\n\n<p>&nbsp;<\/p>\n\n\n\n<p>&nbsp;<\/p>\n\n\n\n<p>&nbsp;<\/p>\n","protected":false},"excerpt":{"rendered":"<p>Per les seves dimensions i trets arquitect\u00f2nics pot ser definit com una naveta funer\u00e0ria, un dels monuments m\u00e9s caracter\u00edstics de la prehist\u00f2ria menorquina, dels quals amb prou feines se&#8217;n conserva una vintena a tota l&#8217;illa. At\u00e8s que la majoria han estat espoliats o s&#8217;han investigat de manera poc rigorosa durant el segle passat, encara ara [&hellip;]<\/p>\n","protected":false},"author":44,"featured_media":0,"parent":0,"menu_order":0,"comment_status":"closed","ping_status":"closed","template":"","meta":{"footnotes":""},"class_list":["post-359","page","type-page","status-publish","hentry"],"_links":{"self":[{"href":"https:\/\/webs.uab.cat\/asome\/wp-json\/wp\/v2\/pages\/359","targetHints":{"allow":["GET"]}}],"collection":[{"href":"https:\/\/webs.uab.cat\/asome\/wp-json\/wp\/v2\/pages"}],"about":[{"href":"https:\/\/webs.uab.cat\/asome\/wp-json\/wp\/v2\/types\/page"}],"author":[{"embeddable":true,"href":"https:\/\/webs.uab.cat\/asome\/wp-json\/wp\/v2\/users\/44"}],"replies":[{"embeddable":true,"href":"https:\/\/webs.uab.cat\/asome\/wp-json\/wp\/v2\/comments?post=359"}],"version-history":[{"count":6,"href":"https:\/\/webs.uab.cat\/asome\/wp-json\/wp\/v2\/pages\/359\/revisions"}],"predecessor-version":[{"id":970,"href":"https:\/\/webs.uab.cat\/asome\/wp-json\/wp\/v2\/pages\/359\/revisions\/970"}],"wp:attachment":[{"href":"https:\/\/webs.uab.cat\/asome\/wp-json\/wp\/v2\/media?parent=359"}],"curies":[{"name":"wp","href":"https:\/\/api.w.org\/{rel}","templated":true}]}}