{"id":373,"date":"2019-02-21T11:45:53","date_gmt":"2019-02-21T11:45:53","guid":{"rendered":"https:\/\/webs.uab.cat\/asome\/es-carritx\/"},"modified":"2023-03-13T14:12:51","modified_gmt":"2023-03-13T14:12:51","slug":"es-carritx","status":"publish","type":"page","link":"https:\/\/webs.uab.cat\/asome\/es-carritx\/","title":{"rendered":"Es C\u00e0rritx"},"content":{"rendered":"\n<div class=\"wp-block-buttons is-content-justification-center is-layout-flex wp-container-core-buttons-is-layout-16018d1d wp-block-buttons-is-layout-flex\">\n<div class=\"wp-block-button\"><a class=\"wp-block-button__link\" href=\"https:\/\/webs.uab.cat\/asome\/es-carritx-projecte\/\">Projecte<\/a><\/div>\n\n\n\n<div class=\"wp-block-button\"><a class=\"wp-block-button__link\" href=\"https:\/\/webs.uab.cat\/asome\/es-carritx-diposit\/\">Dip\u00f2sit<\/a><\/div>\n\n\n\n<div class=\"wp-block-button\"><a class=\"wp-block-button__link\" href=\"https:\/\/webs.uab.cat\/asome\/es-carritx-ritual\/\">Ritual funerari<\/a><\/div>\n\n\n\n<div class=\"wp-block-button\"><a class=\"wp-block-button__link\" href=\"https:\/\/webs.uab.cat\/asome\/es-carritx-excavacio\/\">M\u00e8tode d&#8217;excavaci\u00f3<\/a><\/div>\n\n\n\n<div class=\"wp-block-button\"><a class=\"wp-block-button__link\" href=\"https:\/\/webs.uab.cat\/asome\/es-carritx-resultats\/\">resultats recerca<\/a><\/div>\n<\/div>\n\n\n\n<figure class=\"wp-block-image\"><img loading=\"lazy\" decoding=\"async\" width=\"794\" height=\"458\" src=\"https:\/\/webs.uab.cat\/asome\/wp-content\/uploads\/sites\/387\/2019\/02\/investmjcb.gif\" alt=\"\" class=\"wp-image-363\"\/><\/figure>\n\n\n\n<p>La <strong>cueva de Es C\u00e0rritx<\/strong> se localiza en el Barranc d&#8217;Algendar, en el sur de la isla de Menorca. Esta cavidad de origen c\u00e1rstico se form\u00f3 hace miles de a\u00f1os en el seno de una de las formaciones geol\u00f3gicas de &#8220;mar\u00e9s&#8221; (calcarenitas en el lenguaje especializado), que caracterizan el sustrato de esta parte de la isla.<\/p>\n\n\n\n<p>Se adentra <strong>230 m<\/strong> en la profundidad de la tierra, aunque s\u00f3lo los primeros <strong>170 m presentan inter\u00e9s arqueol\u00f3gico<\/strong>. Estos se dividen en <strong>siete salas<\/strong> o espacios de dimensiones variables, que fueron el escenario de distintas actividades humanas a lo largo de m\u00e1s de mil a\u00f1os.<\/p>\n\n\n\n<ul class=\"wp-block-list\"><li><strong>C\u00e0rritx I <\/strong>(entre aprox. <strong>1600 y 1450\/1400 antes de nuestra era<\/strong>). Primeras frecuentaciones humanas de la cueva. Uso ritual de las salas 3, 4, 6 y 7.<\/li><li><strong>C\u00e0rritx II<\/strong> (entre aprox. <strong>1450\/1400 y 800 antes de nuestra era<\/strong>). Uso de la Sala 1 como cementerio colectivo. A lo largo de esta fase se produjeron cambios en la utilizaci\u00f3n del espacio y en las pr\u00e1cticas funerarias. Hacia el final de esta etapa se realiz\u00f3 el dep\u00f3sito ritual de la Sala 5. Poco despu\u00e9s del cese de los enterramientos, una parte de la pared del barranco situada por encima de la entrada se desprendi\u00f3 y tapon\u00f3 casi totalmente el acceso original.<\/li><li><strong>C\u00e0rritx III <\/strong>(entre aprox. <strong>el siglo V antes de nuestra era y 700 de nuestra era<\/strong>). Varios siglos despu\u00e9s del abandono del cementerio, cuando la entrada a la cueva estaba casi obturada, algunas personas depositaron restos humanos. Despu\u00e9s de este evento, la cueva no volvi\u00f3 a ser visitada por seres humanos hasta la llegada de los espele\u00f3logos Pedro Arnau y Josep M\u00e1rquez en el mes de febrero de 1995.<\/li><\/ul>\n\n\n<div class=\"wp-block-image\">\n<figure class=\"aligncenter\"><img loading=\"lazy\" decoding=\"async\" width=\"641\" height=\"298\" src=\"https:\/\/webs.uab.cat\/asome\/wp-content\/uploads\/sites\/387\/2019\/02\/carritx1.jpg\" alt=\"\" class=\"wp-image-365\" srcset=\"https:\/\/webs.uab.cat\/asome\/wp-content\/uploads\/sites\/387\/2019\/02\/carritx1.jpg 641w, https:\/\/webs.uab.cat\/asome\/wp-content\/uploads\/sites\/387\/2019\/02\/carritx1-300x139.jpg 300w\" sizes=\"auto, (max-width: 641px) 100vw, 641px\" \/><\/figure>\n<\/div>\n\n\n<div class=\"wp-block-columns is-layout-flex wp-container-core-columns-is-layout-9d6595d7 wp-block-columns-is-layout-flex\">\n<div class=\"wp-block-column is-layout-flow wp-block-column-is-layout-flow\">\n<figure class=\"wp-block-image\"><a href=\"http:\/\/grupsderecerca.uab.cat\/asome\/ca\/content\/es-c%C3%A0rritx-c%C3%A0rritx-i\"><img loading=\"lazy\" decoding=\"async\" width=\"309\" height=\"64\" src=\"https:\/\/webs.uab.cat\/asome\/wp-content\/uploads\/sites\/387\/2019\/02\/opcio1.jpg\" alt=\"\" class=\"wp-image-367\" srcset=\"https:\/\/webs.uab.cat\/asome\/wp-content\/uploads\/sites\/387\/2019\/02\/opcio1.jpg 309w, https:\/\/webs.uab.cat\/asome\/wp-content\/uploads\/sites\/387\/2019\/02\/opcio1-300x62.jpg 300w\" sizes=\"auto, (max-width: 309px) 100vw, 309px\" \/><\/a><\/figure>\n<\/div>\n\n\n\n<div class=\"wp-block-column is-layout-flow wp-block-column-is-layout-flow\">\n<figure class=\"wp-block-image\"><a href=\"http:\/\/grupsderecerca.uab.cat\/asome\/ca\/content\/es-c%C3%A0rritx-c%C3%A0rritx-ii\"><img loading=\"lazy\" decoding=\"async\" width=\"309\" height=\"61\" src=\"https:\/\/webs.uab.cat\/asome\/wp-content\/uploads\/sites\/387\/2019\/02\/opcio2.jpg\" alt=\"\" class=\"wp-image-369\" srcset=\"https:\/\/webs.uab.cat\/asome\/wp-content\/uploads\/sites\/387\/2019\/02\/opcio2.jpg 309w, https:\/\/webs.uab.cat\/asome\/wp-content\/uploads\/sites\/387\/2019\/02\/opcio2-300x59.jpg 300w\" sizes=\"auto, (max-width: 309px) 100vw, 309px\" \/><\/a><\/figure>\n<\/div>\n\n\n\n<div class=\"wp-block-column is-layout-flow wp-block-column-is-layout-flow\">\n<figure class=\"wp-block-image\"><a href=\"http:\/\/grupsderecerca.uab.cat\/asome\/ca\/content\/es-c%C3%A0rritx-c%C3%A0rritx-iii\"><img loading=\"lazy\" decoding=\"async\" width=\"309\" height=\"72\" src=\"https:\/\/webs.uab.cat\/asome\/wp-content\/uploads\/sites\/387\/2019\/02\/opcio3.jpg\" alt=\"\" class=\"wp-image-371\" srcset=\"https:\/\/webs.uab.cat\/asome\/wp-content\/uploads\/sites\/387\/2019\/02\/opcio3.jpg 309w, https:\/\/webs.uab.cat\/asome\/wp-content\/uploads\/sites\/387\/2019\/02\/opcio3-300x70.jpg 300w\" sizes=\"auto, (max-width: 309px) 100vw, 309px\" \/><\/a><\/figure>\n<\/div>\n<\/div>\n\n\n\n<p>La definici\u00f3n de las <strong>etapas en que la cueva des C\u00e0rritx<\/strong> fue frecuentada por grupos humanos se basa en casi treinta dataciones de Carbono 14 y en diversos indicadores estratigr\u00e1ficos y de cronolog\u00eda comparada.<\/p>\n\n\n\n<ul class=\"wp-block-list\"><li><strong>C\u00e0rritx I&nbsp;<\/strong>(entre aprox.&nbsp;<strong>1600 y 1450\/1400 antes de nuestra era<\/strong>). Primeras frecuentaciones humanas de la cueva. Uso ritual de las salas 3, 4, 6 y 7.<\/li><li><strong>C\u00e0rritx II<\/strong>&nbsp;(entre aprox.&nbsp;<strong>1450\/1400 y 800 antes de nuestra era<\/strong>). Uso de la Sala 1 como cementerio colectivo. A lo largo de esta fase se produjeron cambios en la utilizaci\u00f3n del espacio y en las pr\u00e1cticas funerarias. Hacia el final de esta etapa se realiz\u00f3 el dep\u00f3sito ritual de la Sala 5. Poco despu\u00e9s del cese de los enterramientos, una parte de la pared del barranco situada por encima de la entrada se desprendi\u00f3 y tapon\u00f3 casi totalmente el acceso original.<\/li><li><strong>C\u00e0rritx III&nbsp;<\/strong>(entre aprox.&nbsp;<strong>el siglo V antes de nuestra era y 700 de nuestra era<\/strong>). Varios siglos despu\u00e9s del abandono del cementerio, cuando la entrada a la cueva estaba casi obturada, algunas personas depositaron restos humanos. Despu\u00e9s de este evento, la cueva no volvi\u00f3 a ser visitada por seres humanos hasta la llegada de los espele\u00f3logos Pedro Arnau y Josep M\u00e1rquez en el mes de febrero de 1995.<\/li><\/ul>\n\n\n\n<p><style type=\"text\/css\">#link_bar a { padding:10px; font-weight:bold; margin:2px; float:left; text-decoration: none;}&amp;amp;amp;amp;lt;br \/>     #link_bar a:link { color:#707070; background-color:#ffffb3; }&amp;amp;amp;amp;lt;br \/>     #link_bar a:visited { color:#909090; background-color:#ffffb3; }&amp;amp;amp;amp;lt;br \/>     #link_bar a:hover { color:#ffffff; background-color:#CCCCCC; }&amp;amp;amp;amp;lt;br \/>     #link_bar a:active { color:#f0f0f0; background-color:#00ff00; }&amp;amp;amp;amp;lt;br \/> <\/style><\/p>\n\n\n\n<p><\/p>\n\n\n\n<p>&nbsp;<\/p>\n\n\n\n<p>&nbsp;<\/p>\n","protected":false},"excerpt":{"rendered":"<p>La cueva de Es C\u00e0rritx se localiza en el Barranc d&#8217;Algendar, en el sur de la isla de Menorca. Esta cavidad de origen c\u00e1rstico se form\u00f3 hace miles de a\u00f1os en el seno de una de las formaciones geol\u00f3gicas de &#8220;mar\u00e9s&#8221; (calcarenitas en el lenguaje especializado), que caracterizan el sustrato de esta parte de la [&hellip;]<\/p>\n","protected":false},"author":44,"featured_media":0,"parent":0,"menu_order":0,"comment_status":"closed","ping_status":"closed","template":"","meta":{"footnotes":""},"class_list":["post-373","page","type-page","status-publish","hentry"],"_links":{"self":[{"href":"https:\/\/webs.uab.cat\/asome\/wp-json\/wp\/v2\/pages\/373","targetHints":{"allow":["GET"]}}],"collection":[{"href":"https:\/\/webs.uab.cat\/asome\/wp-json\/wp\/v2\/pages"}],"about":[{"href":"https:\/\/webs.uab.cat\/asome\/wp-json\/wp\/v2\/types\/page"}],"author":[{"embeddable":true,"href":"https:\/\/webs.uab.cat\/asome\/wp-json\/wp\/v2\/users\/44"}],"replies":[{"embeddable":true,"href":"https:\/\/webs.uab.cat\/asome\/wp-json\/wp\/v2\/comments?post=373"}],"version-history":[{"count":1,"href":"https:\/\/webs.uab.cat\/asome\/wp-json\/wp\/v2\/pages\/373\/revisions"}],"predecessor-version":[{"id":653,"href":"https:\/\/webs.uab.cat\/asome\/wp-json\/wp\/v2\/pages\/373\/revisions\/653"}],"wp:attachment":[{"href":"https:\/\/webs.uab.cat\/asome\/wp-json\/wp\/v2\/media?parent=373"}],"curies":[{"name":"wp","href":"https:\/\/api.w.org\/{rel}","templated":true}]}}