{"id":413,"date":"2019-02-26T12:13:24","date_gmt":"2019-02-26T12:13:24","guid":{"rendered":"https:\/\/webs.uab.cat\/asome\/sesarenesdebaix-diposit\/"},"modified":"2023-03-13T13:48:20","modified_gmt":"2023-03-13T13:48:20","slug":"sesarenesdebaix-diposit","status":"publish","type":"page","link":"https:\/\/webs.uab.cat\/asome\/sesarenesdebaix-diposit\/","title":{"rendered":"Ses_Arenes_de_Baix : Dip\u00f2sit"},"content":{"rendered":"\n<div class=\"wp-block-buttons is-content-justification-center is-layout-flex wp-container-core-buttons-is-layout-16018d1d wp-block-buttons-is-layout-flex\">\n<div class=\"wp-block-button\"><a class=\"wp-block-button__link\" href=\"https:\/\/webs.uab.cat\/asome\/ses-arenes-de-baix-projecte\/\">Projecte<\/a><\/div>\n\n\n\n<div class=\"wp-block-button\"><a class=\"wp-block-button__link\" href=\"https:\/\/webs.uab.cat\/asome\/ses-arenes-de-baix-arquitectura\/\">Arquitectura<\/a><\/div>\n\n\n\n<div class=\"wp-block-button\"><a class=\"wp-block-button__link\" href=\"https:\/\/webs.uab.cat\/asome\/sesarenesdebaix-diposit\/\">Dip\u00f2sit<\/a><\/div>\n\n\n\n<div class=\"wp-block-button\"><a class=\"wp-block-button__link\" href=\"https:\/\/webs.uab.cat\/asome\/sesarenesdebaix-metode\/\">M\u00e8tode d&#8217;excavaci\u00f3<\/a><\/div>\n\n\n\n<div class=\"wp-block-button\"><a class=\"wp-block-button__link\" href=\"https:\/\/webs.uab.cat\/asome\/sesarenesdebaix-suport\/\">Suport institucional<\/a><\/div>\n<\/div>\n\n\n\n<p><style>     #link_bar a { padding:10px; font-weight:bold; margin:2px; float:left; text-decoration: none;}&lt;br \/>     #link_bar a:link { color:#707070; background-color:#ffffb3; }&lt;br \/>     #link_bar a:visited { color:#909090; background-color:#ffffb3; }&lt;br \/>     #link_bar a:hover { color:#ffffff; background-color:#CCCCCC; }&lt;br \/>     #link_bar a:active { color:#f0f0f0; background-color:#00ff00; }&lt;br \/> <\/style><span style=\"font-family: Arial, Helvetica, sans-serif; font-size: small;\">Malgrat l&#8217;espoli patit, <strong>la cambra funer\u00e0ria<\/strong> conservava intacta bona part del dip\u00f2sit arqueol\u00f2gic. Aix\u00f2 ha perm\u00e8s documentar una ossera formada per milers d&#8217;ossos humans corresponents a aproximadament <strong>80 individus inhumats<\/strong> a la naveta.<\/span><\/p>\n\n\n\n<p><span style=\"font-family: Arial, Helvetica, sans-serif; font-size: small;\">Mentre que la zona d&#8217;exposici\u00f3 del cad\u00e0ver se situava a l&#8217;entrada, els ossos llargs i els cranis semblen haver estat recollits peri\u00f2dicament i agrupats a la zona posterior de la cambra.<\/span><\/p>\n\n\n\n<p><span style=\"font-family: Arial, Helvetica, sans-serif; font-size: small;\">Els <strong>aixovars<\/strong> s\u00f3n escassos i, a part d&#8217;alguns objectes de bronze i cer\u00e0mica, destaquen sobretot els botons d&#8217;os amb una perforaci\u00f3 en forma de V que sembla que formessin part de la roba que cobria els morts, com han suggerit els resultats obtinguts a la Cova des C\u00e0rritx .<\/span><\/p>\n\n\n\n<p><span style=\"font-family: Arial, Helvetica, sans-serif; font-size: small;\">Per poder precisar la cronologia de la naveta ser\u00e0 necessari esperar els resultats d&#8217;una s\u00e8rie de datacions de C14 fetes sobre una mostra d&#8217;ossos humans. Alguns trets observats fan pensar que es podria tractar d&#8217;una de les navetes m\u00e9s antigues de l&#8217;illa.<\/span><\/p>\n","protected":false},"excerpt":{"rendered":"<p>Malgrat l&#8217;espoli patit, la cambra funer\u00e0ria conservava intacta bona part del dip\u00f2sit arqueol\u00f2gic. Aix\u00f2 ha perm\u00e8s documentar una ossera formada per milers d&#8217;ossos humans corresponents a aproximadament 80 individus inhumats a la naveta. Mentre que la zona d&#8217;exposici\u00f3 del cad\u00e0ver se situava a l&#8217;entrada, els ossos llargs i els cranis semblen haver estat recollits peri\u00f2dicament [&hellip;]<\/p>\n","protected":false},"author":44,"featured_media":0,"parent":0,"menu_order":0,"comment_status":"closed","ping_status":"closed","template":"","meta":{"footnotes":""},"class_list":["post-413","page","type-page","status-publish","hentry"],"_links":{"self":[{"href":"https:\/\/webs.uab.cat\/asome\/wp-json\/wp\/v2\/pages\/413","targetHints":{"allow":["GET"]}}],"collection":[{"href":"https:\/\/webs.uab.cat\/asome\/wp-json\/wp\/v2\/pages"}],"about":[{"href":"https:\/\/webs.uab.cat\/asome\/wp-json\/wp\/v2\/types\/page"}],"author":[{"embeddable":true,"href":"https:\/\/webs.uab.cat\/asome\/wp-json\/wp\/v2\/users\/44"}],"replies":[{"embeddable":true,"href":"https:\/\/webs.uab.cat\/asome\/wp-json\/wp\/v2\/comments?post=413"}],"version-history":[{"count":2,"href":"https:\/\/webs.uab.cat\/asome\/wp-json\/wp\/v2\/pages\/413\/revisions"}],"predecessor-version":[{"id":651,"href":"https:\/\/webs.uab.cat\/asome\/wp-json\/wp\/v2\/pages\/413\/revisions\/651"}],"wp:attachment":[{"href":"https:\/\/webs.uab.cat\/asome\/wp-json\/wp\/v2\/media?parent=413"}],"curies":[{"name":"wp","href":"https:\/\/api.w.org\/{rel}","templated":true}]}}