{"id":432,"date":"2019-02-26T12:41:11","date_gmt":"2019-02-26T12:41:11","guid":{"rendered":"https:\/\/webs.uab.cat\/asome\/des-mussol-projecte\/"},"modified":"2023-03-15T18:45:22","modified_gmt":"2023-03-15T18:45:22","slug":"es-mussol-projecte","status":"publish","type":"page","link":"https:\/\/webs.uab.cat\/asome\/es-mussol-projecte\/","title":{"rendered":"Es Mussol : Projecte"},"content":{"rendered":"\n<div class=\"wp-block-buttons is-content-justification-center is-layout-flex wp-container-core-buttons-is-layout-16018d1d wp-block-buttons-is-layout-flex\">\n<div class=\"wp-block-button\"><a class=\"wp-block-button__link\" href=\"https:\/\/webs.uab.cat\/asome\/des-mussol-projecte\/\">Projecte<\/a><\/div>\n\n\n\n<div class=\"wp-block-button\"><a class=\"wp-block-button__link\" href=\"https:\/\/webs.uab.cat\/asome\/des-mussol-mussol-i\/\">Mussol I<\/a><\/div>\n\n\n\n<div class=\"wp-block-button\"><a class=\"wp-block-button__link\" href=\"https:\/\/webs.uab.cat\/asome\/des-mussol-mussol-ii\/\">Mussol II<\/a><\/div>\n\n\n\n<div class=\"wp-block-button\"><a class=\"wp-block-button__link\" href=\"https:\/\/webs.uab.cat\/asome\/des-mussol-mussol-iii\/\">Mussol III: metalls<\/a><\/div>\n\n\n\n<div class=\"wp-block-button\"><a class=\"wp-block-button__link\" href=\"https:\/\/webs.uab.cat\/asome\/des-mussol-talles-de-fusta\/\">Talles de fusta<\/a><\/div>\n<\/div>\n\n\n\n<p><strong>La cueva de Es Mussol<\/strong> constituye un <strong>escenario de pr\u00e1cticas simb\u00f3lico-ideol\u00f3gicas<\/strong><strong>, as\u00ed como sepulcro colectivo <\/strong>donde se encuentranuna gran huesos desarticulados, mezclados con ofrendas diversas.<\/p>\n\n\n\n<p>Tras el estudio de los hallazgos efectuado entre los a\u00f1os 1997 y 1999, se ha definido la siguiente secuencia de ocupaciones:<\/p>\n\n\n\n<ul class=\"wp-block-list\"><li><strong>Mussol I<\/strong> (entre aprox. <strong>1600 y 1450 antes de nuestra era<\/strong>). Usos rituales espor\u00e1dicos que inclu\u00edan la deposici\u00f3n de ofrendas c\u00e1rnicas, vasos de cer\u00e1mica y fragmentos de estalactitas y estalagmitas.<\/li><li><strong>Mussol II<\/strong> (hacia <strong>1200 antes de nuestra era<\/strong>). Uso de la Sala 3 como escenario de pr\u00e1cticas simb\u00f3lico-ideol\u00f3gicas, en las que estuvieron involucradas varias tallas de madera.<\/li><li><strong>Mussol III<\/strong> (entre aproximadamente<strong> 1000 y 800 antes de nuestra era<\/strong>). Uso de la Sala 1 como espacio de inhumaci\u00f3n colectiva, y frecuentaci\u00f3n de espacios interiores con motivo de la deposici\u00f3n ritual de objetos met\u00e1licos.<\/li><li><strong>Mussol IV <\/strong>(hacia el <strong>siglo II antes de nuestra era<\/strong>). Frecuentaci\u00f3n ocasional de la cueva, tal vez como refugio.#link_bar a { padding:10px; font-weight:bold; margin:2px; float:left; text-decoration: none;}&amp;amp;amp;amp;amp;amp;lt;br \/&gt;     #link_bar a:link { color:#707070; background-color:#ffffb3; }&amp;amp;amp;amp;amp;amp;lt;br \/&gt;     #link_bar a:visited { color:#909090; background-color:#ffffb3; }&amp;amp;amp;amp;amp;amp;lt;br \/&gt;     #link_bar a:hover { color:#ffffff; background-color:#CCCCCC; }&amp;amp;amp;amp;amp;amp;lt;br \/&gt;     #link_bar a:active { color:#f0f0f0; background-color:#00ff00; }&amp;amp;amp;amp;amp;amp;lt;br \/&gt; <\/li><\/ul>\n\n\n\n<figure class=\"wp-block-table\"><table><tbody><tr><td><img decoding=\"async\" class=\" size-full wp-image-424\" src=\"https:\/\/webs.uab.cat\/asome\/wp-content\/uploads\/sites\/387\/2019\/02\/investmedjmjp1.gif\" alt=\"\" height=\"319\"><\/td><td><img decoding=\"async\" class=\" size-full wp-image-426\" src=\"https:\/\/webs.uab.cat\/asome\/wp-content\/uploads\/sites\/387\/2019\/02\/investmedjmjp2.gif\" alt=\"\" height=\"319\"><\/td><\/tr><tr><td><img decoding=\"async\" class=\" size-full wp-image-428\" src=\"https:\/\/webs.uab.cat\/asome\/wp-content\/uploads\/sites\/387\/2019\/02\/investmedjmjp3.gif\" alt=\"\" height=\"319\"><\/td><td><img decoding=\"async\" class=\" size-full wp-image-430\" src=\"https:\/\/webs.uab.cat\/asome\/wp-content\/uploads\/sites\/387\/2019\/02\/investmedjmjp4.gif\" alt=\"\" height=\"319\"><\/td><\/tr><\/tbody><\/table><\/figure>\n","protected":false},"excerpt":{"rendered":"<p>La cueva de Es Mussol constituye un escenario de pr\u00e1cticas simb\u00f3lico-ideol\u00f3gicas, as\u00ed como sepulcro colectivo donde se encuentranuna gran huesos desarticulados, mezclados con ofrendas diversas. Tras el estudio de los hallazgos efectuado entre los a\u00f1os 1997 y 1999, se ha definido la siguiente secuencia de ocupaciones: Mussol I (entre aprox. 1600 y 1450 antes de [&hellip;]<\/p>\n","protected":false},"author":44,"featured_media":0,"parent":0,"menu_order":0,"comment_status":"closed","ping_status":"closed","template":"","meta":{"footnotes":""},"class_list":["post-432","page","type-page","status-publish","hentry"],"_links":{"self":[{"href":"https:\/\/webs.uab.cat\/asome\/wp-json\/wp\/v2\/pages\/432","targetHints":{"allow":["GET"]}}],"collection":[{"href":"https:\/\/webs.uab.cat\/asome\/wp-json\/wp\/v2\/pages"}],"about":[{"href":"https:\/\/webs.uab.cat\/asome\/wp-json\/wp\/v2\/types\/page"}],"author":[{"embeddable":true,"href":"https:\/\/webs.uab.cat\/asome\/wp-json\/wp\/v2\/users\/44"}],"replies":[{"embeddable":true,"href":"https:\/\/webs.uab.cat\/asome\/wp-json\/wp\/v2\/comments?post=432"}],"version-history":[{"count":2,"href":"https:\/\/webs.uab.cat\/asome\/wp-json\/wp\/v2\/pages\/432\/revisions"}],"predecessor-version":[{"id":967,"href":"https:\/\/webs.uab.cat\/asome\/wp-json\/wp\/v2\/pages\/432\/revisions\/967"}],"wp:attachment":[{"href":"https:\/\/webs.uab.cat\/asome\/wp-json\/wp\/v2\/media?parent=432"}],"curies":[{"name":"wp","href":"https:\/\/api.w.org\/{rel}","templated":true}]}}