{"id":449,"date":"2019-02-27T13:27:26","date_gmt":"2019-02-27T13:27:26","guid":{"rendered":"https:\/\/webs.uab.cat\/asome\/es-forat-de-ses-aritges-recipients-ceramics\/"},"modified":"2023-03-13T14:37:35","modified_gmt":"2023-03-13T14:37:35","slug":"es-forat-de-ses-aritges-recipients-ceramics","status":"publish","type":"page","link":"https:\/\/webs.uab.cat\/asome\/es-forat-de-ses-aritges-recipients-ceramics\/","title":{"rendered":"Es Forat de ses Aritges : Recipients cer\u00e0mics"},"content":{"rendered":"\n<p>La mostra estudiada es compon de vuit recipients cer\u00e0mics, tots ells procedents de l&#8217;estrat de soterrament col\u00b7lectiu prehist\u00f2ric. Es tractaria de contenidors d&#8217;\u00fas com\u00fa que, en ocasi\u00f3 dels ritus f\u00fanebres, van ser dipositats finalment en l&#8217;interior de la sepultura col\u00b7lectiva.<\/p>\n\n\n\n<p>El tipus 4 inclou sis recipients amb perfil en &#8220;s&#8221;, caracteritzats per presentar vora exvasada, coll i un cos dividit per una inflexi\u00f3 corba o en forma de carena. La base \u00e9s plana i \u00e9s freq\u00fcent la pres\u00e8ncia d&#8217;un petit mamell\u00f3 a l&#8217;al\u00e7ada del di\u00e0metre m\u00e0xim del cos.<\/p>\n\n\n\n<p>El tipus 5 inclo\u00efa recipients de grand\u00e0ria mitjana caracteritzats per posseir cos cresta, coll i bord exvasat.<\/p>\n\n\n\n<p>Els gots sencers considerats aqu\u00ed van ser col\u00b7locats originalment prop de la base del parament intern del mur cicl\u00f3pi de tancament del recinte funerari. Algunes peces van ser trobades de cap per avall, circumst\u00e0ncia que exclou en aquests casos que el seu \u00fas estigu\u00e9s orientat a la contenci\u00f3 de subst\u00e0ncies dipositades com ofrena. Possiblement, van prendre part en les cerim\u00f2nies celebrades en ocasi\u00f3 del soterrament d&#8217;algun dels membres de la comunitat o b\u00e9 en ocasi\u00f3 d&#8217;alguna commemoraci\u00f3 de rerefons col\u00b7lectiu.<\/p>\n\n\n<div class=\"wp-block-image\">\n<figure class=\"aligncenter\"><img loading=\"lazy\" decoding=\"async\" width=\"459\" height=\"369\" src=\"https:\/\/webs.uab.cat\/asome\/wp-content\/uploads\/sites\/387\/2019\/02\/foratcera.jpg\" alt=\"\" class=\"wp-image-447\" srcset=\"https:\/\/webs.uab.cat\/asome\/wp-content\/uploads\/sites\/387\/2019\/02\/foratcera.jpg 459w, https:\/\/webs.uab.cat\/asome\/wp-content\/uploads\/sites\/387\/2019\/02\/foratcera-300x241.jpg 300w\" sizes=\"auto, (max-width: 459px) 100vw, 459px\" \/><\/figure>\n<\/div>","protected":false},"excerpt":{"rendered":"<p>La mostra estudiada es compon de vuit recipients cer\u00e0mics, tots ells procedents de l&#8217;estrat de soterrament col\u00b7lectiu prehist\u00f2ric. Es tractaria de contenidors d&#8217;\u00fas com\u00fa que, en ocasi\u00f3 dels ritus f\u00fanebres, van ser dipositats finalment en l&#8217;interior de la sepultura col\u00b7lectiva. El tipus 4 inclou sis recipients amb perfil en &#8220;s&#8221;, caracteritzats per presentar vora exvasada, [&hellip;]<\/p>\n","protected":false},"author":44,"featured_media":0,"parent":0,"menu_order":0,"comment_status":"closed","ping_status":"closed","template":"","meta":{"footnotes":""},"class_list":["post-449","page","type-page","status-publish","hentry"],"_links":{"self":[{"href":"https:\/\/webs.uab.cat\/asome\/wp-json\/wp\/v2\/pages\/449","targetHints":{"allow":["GET"]}}],"collection":[{"href":"https:\/\/webs.uab.cat\/asome\/wp-json\/wp\/v2\/pages"}],"about":[{"href":"https:\/\/webs.uab.cat\/asome\/wp-json\/wp\/v2\/types\/page"}],"author":[{"embeddable":true,"href":"https:\/\/webs.uab.cat\/asome\/wp-json\/wp\/v2\/users\/44"}],"replies":[{"embeddable":true,"href":"https:\/\/webs.uab.cat\/asome\/wp-json\/wp\/v2\/comments?post=449"}],"version-history":[{"count":1,"href":"https:\/\/webs.uab.cat\/asome\/wp-json\/wp\/v2\/pages\/449\/revisions"}],"predecessor-version":[{"id":678,"href":"https:\/\/webs.uab.cat\/asome\/wp-json\/wp\/v2\/pages\/449\/revisions\/678"}],"wp:attachment":[{"href":"https:\/\/webs.uab.cat\/asome\/wp-json\/wp\/v2\/media?parent=449"}],"curies":[{"name":"wp","href":"https:\/\/api.w.org\/{rel}","templated":true}]}}