{"id":382,"date":"2023-05-24T14:44:51","date_gmt":"2023-05-24T12:44:51","guid":{"rendered":"https:\/\/webs.uab.cat\/atlas\/?page_id=382"},"modified":"2023-06-27T10:12:31","modified_gmt":"2023-06-27T08:12:31","slug":"tesis","status":"publish","type":"page","link":"https:\/\/webs.uab.cat\/atlas\/tesis\/","title":{"rendered":"Tesis doctorals"},"content":{"rendered":"\n<ol type=\"1\" class=\"has-small-font-size wp-block-list\">\n<li><strong>Ovidio C\u00e1rcamo Hern\u00e1ndez.<\/strong> <em>Excluidos en una escuela &#8220;inclusiva&#8221;. Aproximaci\u00f3n etnogr\u00e1fica a la exclusi\u00f3n escolar en Chile.<\/em> UAB. Data de lectura: 17-07-2023.<\/li>\n\n\n\n<li><strong>Constanza Chamorro Maraboli.<\/strong> <em>Creando narrativas en torno a las identidades docentes mediante pr\u00e1cticas pedag\u00f3gicas feministas descoloniales.<\/em> UAB. Data de lectura: 12-07-2023 (Beca del govern de Xile).<\/li>\n\n\n\n<li><strong>Mara Gabrielli.<\/strong> Los espacios educativos y de sociabilidad de la juventud refugiada y solicitante de asilo: experiencias en Catalu\u00f1a. UAB. Data de lectura: 2-03-2023.<\/li>\n\n\n\n<li><strong>Sara L\u00f3pez Ruiz.<\/strong> <em>Identitats m\u00f2bils: Una investigaci\u00f3 etnogr\u00e0fica sobre juventut, ag\u00e8ncia i cultura visual en contextos de vulnerabilitat.<\/em> UAB. Data de lectura: 18-03-2022 (menci\u00f3 internacional, PIF-UAB).<\/li>\n\n\n\n<li><strong>Fannella Giusti Minotre<\/strong>. Las otras insurrectas: Narrativas espectrales de la subjetividad y pr\u00e1cticas de libertad en la resistencia al dispositivo de la violaci\u00f3n sexual. UAB. Data de lectura: 16-12-2021.<\/li>\n\n\n\n<li><strong>Fatiha<\/strong> <strong>El Mouali.<\/strong> <em>El papel de las madres de origen marroqu\u00ed en el proceso escolar de sus hijos e hijas en Catalu\u00f1a<\/em>. UAB. Data de lectura: 26-03-2021.<\/li>\n\n\n\n<li><strong>Amalia Giannoutsou.<\/strong> <em>Rebel bodies and affects in movement: Imagining scenes for an indocile pedagogy.<\/em> UAB.  Data de lectura: 04-02-2021 (menci\u00f3 internacional).<\/li>\n\n\n\n<li><strong>Alex Cornejo<\/strong>. <em>Construcci\u00f3 de la identitat docent al Xile de l&#8217;educaci\u00f3 neoliberal (1973-2008).<\/em> UAB. Data de lectura: 09\/12\/2019.<\/li>\n\n\n\n<li><strong>Joanna Empain.<\/strong> <em>Cartographier, (ra)conter, juxtaposer: des narratives exp\u00e9rimentales pour l\u2019\u00e9ducation.<\/em> UAB. Data de lectura: 27-02-2019 (menci\u00f3 internacional, PIF-UAB).<\/li>\n\n\n\n<li> <strong>Mauro Moschetti.<\/strong> <em>Alianzas p\u00fablico-privadas en educaci\u00f3n. Un an\u00e1lisis de la politica de subvenciones a escuelas privadas en barrios desfavorecidos de la Ciudad de Buenos Aires.<\/em> UAB. Data de lectura: 19-10-2018.<\/li>\n\n\n\n<li><strong>Mirian Gisela Simba\u00f1a Licango<\/strong>. <em>Espacios de participaci\u00f3n parental: una aproximaci\u00f3n etnogr\u00e1fica a un centro infantil de una comuna rural ind\u00edgena y campesina ecuatoriana. <\/em>UAB. Data de lectura: 19-07-2018.<\/li>\n\n\n\n<li><strong>Blanca Mendoza.<\/strong> <em>Historias y trayectorias de \u00e9xito acad\u00e9mico. J\u00f3venes musulmanas de origen marroqu\u00ed en la educaci\u00f3n superior de Catalu\u00f1a.<\/em> UAB. Data de lectura: 03-11-2017.<\/li>\n\n\n\n<li> <strong>Alba Castej\u00f3n.<\/strong> <em>Expectativas docentes, agrupamiento del alumnado y segregaci\u00f3n escolar. Una etnograf\u00eda en entornos de alta complejidad social en Catalu\u00f1a.<\/em> UAB. Data de lectura: 07-06-2017.<\/li>\n\n\n\n<li> <strong>Marta Anna Vingut Riggall.<\/strong>  <em>Los ni\u00f1os de origen inmigrado y la educaci\u00f3n infantil en Catalu\u00f1a.<\/em> UAB. Data de lectura: 02-07-2014.<\/li>\n\n\n\n<li> <strong>Jaclyn Murray. <\/strong><em>Troubling \u2018race\u2019 and power in preschool: an ethnographic Study of \u2018race\u2019 and identity discourses circulating in a Culturally diverse primary school in south africa.<\/em> UAB. Data de lectura: 20-11-2012.<\/li>\n<\/ol>\n\n\n\n<p class=\"has-text-align-center has-verd-tropic-color has-text-color\"><em><strong>En proc\u00e9s<\/strong><\/em><\/p>\n\n\n\n<ol class=\"wp-block-list\">\n<li class=\"has-small-font-size\"><strong>Alejandro Caravaca. <\/strong> <em>Pensamiento cr\u00edtico sobre g\u00e9nero y sexualidad en la formaci\u00f3n de maestras: explorando culturas, pol\u00edticas y pr\u00e1cticas en la universidad mercantilizada.<\/em> UAB. Data prevista de lectura: Maig 2024 (FPU).<\/li>\n\n\n\n<li class=\"has-small-font-size\"><strong>Astrid Codana Alc\u00e1ntara<\/strong>. <em>El tratamiento de las lenguas de origen en Europa<\/em>. UAB. Data prevista de lectura: Gener, 2024.<\/li>\n\n\n\n<li class=\"has-small-font-size\"><strong>Georgina D\u00edaz Ibarz<\/strong>. <em>A transnational and intersectional approach to self-sexualisation in the digital space<\/em>. UAB. Data prevista de lectura: Gener 2025.<\/li>\n\n\n\n<li class=\"has-small-font-size\"><strong>Cheima El Jebary<\/strong>. <em>Factores de desigualdad en las trayectorias educativas de ni\u00f1os y ni\u00f1as de origen marroqu\u00ed en primaria.<\/em> data prevista de lectura: Febr. 2025.<\/li>\n\n\n\n<li class=\"has-small-font-size\"><strong>Diana Fuster Cascio. <\/strong>Pensar el cuerpo desde el SUR\/SUR: Pedagog\u00edas subversivas para (re)pensar, (re)existir, (re)crear en danza. UAB. Data prevista de lectura: Set. 2027.<\/li>\n\n\n\n<li class=\"has-small-font-size\"><strong>Meritxell Limonero Casanovas<\/strong>. Discursos del professorat sobre la diversitat cultural en el desenvolupament del curr\u00edculum de l\u2019Educaci\u00f3 Visual i Pl\u00e0stica a Catalunya. UAB. Data prevista de lectura: Set. 2026.<\/li>\n\n\n\n<li class=\"has-small-font-size\"><strong>Berta Llos Casadell\u00e0.<\/strong> Gender conceptions, practices and policies in compulsory secondary education in Catalonia. UAB. Dara prevista de lectura: Maig 2025.<\/li>\n\n\n\n<li class=\"has-small-font-size\"><strong>Margarita Lizana S\u00e1nchez<\/strong>. <em>Apropiaci\u00f3n de los medios digitales por j\u00f3venes universitarios LGTBIQ+ en Chile.<\/em> Data prevista de lectura: Set. 2025.<\/li>\n\n\n\n<li class=\"has-small-font-size\"><strong>Carmen Luz Monsalve Le\u00f3n. <\/strong><em>Toda Educaci\u00f3n es Sexual. Desde la educaci\u00f3n sexual reproductiva a una educaci\u00f3n sexual integral. El caso en el territorio chileno. <\/em>UAB. Data prevista de lectura: Set. 2024<\/li>\n\n\n\n<li class=\"has-small-font-size\"><strong>Daniel Oduro. <\/strong><em>Community And Parent Involvement In Primary Education In Rural Ghana.<\/em> UAB. Data prevista de lectura: Set. 2023.<\/li>\n\n\n\n<li class=\"has-small-font-size\"><strong>Adetola Elizabeth Oyewo<\/strong>. <em>Interethnic Relationship, Intercultural Programs, and Integration of West African Immigrant learners in Spain<\/em>. UAB. Data prevista de lectura: Octubre, 2025.<\/li>\n\n\n\n<li class=\"has-small-font-size\"><strong>Laura-Nathalia P\u00e9rez C\u00e9spedes.<\/strong> <em>Espacios infantiles de la resistencia ind\u00edgena. Etnograf\u00eda de los afectos desde los intersticios<\/em>. UAB. Data prevista de lectura: Set. 2024.<\/li>\n\n\n\n<li class=\"has-small-font-size\"><strong>Gorai Ramjee Grimal<\/strong>. <em>Aproximacions per descolonitzar i despatriarcalitzar les aules de secund\u00e0ria<\/em>. UAB. Data prevista de lectura: Set. 2027.<\/li>\n\n\n\n<li class=\"has-small-font-size\"><strong>Miquel Sang\u00fcesa Font<\/strong>. <em>La m\u00fasica com a eina per la millora de l\u2019autoestima de joves i adolescents: Una investigaci\u00f3 basada en les arts.<\/em> UAB. Data prevista de lectura: Set. 2024.<\/li>\n\n\n\n<li class=\"has-small-font-size\"><strong>Sandra Patricia Gonz\u00e1lez Quesada<\/strong><\/li>\n<\/ol>\n","protected":false},"excerpt":{"rendered":"<p>En proc\u00e9s<\/p>\n","protected":false},"author":2624,"featured_media":0,"parent":0,"menu_order":0,"comment_status":"closed","ping_status":"closed","template":"sidebar.php","meta":{"footnotes":""},"class_list":["post-382","page","type-page","status-publish","hentry"],"_links":{"self":[{"href":"https:\/\/webs.uab.cat\/atlas\/wp-json\/wp\/v2\/pages\/382","targetHints":{"allow":["GET"]}}],"collection":[{"href":"https:\/\/webs.uab.cat\/atlas\/wp-json\/wp\/v2\/pages"}],"about":[{"href":"https:\/\/webs.uab.cat\/atlas\/wp-json\/wp\/v2\/types\/page"}],"author":[{"embeddable":true,"href":"https:\/\/webs.uab.cat\/atlas\/wp-json\/wp\/v2\/users\/2624"}],"replies":[{"embeddable":true,"href":"https:\/\/webs.uab.cat\/atlas\/wp-json\/wp\/v2\/comments?post=382"}],"version-history":[{"count":29,"href":"https:\/\/webs.uab.cat\/atlas\/wp-json\/wp\/v2\/pages\/382\/revisions"}],"predecessor-version":[{"id":841,"href":"https:\/\/webs.uab.cat\/atlas\/wp-json\/wp\/v2\/pages\/382\/revisions\/841"}],"wp:attachment":[{"href":"https:\/\/webs.uab.cat\/atlas\/wp-json\/wp\/v2\/media?parent=382"}],"curies":[{"name":"wp","href":"https:\/\/api.w.org\/{rel}","templated":true}]}}

<ol type="1" class="has-small-font-size wp-block-list">
<li><strong>Ovidio Cárcamo Hernández.</strong> <em>Excluidos en una escuela &#8220;inclusiva&#8221;. Aproximación etnográfica a la exclusión escolar en Chile.</em> UAB. Data de lectura: 17-07-2023.</li>



<li><strong>Constanza Chamorro Maraboli.</strong> <em>Creando narrativas en torno a las identidades docentes mediante prácticas pedagógicas feministas descoloniales.</em> UAB. Data de lectura: 12-07-2023 (Beca del govern de Xile).</li>



<li><strong>Mara Gabrielli.</strong> Los espacios educativos y de sociabilidad de la juventud refugiada y solicitante de asilo: experiencias en Cataluña. UAB. Data de lectura: 2-03-2023.</li>



<li><strong>Sara López Ruiz.</strong> <em>Identitats mòbils: Una investigació etnogràfica sobre juventut, agència i cultura visual en contextos de vulnerabilitat.</em> UAB. Data de lectura: 18-03-2022 (menció internacional, PIF-UAB).</li>



<li><strong>Fannella Giusti Minotre</strong>. Las otras insurrectas: Narrativas espectrales de la subjetividad y prácticas de libertad en la resistencia al dispositivo de la violación sexual. UAB. Data de lectura: 16-12-2021.</li>



<li><strong>Fatiha</strong> <strong>El Mouali.</strong> <em>El papel de las madres de origen marroquí en el proceso escolar de sus hijos e hijas en Cataluña</em>. UAB. Data de lectura: 26-03-2021.</li>



<li><strong>Amalia Giannoutsou.</strong> <em>Rebel bodies and affects in movement: Imagining scenes for an indocile pedagogy.</em> UAB.  Data de lectura: 04-02-2021 (menció internacional).</li>



<li><strong>Alex Cornejo</strong>. <em>Construcció de la identitat docent al Xile de l&#8217;educació neoliberal (1973-2008).</em> UAB. Data de lectura: 09/12/2019.</li>



<li><strong>Joanna Empain.</strong> <em>Cartographier, (ra)conter, juxtaposer: des narratives expérimentales pour l’éducation.</em> UAB. Data de lectura: 27-02-2019 (menció internacional, PIF-UAB).</li>



<li> <strong>Mauro Moschetti.</strong> <em>Alianzas público-privadas en educación. Un análisis de la politica de subvenciones a escuelas privadas en barrios desfavorecidos de la Ciudad de Buenos Aires.</em> UAB. Data de lectura: 19-10-2018.</li>



<li><strong>Mirian Gisela Simbaña Licango</strong>. <em>Espacios de participación parental: una aproximación etnográfica a un centro infantil de una comuna rural indígena y campesina ecuatoriana. </em>UAB. Data de lectura: 19-07-2018.</li>



<li><strong>Blanca Mendoza.</strong> <em>Historias y trayectorias de éxito académico. Jóvenes musulmanas de origen marroquí en la educación superior de Cataluña.</em> UAB. Data de lectura: 03-11-2017.</li>



<li> <strong>Alba Castejón.</strong> <em>Expectativas docentes, agrupamiento del alumnado y segregación escolar. Una etnografía en entornos de alta complejidad social en Cataluña.</em> UAB. Data de lectura: 07-06-2017.</li>



<li> <strong>Marta Anna Vingut Riggall.</strong>  <em>Los niños de origen inmigrado y la educación infantil en Cataluña.</em> UAB. Data de lectura: 02-07-2014.</li>



<li> <strong>Jaclyn Murray. </strong><em>Troubling ‘race’ and power in preschool: an ethnographic Study of ‘race’ and identity discourses circulating in a Culturally diverse primary school in south africa.</em> UAB. Data de lectura: 20-11-2012.</li>
</ol>



<p class="has-text-align-center has-verd-tropic-color has-text-color"><em><strong>En procés</strong></em></p>



<ol class="wp-block-list">
<li class="has-small-font-size"><strong>Alejandro Caravaca. </strong> <em>Pensamiento crítico sobre género y sexualidad en la formación de maestras: explorando culturas, políticas y prácticas en la universidad mercantilizada.</em> UAB. Data prevista de lectura: Maig 2024 (FPU).</li>



<li class="has-small-font-size"><strong>Astrid Codana Alcántara</strong>. <em>El tratamiento de las lenguas de origen en Europa</em>. UAB. Data prevista de lectura: Gener, 2024.</li>



<li class="has-small-font-size"><strong>Georgina Díaz Ibarz</strong>. <em>A transnational and intersectional approach to self-sexualisation in the digital space</em>. UAB. Data prevista de lectura: Gener 2025.</li>



<li class="has-small-font-size"><strong>Cheima El Jebary</strong>. <em>Factores de desigualdad en las trayectorias educativas de niños y niñas de origen marroquí en primaria.</em> data prevista de lectura: Febr. 2025.</li>



<li class="has-small-font-size"><strong>Diana Fuster Cascio. </strong>Pensar el cuerpo desde el SUR/SUR: Pedagogías subversivas para (re)pensar, (re)existir, (re)crear en danza. UAB. Data prevista de lectura: Set. 2027.</li>



<li class="has-small-font-size"><strong>Meritxell Limonero Casanovas</strong>. Discursos del professorat sobre la diversitat cultural en el desenvolupament del currículum de l’Educació Visual i Plàstica a Catalunya. UAB. Data prevista de lectura: Set. 2026.</li>



<li class="has-small-font-size"><strong>Berta Llos Casadellà.</strong> Gender conceptions, practices and policies in compulsory secondary education in Catalonia. UAB. Dara prevista de lectura: Maig 2025.</li>



<li class="has-small-font-size"><strong>Margarita Lizana Sánchez</strong>. <em>Apropiación de los medios digitales por jóvenes universitarios LGTBIQ+ en Chile.</em> Data prevista de lectura: Set. 2025.</li>



<li class="has-small-font-size"><strong>Carmen Luz Monsalve León. </strong><em>Toda Educación es Sexual. Desde la educación sexual reproductiva a una educación sexual integral. El caso en el territorio chileno. </em>UAB. Data prevista de lectura: Set. 2024</li>



<li class="has-small-font-size"><strong>Daniel Oduro. </strong><em>Community And Parent Involvement In Primary Education In Rural Ghana.</em> UAB. Data prevista de lectura: Set. 2023.</li>



<li class="has-small-font-size"><strong>Adetola Elizabeth Oyewo</strong>. <em>Interethnic Relationship, Intercultural Programs, and Integration of West African Immigrant learners in Spain</em>. UAB. Data prevista de lectura: Octubre, 2025.</li>



<li class="has-small-font-size"><strong>Laura-Nathalia Pérez Céspedes.</strong> <em>Espacios infantiles de la resistencia indígena. Etnografía de los afectos desde los intersticios</em>. UAB. Data prevista de lectura: Set. 2024.</li>



<li class="has-small-font-size"><strong>Gorai Ramjee Grimal</strong>. <em>Aproximacions per descolonitzar i despatriarcalitzar les aules de secundària</em>. UAB. Data prevista de lectura: Set. 2027.</li>



<li class="has-small-font-size"><strong>Miquel Sangüesa Font</strong>. <em>La música com a eina per la millora de l’autoestima de joves i adolescents: Una investigació basada en les arts.</em> UAB. Data prevista de lectura: Set. 2024.</li>



<li class="has-small-font-size"><strong>Sandra Patricia González Quesada</strong></li>
</ol>

<p>En procés</p>
