{"id":1033,"date":"2025-05-14T11:42:26","date_gmt":"2025-05-14T09:42:26","guid":{"rendered":"https:\/\/biocampus25.wordpress.com\/?page_id=1033"},"modified":"2025-05-19T12:53:28","modified_gmt":"2025-05-19T10:53:28","slug":"mosca-comun","status":"publish","type":"page","link":"https:\/\/webs.uab.cat\/bees\/mosca-comun\/","title":{"rendered":"MOSCA COM\u00daN"},"content":{"rendered":"<div class=\"wp-block-image\">\n<figure class=\"aligncenter size-large\"><img loading=\"lazy\" decoding=\"async\" width=\"640\" height=\"360\" src=\"https:\/\/biocampus25.wordpress.com\/wp-content\/uploads\/2025\/04\/flesh_fly_los_angeles_2015-08-06_3-edited.jpg\" alt=\"\" class=\"wp-image-1035\" srcset=\"https:\/\/webs.uab.cat\/bees\/wp-content\/uploads\/sites\/329\/2025\/04\/flesh_fly_los_angeles_2015-08-06_3-edited.jpg 640w, https:\/\/webs.uab.cat\/bees\/wp-content\/uploads\/sites\/329\/2025\/04\/flesh_fly_los_angeles_2015-08-06_3-edited-300x169.jpg 300w\" sizes=\"auto, (max-width: 640px) 100vw, 640px\" \/><\/figure>\n<\/div>\n\n\n<div style=\"height:10px\" aria-hidden=\"true\" class=\"wp-block-spacer\"><\/div>\n\n\n\n<div class=\"wp-block-columns is-layout-flex wp-container-core-columns-is-layout-9d6595d7 wp-block-columns-is-layout-flex\">\n<div class=\"wp-block-column is-layout-flow wp-block-column-is-layout-flow\">\n<figure class=\"wp-block-table has-alegreya-font-family has-small-font-size\"><table><tbody><tr><td class=\"has-text-align-center\" data-align=\"center\"><strong>Reino<\/strong><\/td><td class=\"has-text-align-center\" data-align=\"center\">Animalia<\/td><\/tr><tr><td class=\"has-text-align-center\" data-align=\"center\"><strong>Filo<\/strong><\/td><td class=\"has-text-align-center\" data-align=\"center\">Arthropoda<\/td><\/tr><tr><td class=\"has-text-align-center\" data-align=\"center\"><strong>Subfilo<\/strong><\/td><td class=\"has-text-align-center\" data-align=\"center\"><a href=\"https:\/\/webs.uab.cat\/bees\/hexapoda\/\" data-type=\"page\" data-id=\"4095\">Hexapoda<\/a><\/td><\/tr><tr><td class=\"has-text-align-center\" data-align=\"center\"><strong>Clase<\/strong><\/td><td class=\"has-text-align-center\" data-align=\"center\">Insecta<\/td><\/tr><tr><td class=\"has-text-align-center\" data-align=\"center\"><strong>Subclase<\/strong><\/td><td class=\"has-text-align-center\" data-align=\"center\">Pterygota<\/td><\/tr><tr><td class=\"has-text-align-center\" data-align=\"center\"><strong>Orden<\/strong><\/td><td class=\"has-text-align-center\" data-align=\"center\"><a href=\"https:\/\/webs.uab.cat\/bees\/diptera\/\" data-type=\"page\" data-id=\"4092\">Diptera<\/a><\/td><\/tr><tr><td class=\"has-text-align-center\" data-align=\"center\"><strong>Suborden<\/strong><\/td><td class=\"has-text-align-center\" data-align=\"center\">Brachycera<\/td><\/tr><tr><td class=\"has-text-align-center\" data-align=\"center\"><strong>Infraorden<\/strong><\/td><td class=\"has-text-align-center\" data-align=\"center\">Cyclorrhapha<\/td><\/tr><tr><td class=\"has-text-align-center\" data-align=\"center\"><strong>Superfamilia<\/strong><\/td><td class=\"has-text-align-center\" data-align=\"center\">Muscoidea<\/td><\/tr><tr><td class=\"has-text-align-center\" data-align=\"center\"><strong>Familia<\/strong><\/td><td class=\"has-text-align-center\" data-align=\"center\"><a href=\"https:\/\/webs.uab.cat\/bees\/muscidae\/\" data-type=\"page\" data-id=\"1029\">Muscidae<\/a><\/td><\/tr><tr><td class=\"has-text-align-center\" data-align=\"center\"><strong>Subfamilia<\/strong><\/td><td class=\"has-text-align-center\" data-align=\"center\">Muscinae<\/td><\/tr><tr><td class=\"has-text-align-center\" data-align=\"center\"><strong>Tribu<\/strong><\/td><td class=\"has-text-align-center\" data-align=\"center\">Muscini<\/td><\/tr><tr><td class=\"has-text-align-center\" data-align=\"center\"><strong>G\u00e9nero<\/strong><\/td><td class=\"has-text-align-center\" data-align=\"center\">Musca<\/td><\/tr><tr><td class=\"has-text-align-center\" data-align=\"center\"><strong>Especie<\/strong><\/td><td class=\"has-text-align-center\" data-align=\"center\">M. domestica<\/td><\/tr><\/tbody><\/table><\/figure>\n<\/div>\n\n\n\n<div class=\"wp-block-column is-layout-flow wp-block-column-is-layout-flow\">\n<p><strong>DESCRIPCI\u00d3N:<\/strong><\/p>\n\n\n\n<p class=\"has-text-align-justify has-alegreya-font-family has-small-font-size\">La mosca com\u00fan es un d\u00edptero de tama\u00f1o mediano, que puede medir unos 8-12mm. Su coloraci\u00f3n es principalmente negra o gris\u00e1cea, con cuatro l\u00edneas m\u00e1s oscuras en la superficie dorsal del t\u00f3rax.<\/p>\n\n\n\n<p class=\"has-text-align-justify has-alegreya-font-family has-small-font-size\">Su dimorfismo sexual se basa en la presencia de una placa grande de forma ovoide, que se encuentra entre los ojos de las hembras y los separa. Adem\u00e1s, los machos tienden a ser de un tama\u00f1o inferior al de las hembras.<\/p>\n\n\n\n<p class=\"has-text-align-justify has-alegreya-font-family has-small-font-size\">Otra caracter\u00edstica distinguible de esta especie es la presencia de un par de ojos rojizos de gran tama\u00f1o. As\u00ed como un aparato bucal de tipo chupador y forma de esponja.<\/p>\n<\/div>\n<\/div>\n\n\n\n<div style=\"height:10px\" aria-hidden=\"true\" class=\"wp-block-spacer\"><\/div>\n\n\n\n<div class=\"wp-block-group is-vertical is-layout-flex wp-container-core-group-is-layout-769d0143 wp-block-group-is-layout-flex\">\n<p><strong>DIETA:<\/strong><\/p>\n\n\n\n<p class=\"has-text-align-justify has-alegreya-font-family has-small-font-size\">Debido a su morfolog\u00eda bucal, no puede ingerir alimentos en estado solido de manera directa. Es por ello por lo que han de regurgitar enzimas que le permitan llevar a cabo una digesti\u00f3n previa.<\/p>\n<\/div>\n\n\n\n<div style=\"height:10px\" aria-hidden=\"true\" class=\"wp-block-spacer\"><\/div>\n\n\n\n<div class=\"wp-block-group is-vertical is-layout-flex wp-container-core-group-is-layout-769d0143 wp-block-group-is-layout-flex\">\n<p><strong>ESTRUCTURA SOCIAL Y COMPORTAMIENTO:<\/strong><\/p>\n\n\n\n<p class=\"has-text-align-justify has-alegreya-font-family has-small-font-size\">Su estilo de vida se puede definir como solitario. Aunque puedan agruparse en regiones \u00f3ptimas para la reproducci\u00f3n o la obtenci\u00f3n de alimento, no tienen organizaci\u00f3n como grupo.<\/p>\n\n\n\n<p class=\"has-text-align-justify has-alegreya-font-family has-small-font-size\">Estos organismos son activos \u00fanicamente durante el d\u00eda, mientras que por la noche permanecen en reposo. Del mismo modo, hibernan con la llegada del fr\u00edo y retoman su actividad con los primeros d\u00edas de calor.<\/p>\n\n\n\n<p class=\"has-text-align-justify has-alegreya-font-family has-small-font-size\">Su periodo reproductivo depende de las condiciones del ambiente, por lo que en nuestro territorio suele ocurrir entre julio y octubre. En esta \u00e9poca las hembras depositan sobre materia org\u00e1nica, unos 4-6 grupos de 120 huevos cada uno.<\/p>\n\n\n\n<p class=\"has-text-align-justify has-alegreya-font-family has-small-font-size\">La larva pasa por tres estados. El primero se desarrolla dentro del huevo, aliment\u00e1ndose de las sustancias de reservas que contiene. En el segundo y tercero se dirigen a zonas m\u00e1s secas, para as\u00ed pasar por la fase de pupa. Al cabo de 3-21 d\u00edas, dependiendo de la temperatura, surgir\u00e1n los nuevos individuos adultos.<\/p>\n<\/div>\n\n\n<div class=\"wp-block-image\">\n<figure class=\"aligncenter size-large\"><img loading=\"lazy\" decoding=\"async\" width=\"1445\" height=\"122\" src=\"https:\/\/biocampus25.wordpress.com\/wp-content\/uploads\/2025\/04\/captura-de-pantalla-2025-03-27-220716-12.png?w=1024\" alt=\"\" class=\"wp-image-1047\" srcset=\"https:\/\/webs.uab.cat\/bees\/wp-content\/uploads\/sites\/329\/2025\/04\/captura-de-pantalla-2025-03-27-220716-12.png 1445w, https:\/\/webs.uab.cat\/bees\/wp-content\/uploads\/sites\/329\/2025\/04\/captura-de-pantalla-2025-03-27-220716-12-300x25.png 300w, https:\/\/webs.uab.cat\/bees\/wp-content\/uploads\/sites\/329\/2025\/04\/captura-de-pantalla-2025-03-27-220716-12-1024x86.png 1024w, https:\/\/webs.uab.cat\/bees\/wp-content\/uploads\/sites\/329\/2025\/04\/captura-de-pantalla-2025-03-27-220716-12-768x65.png 768w, https:\/\/webs.uab.cat\/bees\/wp-content\/uploads\/sites\/329\/2025\/04\/captura-de-pantalla-2025-03-27-220716-12-1200x101.png 1200w\" sizes=\"auto, (max-width: 1445px) 100vw, 1445px\" \/><\/figure>\n<\/div>\n\n\n<div style=\"height:10px\" aria-hidden=\"true\" class=\"wp-block-spacer\"><\/div>\n\n\n\n<div class=\"wp-block-group is-vertical is-layout-flex wp-container-core-group-is-layout-769d0143 wp-block-group-is-layout-flex\">\n<p><strong>HABITAT Y ZONA DE DISTRIBUCI\u00d3N:<\/strong><\/p>\n\n\n\n<p class=\"has-text-align-justify\">Esta mosca es especialmente cosmopolita, lo cual tiene implicaciones en diferentes aspectos:<\/p>\n\n\n\n<div class=\"wp-block-group has-alegreya-font-family has-small-font-size is-vertical is-layout-flex wp-container-core-group-is-layout-8cf370e7 wp-block-group-is-layout-flex\">\n<ul class=\"wp-block-list\">\n<li>Por un lado, hay que decir que se pueden encontrar distribuidas por todo el mundo, teniendo una especial importancia en Europa y el continente americano.<\/li>\n\n\n\n<li>Tambi\u00e9n hay que decir que se pueden adaptar a muchos ecosistemas diferentes, de manera que se pueden encontrar en bosques naturales o en las viviendas. Adem\u00e1s, suelen buscar desperdicios de cualquier tipo, esti\u00e9rcol, materia org\u00e1nica en descomposici\u00f3n, alimentos etc.<\/li>\n<\/ul>\n<\/div>\n<\/div>\n\n\n\n<div class=\"wp-block-group is-vertical is-layout-flex wp-container-core-group-is-layout-769d0143 wp-block-group-is-layout-flex\">\n<figure class=\"wp-block-image size-large\"><img loading=\"lazy\" decoding=\"async\" width=\"1066\" height=\"535\" src=\"https:\/\/biocampus25.wordpress.com\/wp-content\/uploads\/2025\/04\/captura-de-pantalla-2025-04-17-181132.png?w=1024\" alt=\"\" class=\"wp-image-1042\" srcset=\"https:\/\/webs.uab.cat\/bees\/wp-content\/uploads\/sites\/329\/2025\/04\/captura-de-pantalla-2025-04-17-181132.png 1066w, https:\/\/webs.uab.cat\/bees\/wp-content\/uploads\/sites\/329\/2025\/04\/captura-de-pantalla-2025-04-17-181132-300x151.png 300w, https:\/\/webs.uab.cat\/bees\/wp-content\/uploads\/sites\/329\/2025\/04\/captura-de-pantalla-2025-04-17-181132-1024x514.png 1024w, https:\/\/webs.uab.cat\/bees\/wp-content\/uploads\/sites\/329\/2025\/04\/captura-de-pantalla-2025-04-17-181132-768x385.png 768w\" sizes=\"auto, (max-width: 1066px) 100vw, 1066px\" \/><\/figure>\n\n\n\n<p class=\"has-text-align-justify has-small-font-size\">Mapa de distribuci\u00f3n de Musca dom\u00e9stica. Imagen obtenida de Gbif en: <a href=\"https:\/\/www.gbif.org\/es\/species\/1524843\">https:\/\/www.gbif.org\/es\/species\/1524843<\/a><\/p>\n<\/div>\n\n\n\n<div style=\"height:10px\" aria-hidden=\"true\" class=\"wp-block-spacer\"><\/div>\n\n\n\n<div class=\"wp-block-group is-vertical is-layout-flex wp-container-core-group-is-layout-769d0143 wp-block-group-is-layout-flex\">\n<p><strong>ESTADO DE CONSERVACI\u00d3N:<\/strong><\/p>\n\n\n\n<p class=\"has-text-align-justify has-alegreya-font-family has-small-font-size\">Pese a que no se ha estudiado su estado de conservaci\u00f3n, si que se puede decir que lo m\u00e1s probable es que se encuentren en estado de preocupaci\u00f3n menor. Esto es debido a su distribuci\u00f3n cosmopolita.<\/p>\n<\/div>\n\n\n<div class=\"wp-block-image\">\n<figure class=\"aligncenter size-large is-resized\"><img loading=\"lazy\" decoding=\"async\" width=\"582\" height=\"167\" src=\"https:\/\/biocampus25.wordpress.com\/wp-content\/uploads\/2025\/04\/captura_de_pantalla_2025-04-16_221652-removebg-preview-3.png?w=582\" alt=\"\" class=\"wp-image-1045\" style=\"width:620px;height:auto\" srcset=\"https:\/\/webs.uab.cat\/bees\/wp-content\/uploads\/sites\/329\/2025\/04\/captura_de_pantalla_2025-04-16_221652-removebg-preview-3.png 582w, https:\/\/webs.uab.cat\/bees\/wp-content\/uploads\/sites\/329\/2025\/04\/captura_de_pantalla_2025-04-16_221652-removebg-preview-3-300x86.png 300w\" sizes=\"auto, (max-width: 582px) 100vw, 582px\" \/><\/figure>\n<\/div>\n\n\n<div style=\"height:30px\" aria-hidden=\"true\" class=\"wp-block-spacer\"><\/div>\n\n\n\n<p><strong>REFERENCIAS:<\/strong><\/p>\n\n\n\n<p class=\"has-text-align-justify has-small-font-size\"><em>Mosca dom\u00e9stica (Musca domestica)<\/em>. (n.d.). iNaturalist Mexico. Retrieved February 15, 2025, from <a href=\"https:\/\/mexico.inaturalist.org\/taxa\/120156-Musca-domestica\">https:\/\/mexico.inaturalist.org\/taxa\/120156-Musca-domestica<\/a><\/p>\n\n\n\n<p class=\"has-text-align-justify has-small-font-size\">Blasco-Zumeta, Javier (n.d.). 230 Musca domestica (Diptera, Muscidae). Fauna de Pina de Ebro y su comarca. Retrieved February 15, 2025, from <a href=\"https:\/\/monteriza.aranzadi.eus\/wp-content\/uploads\/insecta\/230.musca-domestica.pdf\">https:\/\/monteriza.aranzadi.eus\/wp-content\/uploads\/insecta\/230.musca-domestica.pdf<\/a>&nbsp;<\/p>\n\n\n\n<p class=\"has-text-align-justify has-small-font-size\"><em>Fora Plagues. (2018, September 12).&nbsp;Mosca domestica &#8211; ForaPlagues control de plagues<\/em>. Retrieved February 15, 2025, from<em>&nbsp; <\/em><a href=\"https:\/\/foraplagues.com\/plagues\/mosca-domestica\/?lang=es\"><em>https:\/\/foraplagues.com\/plagues\/mosca-domestica\/?lang=es<\/em><\/a><em><\/em><\/p>\n","protected":false},"excerpt":{"rendered":"<p>Reino Animalia Filo Arthropoda Subfilo Hexapoda Clase Insecta Subclase Pterygota Orden Diptera Suborden Brachycera Infraorden Cyclorrhapha Superfamilia Muscoidea Familia Muscidae Subfamilia Muscinae Tribu Muscini G\u00e9nero Musca Especie M. domestica DESCRIPCI\u00d3N: La mosca com\u00fan es un d\u00edptero de tama\u00f1o mediano, que puede medir unos 8-12mm. Su coloraci\u00f3n es principalmente negra o gris\u00e1cea, con cuatro l\u00edneas m\u00e1s [&hellip;]<\/p>\n","protected":false},"author":2556,"featured_media":0,"parent":0,"menu_order":0,"comment_status":"closed","ping_status":"closed","template":"","meta":{"footnotes":""},"class_list":["post-1033","page","type-page","status-publish","hentry"],"_links":{"self":[{"href":"https:\/\/webs.uab.cat\/bees\/wp-json\/wp\/v2\/pages\/1033","targetHints":{"allow":["GET"]}}],"collection":[{"href":"https:\/\/webs.uab.cat\/bees\/wp-json\/wp\/v2\/pages"}],"about":[{"href":"https:\/\/webs.uab.cat\/bees\/wp-json\/wp\/v2\/types\/page"}],"author":[{"embeddable":true,"href":"https:\/\/webs.uab.cat\/bees\/wp-json\/wp\/v2\/users\/2556"}],"replies":[{"embeddable":true,"href":"https:\/\/webs.uab.cat\/bees\/wp-json\/wp\/v2\/comments?post=1033"}],"version-history":[{"count":1,"href":"https:\/\/webs.uab.cat\/bees\/wp-json\/wp\/v2\/pages\/1033\/revisions"}],"predecessor-version":[{"id":4250,"href":"https:\/\/webs.uab.cat\/bees\/wp-json\/wp\/v2\/pages\/1033\/revisions\/4250"}],"wp:attachment":[{"href":"https:\/\/webs.uab.cat\/bees\/wp-json\/wp\/v2\/media?parent=1033"}],"curies":[{"name":"wp","href":"https:\/\/api.w.org\/{rel}","templated":true}]}}