{"id":1105,"date":"2025-05-14T11:40:13","date_gmt":"2025-05-14T09:40:13","guid":{"rendered":"https:\/\/biocampus25.wordpress.com\/?page_id=1105"},"modified":"2025-05-19T11:12:40","modified_gmt":"2025-05-19T09:12:40","slug":"erebidae","status":"publish","type":"page","link":"https:\/\/webs.uab.cat\/bees\/erebidae\/","title":{"rendered":"Erebidae"},"content":{"rendered":"\n<div class=\"wp-block-group is-vertical is-layout-flex wp-container-core-group-is-layout-3e0ae1ae wp-block-group-is-layout-flex\">\n<div class=\"wp-block-group is-vertical is-layout-flex wp-container-core-group-is-layout-3e0ae1ae wp-block-group-is-layout-flex\">\n<p><strong>Descripci\u00f3n:<\/strong><\/p>\n\n\n\n<div class=\"wp-block-group has-alegreya-font-family has-small-font-size is-vertical is-layout-flex wp-container-core-group-is-layout-8cf370e7 wp-block-group-is-layout-flex\">\n<p class=\"has-text-align-justify\">Esta familia de lepid\u00f3pteros est\u00e1 incluida en el suborden de los heter\u00f3ceros y se caracteriza por:<\/p>\n\n\n\n<ul class=\"wp-block-list\">\n<li>En la fase de larva, suelen tener una superficie corporal lisa y rara vez con alta pilosidad. Adem\u00e1s, tienden a tener protopatas bien desarrolladas.<\/li>\n\n\n\n<li>En la fase adulta, pueden presentar dietas muy variadas seg\u00fan el subgrupo al que pertenecen. La mayor\u00eda pueden perforar la fruta con su prob\u00f3scide para alimentarse del jugo, pero hay otras que pueden ser hemat\u00f3fagas.<\/li>\n\n\n\n<li>En cuanto a las alas, las anteriores son amplias y las posteriores presentan patrones de coloraci\u00f3n. Adem\u00e1s, tienen una vena cubital que se subdivide en cuatro.<\/li>\n<\/ul>\n\n\n\n<p class=\"has-text-align-justify\">La especie m\u00e1s com\u00fan de este grupo es &#8220;<em><a href=\"https:\/\/webs.uab.cat\/bees\/armino-blanco\/\" data-type=\"page\" data-id=\"1111\">Spilosoma lubricipeda<\/a><\/em>&#8220;.<\/p>\n<\/div>\n<\/div>\n<\/div>\n\n\n\n<div style=\"height:30px\" aria-hidden=\"true\" class=\"wp-block-spacer\"><\/div>\n\n\n\n<p><strong>Bibliografia:<\/strong><\/p>\n\n\n\n<p class=\"has-text-align-justify has-small-font-size\">Wikipedia contributors. (2025b, February 19).&nbsp;<em>Erebidae<\/em>. Wikipedia, The Free Encyclopedia. <a href=\"https:\/\/en.wikipedia.org\/w\/index.php?title=Erebidae&amp;oldid=1276495509\">https:\/\/en.wikipedia.org\/w\/index.php?title=Erebidae&amp;oldid=1276495509<\/a><\/p>\n","protected":false},"excerpt":{"rendered":"<p>Descripci\u00f3n: Esta familia de lepid\u00f3pteros est\u00e1 incluida en el suborden de los heter\u00f3ceros y se caracteriza por: La especie m\u00e1s com\u00fan de este grupo es &#8220;Spilosoma lubricipeda&#8220;. Bibliografia: Wikipedia contributors. (2025b, February 19).&nbsp;Erebidae. Wikipedia, The Free Encyclopedia. https:\/\/en.wikipedia.org\/w\/index.php?title=Erebidae&amp;oldid=1276495509<\/p>\n","protected":false},"author":2556,"featured_media":0,"parent":0,"menu_order":0,"comment_status":"closed","ping_status":"closed","template":"","meta":{"footnotes":""},"class_list":["post-1105","page","type-page","status-publish","hentry"],"_links":{"self":[{"href":"https:\/\/webs.uab.cat\/bees\/wp-json\/wp\/v2\/pages\/1105","targetHints":{"allow":["GET"]}}],"collection":[{"href":"https:\/\/webs.uab.cat\/bees\/wp-json\/wp\/v2\/pages"}],"about":[{"href":"https:\/\/webs.uab.cat\/bees\/wp-json\/wp\/v2\/types\/page"}],"author":[{"embeddable":true,"href":"https:\/\/webs.uab.cat\/bees\/wp-json\/wp\/v2\/users\/2556"}],"replies":[{"embeddable":true,"href":"https:\/\/webs.uab.cat\/bees\/wp-json\/wp\/v2\/comments?post=1105"}],"version-history":[{"count":1,"href":"https:\/\/webs.uab.cat\/bees\/wp-json\/wp\/v2\/pages\/1105\/revisions"}],"predecessor-version":[{"id":4183,"href":"https:\/\/webs.uab.cat\/bees\/wp-json\/wp\/v2\/pages\/1105\/revisions\/4183"}],"wp:attachment":[{"href":"https:\/\/webs.uab.cat\/bees\/wp-json\/wp\/v2\/media?parent=1105"}],"curies":[{"name":"wp","href":"https:\/\/api.w.org\/{rel}","templated":true}]}}