{"id":1111,"date":"2025-05-14T11:38:43","date_gmt":"2025-05-14T09:38:43","guid":{"rendered":"https:\/\/biocampus25.wordpress.com\/?page_id=1111"},"modified":"2025-05-19T10:27:36","modified_gmt":"2025-05-19T08:27:36","slug":"armino-blanco","status":"publish","type":"page","link":"https:\/\/webs.uab.cat\/bees\/armino-blanco\/","title":{"rendered":"ARMI\u00d1O BLANCO"},"content":{"rendered":"\n<div class=\"wp-block-group is-vertical is-layout-flex wp-container-core-group-is-layout-769d0143 wp-block-group-is-layout-flex\">\n<figure class=\"wp-block-image size-large\"><img loading=\"lazy\" decoding=\"async\" width=\"1199\" height=\"672\" src=\"https:\/\/biocampus25.wordpress.com\/wp-content\/uploads\/2025\/04\/white_ermine_moth_-_spilosoma_lubricipeda_27501806607.png?w=1024\" alt=\"\" class=\"wp-image-1112\" srcset=\"https:\/\/webs.uab.cat\/bees\/wp-content\/uploads\/sites\/329\/2025\/04\/white_ermine_moth_-_spilosoma_lubricipeda_27501806607.png 1199w, https:\/\/webs.uab.cat\/bees\/wp-content\/uploads\/sites\/329\/2025\/04\/white_ermine_moth_-_spilosoma_lubricipeda_27501806607-300x168.png 300w, https:\/\/webs.uab.cat\/bees\/wp-content\/uploads\/sites\/329\/2025\/04\/white_ermine_moth_-_spilosoma_lubricipeda_27501806607-1024x574.png 1024w, https:\/\/webs.uab.cat\/bees\/wp-content\/uploads\/sites\/329\/2025\/04\/white_ermine_moth_-_spilosoma_lubricipeda_27501806607-768x430.png 768w\" sizes=\"auto, (max-width: 1199px) 100vw, 1199px\" \/><\/figure>\n\n\n\n<p class=\"has-text-align-justify has-small-font-size\">Spilosoma lubric\u00edpeda. Imagen con copyright CC BY 2.0, creada por Nick goodrum y obtenida de Wikimedia commons en: <a href=\"https:\/\/commons.wikimedia.org\/wiki\/File:White_ermine_moth_-_spilosoma_lubricipeda_(27501806607).png\">https:\/\/commons.wikimedia.org\/wiki\/File:White_ermine_moth_-_spilosoma_lubricipeda_(27501806607).png<\/a><\/p>\n<\/div>\n\n\n\n<div style=\"height:10px\" aria-hidden=\"true\" class=\"wp-block-spacer\"><\/div>\n\n\n\n<div class=\"wp-block-columns is-layout-flex wp-container-core-columns-is-layout-9d6595d7 wp-block-columns-is-layout-flex\">\n<div class=\"wp-block-column is-layout-flow wp-block-column-is-layout-flow\">\n<figure class=\"wp-block-table has-alegreya-font-family has-small-font-size\"><table><tbody><tr><td class=\"has-text-align-center\" data-align=\"center\"><strong>Reino<\/strong><\/td><td class=\"has-text-align-center\" data-align=\"center\">Animalia<\/td><\/tr><tr><td class=\"has-text-align-center\" data-align=\"center\"><strong>Filo<\/strong><\/td><td class=\"has-text-align-center\" data-align=\"center\">Arthropoda<\/td><\/tr><tr><td class=\"has-text-align-center\" data-align=\"center\"><strong>Subfilo<\/strong><\/td><td class=\"has-text-align-center\" data-align=\"center\"><a href=\"https:\/\/webs.uab.cat\/bees\/hexapoda\/\" data-type=\"page\" data-id=\"4095\">Hexapoda<\/a><\/td><\/tr><tr><td class=\"has-text-align-center\" data-align=\"center\"><strong>Clase<\/strong><\/td><td class=\"has-text-align-center\" data-align=\"center\">Insecta<\/td><\/tr><tr><td class=\"has-text-align-center\" data-align=\"center\"><strong>Subclase<\/strong><\/td><td class=\"has-text-align-center\" data-align=\"center\">Pterygota<\/td><\/tr><tr><td class=\"has-text-align-center\" data-align=\"center\"><strong>Orden<\/strong><\/td><td class=\"has-text-align-center\" data-align=\"center\"><a href=\"https:\/\/webs.uab.cat\/bees\/lepidoptera\/\" data-type=\"page\" data-id=\"1076\">Lepidoptera<\/a><\/td><\/tr><tr><td class=\"has-text-align-center\" data-align=\"center\"><strong>Superfamilia<\/strong><\/td><td class=\"has-text-align-center\" data-align=\"center\">Noctuoidea<\/td><\/tr><tr><td class=\"has-text-align-center\" data-align=\"center\"><strong>Familia<\/strong><\/td><td class=\"has-text-align-center\" data-align=\"center\"><a href=\"https:\/\/webs.uab.cat\/bees\/erebidae\/\" data-type=\"page\" data-id=\"1105\">Erebidae<\/a><\/td><\/tr><tr><td class=\"has-text-align-center\" data-align=\"center\"><strong>Subfamilia<\/strong><\/td><td class=\"has-text-align-center\" data-align=\"center\">Arctiinae<\/td><\/tr><tr><td class=\"has-text-align-center\" data-align=\"center\"><strong>Tribu<\/strong><\/td><td class=\"has-text-align-center\" data-align=\"center\">Arctiini<\/td><\/tr><tr><td class=\"has-text-align-center\" data-align=\"center\"><strong>Subtribu<\/strong><\/td><td class=\"has-text-align-center\" data-align=\"center\">Spilosomina<\/td><\/tr><tr><td class=\"has-text-align-center\" data-align=\"center\"><strong>G\u00e9nero<\/strong><\/td><td class=\"has-text-align-center\" data-align=\"center\">Spilosoma<\/td><\/tr><tr><td class=\"has-text-align-center\" data-align=\"center\"><strong>Especie<\/strong><\/td><td class=\"has-text-align-center\" data-align=\"center\">S. lubricipeda<\/td><\/tr><\/tbody><\/table><\/figure>\n<\/div>\n\n\n\n<div class=\"wp-block-column is-layout-flow wp-block-column-is-layout-flow\">\n<div class=\"wp-block-group is-vertical is-layout-flex wp-container-core-group-is-layout-769d0143 wp-block-group-is-layout-flex\">\n<p><strong>DESCRIPCI\u00d3N:<\/strong><\/p>\n\n\n\n<p class=\"has-text-align-justify has-alegreya-font-family has-small-font-size\">El armi\u00f1o blanco es una polilla de tama\u00f1o mediano, que suele medir entre 34-48mm. Como bien indica su nombre, es de coloraci\u00f3n completamente blanca, aunque suele presentar algunos puntos negros en sus alas y la zona dorsal del abdomen es amarillento.<\/p>\n\n\n\n<p class=\"has-text-align-justify has-alegreya-font-family has-small-font-size\">Su cabeza es peque\u00f1a y presenta un par de ojos compuestos grandes, un aparato bucal de tipo chupador y un par de antenas que son filiformes en hembra y en forma de peines en machos.<\/p>\n\n\n\n<p class=\"has-text-align-justify has-alegreya-font-family has-small-font-size\">En su t\u00f3rax podemos observar una caracter\u00edstica distintiva de esta especie, una alta densidad de pelos de color blanco. Estos les sirven tanto para la detecci\u00f3n de est\u00edmulos sensoriales externos, como protecci\u00f3n. Esta especie es capaz de almacenar compuestos t\u00f3xicos provenientes de la dieta de las larvas, con lo cual se protegen de los depredadores.<\/p>\n<\/div>\n<\/div>\n<\/div>\n\n\n\n<div style=\"height:10px\" aria-hidden=\"true\" class=\"wp-block-spacer\"><\/div>\n\n\n\n<div class=\"wp-block-group is-vertical is-layout-flex wp-container-core-group-is-layout-769d0143 wp-block-group-is-layout-flex\">\n<p><strong>DIETA:<\/strong><\/p>\n\n\n\n<p class=\"has-text-align-justify has-alegreya-font-family has-small-font-size\">No se ha podido observar cual es la dieta de esta especie, por lo que podr\u00eda ser posible que no se alimenten en fase adulta (igual que pasa con muchas otras especies de polillas). Por otro lado, si que se conoce que la larva se alimenta de hojas de viborera, diente de le\u00f3n etc. Que es de donde obtienen sus compuestos t\u00f3xicos.<\/p>\n<\/div>\n\n\n\n<div style=\"height:10px\" aria-hidden=\"true\" class=\"wp-block-spacer\"><\/div>\n\n\n\n<div class=\"wp-block-group is-vertical is-layout-flex wp-container-core-group-is-layout-769d0143 wp-block-group-is-layout-flex\">\n<p><strong>ESTRUCTURA SOCIAL Y COMPORTAMIENTO:<\/strong><\/p>\n\n\n\n<p class=\"has-text-align-justify has-alegreya-font-family has-small-font-size\">Esta polilla exhibe un comportamiento solitario a lo largo de su vida. Es posible ver diversas orugas juntas por la noche, pero esto es debido a que se sienten atra\u00eddas hacia la luz y no se comportan de forma coordinada ni organizada.<\/p>\n\n\n\n<p class=\"has-text-align-justify has-alegreya-font-family has-small-font-size\">Habitualmente los podemos encontrar activos entre mayo y junio, momento en el que se reproducen. Con esto generan una alta cantidad de huevos, que las hembras depositan en una planta hospedadora. De estos huevos surgen unas larvas que se desarrollan entre junio y agosto, dando lugar a una pupa que ser\u00e1 la que hiberne con la llegada del frio.<\/p>\n<\/div>\n\n\n<div class=\"wp-block-image\">\n<figure class=\"aligncenter size-large\"><img loading=\"lazy\" decoding=\"async\" width=\"1111\" height=\"96\" src=\"https:\/\/biocampus25.wordpress.com\/wp-content\/uploads\/2025\/04\/captura-de-pantalla-2025-04-18-115121.png?w=1024\" alt=\"\" class=\"wp-image-1121\" srcset=\"https:\/\/webs.uab.cat\/bees\/wp-content\/uploads\/sites\/329\/2025\/04\/captura-de-pantalla-2025-04-18-115121.png 1111w, https:\/\/webs.uab.cat\/bees\/wp-content\/uploads\/sites\/329\/2025\/04\/captura-de-pantalla-2025-04-18-115121-300x26.png 300w, https:\/\/webs.uab.cat\/bees\/wp-content\/uploads\/sites\/329\/2025\/04\/captura-de-pantalla-2025-04-18-115121-1024x88.png 1024w, https:\/\/webs.uab.cat\/bees\/wp-content\/uploads\/sites\/329\/2025\/04\/captura-de-pantalla-2025-04-18-115121-768x66.png 768w\" sizes=\"auto, (max-width: 1111px) 100vw, 1111px\" \/><\/figure>\n<\/div>\n\n\n<div style=\"height:10px\" aria-hidden=\"true\" class=\"wp-block-spacer\"><\/div>\n\n\n\n<div class=\"wp-block-group is-vertical is-layout-flex wp-container-core-group-is-layout-769d0143 wp-block-group-is-layout-flex\">\n<p><strong>HABITAT Y ZONA DE DISTRIBUCI\u00d3N:<\/strong><\/p>\n\n\n\n<p class=\"has-text-align-justify has-alegreya-font-family has-small-font-size\">Esta especie se encuentra ampliamente distribuida por toda Europa, as\u00ed como en la zona m\u00e1s oeste de Rusia y en la zonas circundantes a Jap\u00f3n.<\/p>\n\n\n\n<p class=\"has-text-align-justify has-alegreya-font-family has-small-font-size\">Su h\u00e1bitat t\u00edpico son las zonas abiertas y ligeramente h\u00famedas, como podr\u00edan ser los pastizales o algunas zonas de cultivo. En caso de encontrarse en un bosque, estar\u00edan en zonas claras o en los m\u00e1rgenes.<\/p>\n<\/div>\n\n\n\n<div class=\"wp-block-group is-vertical is-layout-flex wp-container-core-group-is-layout-769d0143 wp-block-group-is-layout-flex\">\n<figure class=\"wp-block-image size-large\"><img loading=\"lazy\" decoding=\"async\" width=\"972\" height=\"490\" src=\"https:\/\/biocampus25.wordpress.com\/wp-content\/uploads\/2025\/04\/captura-de-pantalla-2025-04-18-115316.png?w=972\" alt=\"\" class=\"wp-image-1124\" srcset=\"https:\/\/webs.uab.cat\/bees\/wp-content\/uploads\/sites\/329\/2025\/04\/captura-de-pantalla-2025-04-18-115316.png 972w, https:\/\/webs.uab.cat\/bees\/wp-content\/uploads\/sites\/329\/2025\/04\/captura-de-pantalla-2025-04-18-115316-300x151.png 300w, https:\/\/webs.uab.cat\/bees\/wp-content\/uploads\/sites\/329\/2025\/04\/captura-de-pantalla-2025-04-18-115316-768x387.png 768w\" sizes=\"auto, (max-width: 972px) 100vw, 972px\" \/><\/figure>\n\n\n\n<p class=\"has-text-align-justify has-small-font-size\">Mapa de distribuci\u00f3n de Spilosoma lubric\u00edpeda. Imagen obtenida de Gbif en: <a href=\"https:\/\/www.gbif.org\/es\/species\/8237987\">https:\/\/www.gbif.org\/es\/species\/8237987<\/a><\/p>\n<\/div>\n\n\n\n<div style=\"height:10px\" aria-hidden=\"true\" class=\"wp-block-spacer\"><\/div>\n\n\n\n<div class=\"wp-block-group is-vertical is-layout-flex wp-container-core-group-is-layout-769d0143 wp-block-group-is-layout-flex\">\n<p><strong>ESTADO DE CONSERVACI\u00d3N:<\/strong><\/p>\n\n\n\n<p class=\"has-text-align-justify has-alegreya-font-family has-small-font-size\">Esta especie no se encuentra amenazada ni cuenta con ning\u00fan programa de conservaci\u00f3n.<\/p>\n<\/div>\n\n\n<div class=\"wp-block-image\">\n<figure class=\"aligncenter size-large is-resized\"><img loading=\"lazy\" decoding=\"async\" width=\"582\" height=\"167\" src=\"https:\/\/biocampus25.wordpress.com\/wp-content\/uploads\/2025\/04\/captura_de_pantalla_2025-04-16_221652-removebg-preview-4.png?w=582\" alt=\"\" class=\"wp-image-1127\" style=\"width:620px;height:auto\" srcset=\"https:\/\/webs.uab.cat\/bees\/wp-content\/uploads\/sites\/329\/2025\/04\/captura_de_pantalla_2025-04-16_221652-removebg-preview-4.png 582w, https:\/\/webs.uab.cat\/bees\/wp-content\/uploads\/sites\/329\/2025\/04\/captura_de_pantalla_2025-04-16_221652-removebg-preview-4-300x86.png 300w\" sizes=\"auto, (max-width: 582px) 100vw, 582px\" \/><\/figure>\n<\/div>\n\n\n<div style=\"height:30px\" aria-hidden=\"true\" class=\"wp-block-spacer\"><\/div>\n\n\n\n<p><strong>REFERENCIAS:<\/strong><\/p>\n\n\n\n<p class=\"has-text-align-justify has-small-font-size\"><em>Armi\u00f1o Blanco (Spilosoma lubricipeda)<\/em>. (n.d.). iNaturalist Ecuador. Retrieved February 15, 2025, from <a href=\"https:\/\/ecuador.inaturalist.org\/taxa\/81653-Spilosoma-lubricipeda\">https:\/\/ecuador.inaturalist.org\/taxa\/81653-Spilosoma-lubricipeda<\/a><\/p>\n\n\n\n<p class=\"has-text-align-justify has-small-font-size\">Valderrey, J. L. M. (2007b, May 15).&nbsp;<em>Spilosoma lubricipeda Linnaeus, 1758<\/em>. Naturaleza y turismo. <a href=\"https:\/\/www.asturnatura.com\/especie\/spilosoma-lubricipeda\">https:\/\/www.asturnatura.com\/especie\/spilosoma-lubricipeda<\/a><\/p>\n\n\n\n<p class=\"has-text-align-justify has-small-font-size\"><em>European Lepidoptera and their ecology: Spilosoma lubricipeda<\/em>. (2025, February 17). Pyrgus.de. <a href=\"http:\/\/www.pyrgus.de\/Spilosoma_lubricipeda_en.html\">http:\/\/www.pyrgus.de\/Spilosoma_lubricipeda_en.html<\/a><\/p>\n\n\n\n<p class=\"has-text-align-justify has-small-font-size\"><em>Spilosoma lubricipeda white ermine<\/em><em>\u202f<\/em><em>:: Northern Ireland<\/em><em>\u2019<\/em><em>s Priority Species<\/em><em>\u202f<\/em><em>::<\/em>&nbsp;(n.d.). Org.uk. Retrieved April 18, 2025, from <a href=\"https:\/\/www.habitas.org.uk\/priority\/species.asp?item=6146\">https:\/\/www.habitas.org.uk\/priority\/species.asp?item=6146<\/a><\/p>\n","protected":false},"excerpt":{"rendered":"<p>Spilosoma lubric\u00edpeda. Imagen con copyright CC BY 2.0, creada por Nick goodrum y obtenida de Wikimedia commons en: https:\/\/commons.wikimedia.org\/wiki\/File:White_ermine_moth_-_spilosoma_lubricipeda_(27501806607).png Reino Animalia Filo Arthropoda Subfilo Hexapoda Clase Insecta Subclase Pterygota Orden Lepidoptera Superfamilia Noctuoidea Familia Erebidae Subfamilia Arctiinae Tribu Arctiini Subtribu Spilosomina G\u00e9nero Spilosoma Especie S. lubricipeda DESCRIPCI\u00d3N: El armi\u00f1o blanco es una polilla de tama\u00f1o [&hellip;]<\/p>\n","protected":false},"author":2556,"featured_media":0,"parent":0,"menu_order":0,"comment_status":"closed","ping_status":"closed","template":"","meta":{"footnotes":""},"class_list":["post-1111","page","type-page","status-publish","hentry"],"_links":{"self":[{"href":"https:\/\/webs.uab.cat\/bees\/wp-json\/wp\/v2\/pages\/1111","targetHints":{"allow":["GET"]}}],"collection":[{"href":"https:\/\/webs.uab.cat\/bees\/wp-json\/wp\/v2\/pages"}],"about":[{"href":"https:\/\/webs.uab.cat\/bees\/wp-json\/wp\/v2\/types\/page"}],"author":[{"embeddable":true,"href":"https:\/\/webs.uab.cat\/bees\/wp-json\/wp\/v2\/users\/2556"}],"replies":[{"embeddable":true,"href":"https:\/\/webs.uab.cat\/bees\/wp-json\/wp\/v2\/comments?post=1111"}],"version-history":[{"count":1,"href":"https:\/\/webs.uab.cat\/bees\/wp-json\/wp\/v2\/pages\/1111\/revisions"}],"predecessor-version":[{"id":4137,"href":"https:\/\/webs.uab.cat\/bees\/wp-json\/wp\/v2\/pages\/1111\/revisions\/4137"}],"wp:attachment":[{"href":"https:\/\/webs.uab.cat\/bees\/wp-json\/wp\/v2\/media?parent=1111"}],"curies":[{"name":"wp","href":"https:\/\/api.w.org\/{rel}","templated":true}]}}