{"id":1198,"date":"2025-05-14T11:42:30","date_gmt":"2025-05-14T09:42:30","guid":{"rendered":"https:\/\/biocampus25.wordpress.com\/?page_id=1198"},"modified":"2025-05-19T13:00:01","modified_gmt":"2025-05-19T11:00:01","slug":"nymphalidae","status":"publish","type":"page","link":"https:\/\/webs.uab.cat\/bees\/nymphalidae\/","title":{"rendered":"Nymphalidae"},"content":{"rendered":"\n<div class=\"wp-block-group is-vertical is-layout-flex wp-container-core-group-is-layout-3e0ae1ae wp-block-group-is-layout-flex\">\n<p><strong>DESCRIPCI\u00d3N:<\/strong><\/p>\n\n\n\n<p class=\"has-text-align-justify\">Esta familia de ropal\u00f3ceros est\u00e1 formada por unas 5.000-6.000 especies, que se pueden encontrar en todo el mundo. Se pueden diferenciar del resto de familias de lepid\u00f3pteros por:<\/p>\n\n\n\n<div class=\"wp-block-group has-alegreya-font-family has-small-font-size is-vertical is-layout-flex wp-container-core-group-is-layout-8cf370e7 wp-block-group-is-layout-flex\">\n<ul class=\"wp-block-list\">\n<li>Suelen ser de gran tama\u00f1o, con colores llamativos que anuncian su capacidad t\u00f3xica. En cambio, en la parte ventral de las alas presentan colores cr\u00edpticos que les permiten camuflarse con el entorno.<\/li>\n\n\n\n<li>Tambi\u00e9n destaca el hecho de que los individuos adultos tienen el primer par de patas reducidas o ausentes, de tal forma que para moverse lo hacen con las cuatro patas posteriores.<\/li>\n\n\n\n<li>Normalmente, los adultos presentan un dimorfismo sexual muy bajo, lo que dificulta su reconocimiento a simple vista. A veces, pueden ser identificados despu\u00e9s de la c\u00f3pula debido a que el macho coloca a la hembra una especie de tap\u00f3n llamado <em>sphragis<\/em>.<\/li>\n\n\n\n<li>Las orugas suelen tener pelos o espinas en la regi\u00f3n de la cabeza.<\/li>\n<\/ul>\n\n\n\n<p class=\"has-text-align-justify\">Entre las especies m\u00e1s f\u00e1ciles de reconocer se encuentra &#8220;<em><a href=\"https:\/\/webs.uab.cat\/bees\/ninfa-de-los-arroyos\/\" data-type=\"page\" data-id=\"1203\">Limenitis reducte<\/a><\/em>&#8220;.<\/p>\n<\/div>\n<\/div>\n\n\n\n<div style=\"height:30px\" aria-hidden=\"true\" class=\"wp-block-spacer\"><\/div>\n\n\n\n<p><strong>BIBLIOGRAFIA:<\/strong><\/p>\n\n\n\n<p class=\"has-text-align-justify has-small-font-size\">Valderrey, J. L. M. (n.d.-b).&nbsp;<em>Nymphalidae (Swainson, 1827)<\/em>. Naturaleza y turismo. Retrieved January 8, 2025, from <a href=\"https:\/\/www.asturnatura.com\/familia\/nymphalidae\">https:\/\/www.asturnatura.com\/familia\/nymphalidae<\/a><\/p>\n\n\n\n<p class=\"has-text-align-justify has-small-font-size\">Wikipedia contributors. (n.d.-i).&nbsp;<em>Nymphalidae<\/em>. Wikipedia, The Free Encyclopedia. <a href=\"https:\/\/es.wikipedia.org\/w\/index.php?title=Nymphalidae&amp;oldid=166821915\">https:\/\/es.wikipedia.org\/w\/index.php?title=Nymphalidae&amp;oldid=166821915<\/a><\/p>\n\n\n\n<p><\/p>\n","protected":false},"excerpt":{"rendered":"<p>DESCRIPCI\u00d3N: Esta familia de ropal\u00f3ceros est\u00e1 formada por unas 5.000-6.000 especies, que se pueden encontrar en todo el mundo. Se pueden diferenciar del resto de familias de lepid\u00f3pteros por: Entre las especies m\u00e1s f\u00e1ciles de reconocer se encuentra &#8220;Limenitis reducte&#8220;. BIBLIOGRAFIA: Valderrey, J. L. M. (n.d.-b).&nbsp;Nymphalidae (Swainson, 1827). Naturaleza y turismo. Retrieved January 8, 2025, [&hellip;]<\/p>\n","protected":false},"author":2556,"featured_media":0,"parent":0,"menu_order":0,"comment_status":"closed","ping_status":"closed","template":"","meta":{"footnotes":""},"class_list":["post-1198","page","type-page","status-publish","hentry"],"_links":{"self":[{"href":"https:\/\/webs.uab.cat\/bees\/wp-json\/wp\/v2\/pages\/1198","targetHints":{"allow":["GET"]}}],"collection":[{"href":"https:\/\/webs.uab.cat\/bees\/wp-json\/wp\/v2\/pages"}],"about":[{"href":"https:\/\/webs.uab.cat\/bees\/wp-json\/wp\/v2\/types\/page"}],"author":[{"embeddable":true,"href":"https:\/\/webs.uab.cat\/bees\/wp-json\/wp\/v2\/users\/2556"}],"replies":[{"embeddable":true,"href":"https:\/\/webs.uab.cat\/bees\/wp-json\/wp\/v2\/comments?post=1198"}],"version-history":[{"count":1,"href":"https:\/\/webs.uab.cat\/bees\/wp-json\/wp\/v2\/pages\/1198\/revisions"}],"predecessor-version":[{"id":4261,"href":"https:\/\/webs.uab.cat\/bees\/wp-json\/wp\/v2\/pages\/1198\/revisions\/4261"}],"wp:attachment":[{"href":"https:\/\/webs.uab.cat\/bees\/wp-json\/wp\/v2\/media?parent=1198"}],"curies":[{"name":"wp","href":"https:\/\/api.w.org\/{rel}","templated":true}]}}