{"id":1222,"date":"2025-05-14T11:41:58","date_gmt":"2025-05-14T09:41:58","guid":{"rendered":"https:\/\/biocampus25.wordpress.com\/?page_id=1222"},"modified":"2025-05-19T12:42:05","modified_gmt":"2025-05-19T10:42:05","slug":"lycaenidae","status":"publish","type":"page","link":"https:\/\/webs.uab.cat\/bees\/lycaenidae\/","title":{"rendered":"Lycaenidae"},"content":{"rendered":"\n<div class=\"wp-block-group is-vertical is-layout-flex wp-container-core-group-is-layout-3e0ae1ae wp-block-group-is-layout-flex\">\n<p><strong>DESCRIPCI\u00d3N:<\/strong><\/p>\n\n\n\n<p class=\"has-text-align-justify\">Esta familia de lepid\u00f3pteros ropal\u00f3ceros est\u00e1 formada por unas 6.000 especies, las cuales representan aproximadamente un 40% de las mariposas diurnas. Entre los elementos que las caracterizan tenemos:<\/p>\n\n\n\n<div class=\"wp-block-group has-alegreya-font-family has-small-font-size is-vertical is-layout-flex wp-container-core-group-is-layout-8cf370e7 wp-block-group-is-layout-flex\">\n<ul class=\"wp-block-list\">\n<li>Las mariposas son peque\u00f1as (menos de cinco cent\u00edmetros de longitud), con alas que presentan en la zona superior colores brillantes, mientras que en la superficie inferior tienen colores cr\u00edpticos.<\/li>\n\n\n\n<li>Tienen ojos compuestos negros, a veces rodeados de pelos y escamas blancas. Justo al lado se encuentran las antenas, que son filiformes, con segmentos de forma cil\u00edndrica y coloraci\u00f3n blanca y negra.<\/li>\n\n\n\n<li>Su dieta puede ser bastante diversa, destacando organismos que se alimentan de las secreciones azucaradas que generan las hormigas a cambio de protecci\u00f3n, los par\u00e1sitos de larvas de insectos o los can\u00edbales.<\/li>\n\n\n\n<li>Muchos machos tienden a agruparse con otros miembros de la familia, ya sea sobre barro, excrementos o cad\u00e1veres de mam\u00edferos. Esto suele ocurrir cuando van a dormir o se encuentran en reposo, momento en el que son m\u00e1s susceptibles a sufrir ataques.<\/li>\n\n\n\n<li>El dimorfismo sexual se basa, entre otras cosas, en la presencia de unas patas anteriores formadas por un \u00fanico segmento en los machos. Adem\u00e1s, las hembras tienden a tener alas con colores m\u00e1s apagados.<\/li>\n\n\n\n<li>Las orugas, que son cortas y con formas aplanadas, pueden vivir en los hormigueros, donde son aceptadas porque liberan un n\u00e9ctar muy preciado por los hu\u00e9spedes. Cuando deben realizar la metamorfosis, se anclan a la vegetaci\u00f3n gracias a unos ganchos que tienen en la cola o con las sedas que generan.<\/li>\n<\/ul>\n\n\n\n<p class=\"has-text-align-justify\">Entre las especies m\u00e1s f\u00e1cilmente reconocibles se encuentra &#8220;<em><a href=\"https:\/\/webs.uab.cat\/bees\/mariposa-icaro\/\" data-type=\"page\" data-id=\"1227\">Polyommatus icarus<\/a><\/em>&#8220;.<\/p>\n<\/div>\n<\/div>\n\n\n\n<div style=\"height:30px\" aria-hidden=\"true\" class=\"wp-block-spacer\"><\/div>\n\n\n\n<p><strong>BIBLIOGRAFIA:<\/strong><\/p>\n\n\n\n<p class=\"has-text-align-justify has-small-font-size\">Valderrey, J. L. M. (n.d.-b).&nbsp;<em>Lycaenidae (Leach, 1815)<\/em>. Naturaleza y turismo. Retrieved January 9, 2025, from <a href=\"https:\/\/www.asturnatura.com\/familia\/lycaenidae\">https:\/\/www.asturnatura.com\/familia\/lycaenidae<\/a><\/p>\n\n\n\n<p class=\"has-text-align-justify has-small-font-size\">Wikipedia contributors. (n.d.-g).&nbsp;<em>Lycaenidae<\/em>. Wikipedia, The Free Encyclopedia. <a href=\"https:\/\/es.wikipedia.org\/w\/index.php?title=Lycaenidae&amp;oldid=164837767\">https:\/\/es.wikipedia.org\/w\/index.php?title=Lycaenidae&amp;oldid=164837767<\/a><\/p>\n\n\n\n<p><\/p>\n","protected":false},"excerpt":{"rendered":"<p>DESCRIPCI\u00d3N: Esta familia de lepid\u00f3pteros ropal\u00f3ceros est\u00e1 formada por unas 6.000 especies, las cuales representan aproximadamente un 40% de las mariposas diurnas. Entre los elementos que las caracterizan tenemos: Entre las especies m\u00e1s f\u00e1cilmente reconocibles se encuentra &#8220;Polyommatus icarus&#8220;. BIBLIOGRAFIA: Valderrey, J. L. M. (n.d.-b).&nbsp;Lycaenidae (Leach, 1815). Naturaleza y turismo. Retrieved January 9, 2025, from [&hellip;]<\/p>\n","protected":false},"author":2556,"featured_media":0,"parent":0,"menu_order":0,"comment_status":"closed","ping_status":"closed","template":"","meta":{"footnotes":""},"class_list":["post-1222","page","type-page","status-publish","hentry"],"_links":{"self":[{"href":"https:\/\/webs.uab.cat\/bees\/wp-json\/wp\/v2\/pages\/1222","targetHints":{"allow":["GET"]}}],"collection":[{"href":"https:\/\/webs.uab.cat\/bees\/wp-json\/wp\/v2\/pages"}],"about":[{"href":"https:\/\/webs.uab.cat\/bees\/wp-json\/wp\/v2\/types\/page"}],"author":[{"embeddable":true,"href":"https:\/\/webs.uab.cat\/bees\/wp-json\/wp\/v2\/users\/2556"}],"replies":[{"embeddable":true,"href":"https:\/\/webs.uab.cat\/bees\/wp-json\/wp\/v2\/comments?post=1222"}],"version-history":[{"count":1,"href":"https:\/\/webs.uab.cat\/bees\/wp-json\/wp\/v2\/pages\/1222\/revisions"}],"predecessor-version":[{"id":4236,"href":"https:\/\/webs.uab.cat\/bees\/wp-json\/wp\/v2\/pages\/1222\/revisions\/4236"}],"wp:attachment":[{"href":"https:\/\/webs.uab.cat\/bees\/wp-json\/wp\/v2\/media?parent=1222"}],"curies":[{"name":"wp","href":"https:\/\/api.w.org\/{rel}","templated":true}]}}