{"id":1398,"date":"2025-05-14T11:38:41","date_gmt":"2025-05-14T09:38:41","guid":{"rendered":"https:\/\/biocampus25.wordpress.com\/?page_id=1398"},"modified":"2025-05-19T10:18:50","modified_gmt":"2025-05-19T08:18:50","slug":"apidae","status":"publish","type":"page","link":"https:\/\/webs.uab.cat\/bees\/apidae\/","title":{"rendered":"Apidae"},"content":{"rendered":"\n<div class=\"wp-block-group is-vertical is-layout-flex wp-container-core-group-is-layout-3e0ae1ae wp-block-group-is-layout-flex\">\n<p><strong>Descripci\u00f3n:<\/strong><\/p>\n\n\n\n<p class=\"has-text-align-justify has-alegreya-font-family has-small-font-size\">En esta familia de himen\u00f3pteros ap\u00f3critos podemos encontrar tanto abejas comunes como abejorros. Las abejas tienden a ser m\u00e1s peque\u00f1as y de coloraci\u00f3n amarillo-negro, adem\u00e1s de construir sus nidos en zonas cercanas a \u00e1rboles. Los abejorros, en cambio, son m\u00e1s grandes y marrones, y construyen sus nidos en el suelo.<\/p>\n\n\n\n<p class=\"has-text-align-justify has-alegreya-font-family has-small-font-size\">El grado de sociabilidad de los \u00e1pidos es bastante diverso, ya que pueden existir tanto organismos par\u00e1sitos que se aprovechan de los nidos de otras especies como individuos sociales que mantienen el nido durante generaciones o que, al formarse nuevas reinas, migran para fundar uno nuevo.<\/p>\n\n\n\n<p class=\"has-text-align-justify has-alegreya-font-family has-small-font-size\">Las abejas reinas son las encargadas de reproducirse, tarea que ocupa todo su tiempo, por lo que dependen de las obreras para que las alimenten. Para evitar que otros organismos dejen descendencia, segregan una gran cantidad de hormonas que alteran el comportamiento de las obreras, haci\u00e9ndolas inf\u00e9rtiles y orient\u00e1ndolas al cuidado de las cr\u00edas.<\/p>\n\n\n\n<p class=\"has-text-align-justify has-alegreya-font-family has-small-font-size\">Es importante que el nido tenga un n\u00famero limitado de reinas, por lo que solo uno de los huevos m\u00e1s recientes se coloca en una celda especializada para la formaci\u00f3n de una nueva reina, la &#8220;realera&#8221;. Una vez formada, lo primero que hace la nueva reina es realizar el vuelo de apareamiento, momento en el que es fecundada y los machos pierden su capacidad reproductiva.<\/p>\n\n\n\n<p class=\"has-text-align-justify has-alegreya-font-family has-small-font-size\">Las abejas obreras tambi\u00e9n desempe\u00f1an funciones muy importantes, como la construcci\u00f3n del nido, la recolecci\u00f3n del polen y el cuidado de las larvas. Adem\u00e1s, son las \u00fanicas capaces de picar, aunque solo pueden hacerlo una vez porque la bolsa que contiene el veneno est\u00e1 conectada al tubo digestivo. Por ello, al picar, pierden el tubo digestivo y mueren.<\/p>\n\n\n\n<p class=\"has-text-align-justify has-alegreya-font-family has-small-font-size\">Lo que determina si una larva ser\u00e1 macho o hembra es si el huevo ha sido fecundado o no. Esto significa que los machos son haploides (una \u00fanica copia de los cromosomas) y las hembras son diploides (dos copias del ADN), de manera que las hembras se forman a partir de huevos fecundados.<\/p>\n\n\n\n<p class=\"has-text-align-justify has-alegreya-font-family has-small-font-size\">Las especies no par\u00e1sitas tienen un alto valor ecol\u00f3gico debido a su gran capacidad polinizadora. Estos organismos se alimentan del n\u00e9ctar de las flores, una sustancia muy azucarada que les proporciona la energ\u00eda necesaria para mantener un estilo de vida que requiere un vuelo costoso.<\/p>\n\n\n\n<p class=\"has-text-align-justify has-alegreya-font-family has-small-font-size\">Entre las diversas especies encontradas en el campus, la elegida para representar al grupo es &#8220;<em><a href=\"https:\/\/webs.uab.cat\/bees\/abeja-europea\/\" data-type=\"page\" data-id=\"1404\">Apis mellifera<\/a><\/em>&#8220;.<\/p>\n<\/div>\n\n\n\n<div style=\"height:30px\" aria-hidden=\"true\" class=\"wp-block-spacer\"><\/div>\n\n\n\n<p><strong>Bibliografia:<\/strong><\/p>\n\n\n\n<p class=\"has-text-align-justify has-small-font-size\"><em>Abejas y abejorros (Familia Apidae)<\/em>. (n.d.). NaturaLista Colombia. Retrieved January 12, 2025, from <a href=\"https:\/\/colombia.inaturalist.org\/taxa\/47221-Apidae\">https:\/\/colombia.inaturalist.org\/taxa\/47221-Apidae<\/a><\/p>\n\n\n\n<p class=\"has-text-align-justify has-small-font-size\"><em>EL GRUPO DE LOS \u00c1PIPDOS<\/em>. (2018, October 12). Portal SEAIC. <a href=\"https:\/\/www.seaic.org\/alergia-abejas-y-avispas\/sobre-la-alergia\/las-abejas-y-las-avispas\/el-grupo-de-los-apidos\">https:\/\/www.seaic.org\/alergia-abejas-y-avispas\/sobre-la-alergia\/las-abejas-y-las-avispas\/el-grupo-de-los-apidos<\/a><\/p>\n","protected":false},"excerpt":{"rendered":"<p>Descripci\u00f3n: En esta familia de himen\u00f3pteros ap\u00f3critos podemos encontrar tanto abejas comunes como abejorros. Las abejas tienden a ser m\u00e1s peque\u00f1as y de coloraci\u00f3n amarillo-negro, adem\u00e1s de construir sus nidos en zonas cercanas a \u00e1rboles. Los abejorros, en cambio, son m\u00e1s grandes y marrones, y construyen sus nidos en el suelo. El grado de sociabilidad [&hellip;]<\/p>\n","protected":false},"author":2556,"featured_media":0,"parent":0,"menu_order":0,"comment_status":"closed","ping_status":"closed","template":"","meta":{"footnotes":""},"class_list":["post-1398","page","type-page","status-publish","hentry"],"_links":{"self":[{"href":"https:\/\/webs.uab.cat\/bees\/wp-json\/wp\/v2\/pages\/1398","targetHints":{"allow":["GET"]}}],"collection":[{"href":"https:\/\/webs.uab.cat\/bees\/wp-json\/wp\/v2\/pages"}],"about":[{"href":"https:\/\/webs.uab.cat\/bees\/wp-json\/wp\/v2\/types\/page"}],"author":[{"embeddable":true,"href":"https:\/\/webs.uab.cat\/bees\/wp-json\/wp\/v2\/users\/2556"}],"replies":[{"embeddable":true,"href":"https:\/\/webs.uab.cat\/bees\/wp-json\/wp\/v2\/comments?post=1398"}],"version-history":[{"count":1,"href":"https:\/\/webs.uab.cat\/bees\/wp-json\/wp\/v2\/pages\/1398\/revisions"}],"predecessor-version":[{"id":4128,"href":"https:\/\/webs.uab.cat\/bees\/wp-json\/wp\/v2\/pages\/1398\/revisions\/4128"}],"wp:attachment":[{"href":"https:\/\/webs.uab.cat\/bees\/wp-json\/wp\/v2\/media?parent=1398"}],"curies":[{"name":"wp","href":"https:\/\/api.w.org\/{rel}","templated":true}]}}