{"id":1426,"date":"2025-05-14T11:38:05","date_gmt":"2025-05-14T09:38:05","guid":{"rendered":"https:\/\/biocampus25.wordpress.com\/?page_id=1426"},"modified":"2025-05-19T10:13:04","modified_gmt":"2025-05-19T08:13:04","slug":"abeja-de-la-hiedra","status":"publish","type":"page","link":"https:\/\/webs.uab.cat\/bees\/abeja-de-la-hiedra\/","title":{"rendered":"ABEJA DE LA HIEDRA"},"content":{"rendered":"<div class=\"wp-block-image\">\n<figure class=\"aligncenter size-large\"><img loading=\"lazy\" decoding=\"async\" width=\"1256\" height=\"1198\" src=\"https:\/\/biocampus25.wordpress.com\/wp-content\/uploads\/2025\/04\/first_ivy_bees_colletes_hederae_43664751735.jpg?w=1024\" alt=\"\" class=\"wp-image-1427\" srcset=\"https:\/\/webs.uab.cat\/bees\/wp-content\/uploads\/sites\/329\/2025\/04\/first_ivy_bees_colletes_hederae_43664751735.jpg 1256w, https:\/\/webs.uab.cat\/bees\/wp-content\/uploads\/sites\/329\/2025\/04\/first_ivy_bees_colletes_hederae_43664751735-300x286.jpg 300w, https:\/\/webs.uab.cat\/bees\/wp-content\/uploads\/sites\/329\/2025\/04\/first_ivy_bees_colletes_hederae_43664751735-1024x977.jpg 1024w, https:\/\/webs.uab.cat\/bees\/wp-content\/uploads\/sites\/329\/2025\/04\/first_ivy_bees_colletes_hederae_43664751735-768x733.jpg 768w, https:\/\/webs.uab.cat\/bees\/wp-content\/uploads\/sites\/329\/2025\/04\/first_ivy_bees_colletes_hederae_43664751735-1200x1145.jpg 1200w\" sizes=\"auto, (max-width: 1256px) 100vw, 1256px\" \/><\/figure>\n<\/div>\n\n\n<p class=\"has-text-align-justify has-small-font-size\">Colletes hederae. Imagen con copyright CC BY 2.0, creada por Gailhampshire y obtenida de Wikimedia commons en: <a href=\"https:\/\/commons.wikimedia.org\/wiki\/File:First_Ivy_Bees_Colletes_hederae_(43664751735).jpg\">https:\/\/commons.wikimedia.org\/wiki\/File:First_Ivy_Bees_Colletes_hederae_(43664751735).jpg<\/a><\/p>\n\n\n\n<div style=\"height:10px\" aria-hidden=\"true\" class=\"wp-block-spacer\"><\/div>\n\n\n\n<div class=\"wp-block-columns is-layout-flex wp-container-core-columns-is-layout-9d6595d7 wp-block-columns-is-layout-flex\">\n<div class=\"wp-block-column is-layout-flow wp-block-column-is-layout-flow\">\n<figure class=\"wp-block-table has-alegreya-font-family has-small-font-size\"><table><tbody><tr><td class=\"has-text-align-center\" data-align=\"center\"><strong>Reino<\/strong><\/td><td class=\"has-text-align-center\" data-align=\"center\">Animalia<\/td><\/tr><tr><td class=\"has-text-align-center\" data-align=\"center\"><strong>Filo<\/strong><\/td><td class=\"has-text-align-center\" data-align=\"center\">Arthropoda<\/td><\/tr><tr><td class=\"has-text-align-center\" data-align=\"center\"><strong>Subfilo<\/strong><\/td><td class=\"has-text-align-center\" data-align=\"center\"><a href=\"https:\/\/webs.uab.cat\/bees\/hexapoda\/\" data-type=\"page\" data-id=\"4095\">Hexapoda<\/a><\/td><\/tr><tr><td class=\"has-text-align-center\" data-align=\"center\"><strong>Clase<\/strong><\/td><td class=\"has-text-align-center\" data-align=\"center\">Insecta<\/td><\/tr><tr><td class=\"has-text-align-center\" data-align=\"center\"><strong>Subclase<\/strong><\/td><td class=\"has-text-align-center\" data-align=\"center\">Pterygota<\/td><\/tr><tr><td class=\"has-text-align-center\" data-align=\"center\"><strong>Orden<\/strong><\/td><td class=\"has-text-align-center\" data-align=\"center\"><a href=\"https:\/\/webs.uab.cat\/bees\/hymenoptera\/\" data-type=\"page\" data-id=\"1269\">Hymenoptera<\/a><\/td><\/tr><tr><td class=\"has-text-align-center\" data-align=\"center\"><strong>Suborden<\/strong><\/td><td class=\"has-text-align-center\" data-align=\"center\">Apocrita<\/td><\/tr><tr><td class=\"has-text-align-center\" data-align=\"center\"><strong>Infraorden<\/strong><\/td><td class=\"has-text-align-center\" data-align=\"center\">Aculeata<\/td><\/tr><tr><td class=\"has-text-align-center\" data-align=\"center\"><strong>Superfamilia<\/strong><\/td><td class=\"has-text-align-center\" data-align=\"center\">Apoidea<\/td><\/tr><tr><td class=\"has-text-align-center\" data-align=\"center\"><strong>Epifamilia<\/strong><\/td><td class=\"has-text-align-center\" data-align=\"center\">Anthophila<\/td><\/tr><tr><td class=\"has-text-align-center\" data-align=\"center\"><strong>Familia<\/strong><\/td><td class=\"has-text-align-center\" data-align=\"center\"><a href=\"https:\/\/webs.uab.cat\/bees\/colletidae\/\" data-type=\"page\" data-id=\"1421\">Colletidae<\/a><\/td><\/tr><tr><td class=\"has-text-align-center\" data-align=\"center\"><strong>Subfamilia<\/strong><\/td><td class=\"has-text-align-center\" data-align=\"center\">Colletinae<\/td><\/tr><tr><td class=\"has-text-align-center\" data-align=\"center\"><strong>G\u00e9nero<\/strong><\/td><td class=\"has-text-align-center\" data-align=\"center\">Colletes<\/td><\/tr><tr><td class=\"has-text-align-center\" data-align=\"center\"><strong>Especie<\/strong><\/td><td class=\"has-text-align-center\" data-align=\"center\">C. hederae<\/td><\/tr><\/tbody><\/table><\/figure>\n<\/div>\n\n\n\n<div class=\"wp-block-column is-layout-flow wp-block-column-is-layout-flow\">\n<div class=\"wp-block-group is-vertical is-layout-flex wp-container-core-group-is-layout-3e0ae1ae wp-block-group-is-layout-flex\">\n<p><strong>DESCRIPCI\u00d3N:<\/strong><\/p>\n\n\n\n<p class=\"has-text-align-justify has-alegreya-font-family has-small-font-size\">La abeja de la hiedra es un himen\u00f3ptero de reducido tama\u00f1o, que suele medir unos 10-13mm. Su coloraci\u00f3n es mayormente marr\u00f3n o anaranjada, aunque poseen pelos de tonos m\u00e1s claros por todo su cuerpo (sobre todo el abdomen).<\/p>\n\n\n\n<p class=\"has-text-align-justify has-alegreya-font-family has-small-font-size\">En la cabeza poseen un par de ojos compuestos grandes y negros, as\u00ed como un par de antenas negras y alargadas. Su aparato bucal es de tipo masticador y lamedor.<\/p>\n\n\n\n<p class=\"has-text-align-justify has-alegreya-font-family has-small-font-size\">En la zona tor\u00e1cica se presenta una alta densidad de pelos de coloraci\u00f3n anaranjada o marr\u00f3n, de manera que los que se encuentran en las patas favorecen la captura del polen. Otros caracteres importantes son sus alas, que tienden a tener tonos oscuros.<\/p>\n\n\n\n<p class=\"has-text-align-justify has-alegreya-font-family has-small-font-size\">El abdomen es alargado y mayoritariamente de color negro, pero al inicio de cada segmento tienen un anillo de pelos amarillentos que le confieren la coloraci\u00f3n t\u00edpica de las abejas.<\/p>\n<\/div>\n<\/div>\n<\/div>\n\n\n\n<div style=\"height:10px\" aria-hidden=\"true\" class=\"wp-block-spacer\"><\/div>\n\n\n\n<div class=\"wp-block-group is-vertical is-layout-flex wp-container-core-group-is-layout-769d0143 wp-block-group-is-layout-flex\">\n<p><strong>DIETA:<\/strong><\/p>\n\n\n\n<p class=\"has-text-align-justify has-alegreya-font-family has-small-font-size\">Como bien indica su nombre com\u00fan, esta abeja se alimenta principalmente del polen y el n\u00e9ctar de las hiedras. Aun as\u00ed, puede ingerir en menor cantidad los productos elaborados por otra planta floral.<\/p>\n<\/div>\n\n\n\n<div style=\"height:10px\" aria-hidden=\"true\" class=\"wp-block-spacer\"><\/div>\n\n\n\n<div class=\"wp-block-group is-vertical is-layout-flex wp-container-core-group-is-layout-769d0143 wp-block-group-is-layout-flex\">\n<p><strong>ESTRUCTURA SOCIAL Y COMPORTAMIENTO:<\/strong><\/p>\n\n\n\n<p class=\"has-text-align-justify has-alegreya-font-family has-small-font-size\">Esta abeja tiene un estilo de vida solitario, lo que quiere decir que no forman grandes colonias como ocurre con muchas otras especies. Aun as\u00ed, forman nidos y es posible que se encuentren diversos en un espacio reducido si el entorno es adecuado.<\/p>\n\n\n\n<p class=\"has-text-align-justify has-alegreya-font-family has-small-font-size\">Su ciclo de vida se inicia con la aparici\u00f3n de los adultos al final del verano (agosto en el caso de los machos y septiembre en el caso de las hembras). Es en este momento en el que se buscaran entre si los individuos de sexos contrarios para reproducirse, proceso que puede durar hasta noviembre.<\/p>\n\n\n\n<p class=\"has-text-align-justify has-alegreya-font-family has-small-font-size\">La hembra, al quedarse embarazada, empieza a construir un nido a 30cm de profundidad de suelos arenosos. Ah\u00ed depositan una mezcla de polen y n\u00e9ctar de hiedra, que ser\u00e1 el \u00fanico alimento de sus larvas.<\/p>\n\n\n\n<p class=\"has-text-align-justify has-alegreya-font-family has-small-font-size\">Estas larvas ir\u00e1n creciendo a medida que vayan realizando mudas y en invierno suelen paralizar su desarrollo. Es por eso por lo que no vuelven a surgir hasta junio, que es cuando acaban su desarrollo y inician su fase de pupaci\u00f3n. Finalmente, vuelven a aparecer los adultos en los meses comentados antes.<\/p>\n<\/div>\n\n\n<div class=\"wp-block-image\">\n<figure class=\"aligncenter size-large\"><img loading=\"lazy\" decoding=\"async\" width=\"1001\" height=\"91\" src=\"https:\/\/biocampus25.wordpress.com\/wp-content\/uploads\/2025\/04\/captura-de-pantalla-2025-04-19-000412.png?w=1001\" alt=\"\" class=\"wp-image-1440\" srcset=\"https:\/\/webs.uab.cat\/bees\/wp-content\/uploads\/sites\/329\/2025\/04\/captura-de-pantalla-2025-04-19-000412.png 1001w, https:\/\/webs.uab.cat\/bees\/wp-content\/uploads\/sites\/329\/2025\/04\/captura-de-pantalla-2025-04-19-000412-300x27.png 300w, https:\/\/webs.uab.cat\/bees\/wp-content\/uploads\/sites\/329\/2025\/04\/captura-de-pantalla-2025-04-19-000412-768x70.png 768w\" sizes=\"auto, (max-width: 1001px) 100vw, 1001px\" \/><\/figure>\n<\/div>\n\n\n<div style=\"height:10px\" aria-hidden=\"true\" class=\"wp-block-spacer\"><\/div>\n\n\n\n<div class=\"wp-block-group is-vertical is-layout-flex wp-container-core-group-is-layout-769d0143 wp-block-group-is-layout-flex\">\n<p><strong>HABITAT Y ZONA DE DISTRIBUCI\u00d3N:<\/strong><\/p>\n\n\n\n<p class=\"has-text-align-justify has-alegreya-font-family has-small-font-size\">Su \u00e1rea de distribuci\u00f3n se encuentra limitada a la regi\u00f3n oeste de Europa y no llega ni a la Pen\u00ednsula Escandinava ni a las regiones m\u00e1s hacia el este.<\/p>\n\n\n\n<p class=\"has-text-align-justify has-alegreya-font-family has-small-font-size\">Su h\u00e1bitat depende de su estado vital, donde las larvas se desarrollan en materia org\u00e1nica en descomposici\u00f3n mientras que el adulto visita zonas urbanas, agr\u00edcolas y zonas boscosas.<\/p>\n<\/div>\n\n\n\n<div class=\"wp-block-group is-vertical is-layout-flex wp-container-core-group-is-layout-769d0143 wp-block-group-is-layout-flex\">\n<figure class=\"wp-block-image size-large\"><img loading=\"lazy\" decoding=\"async\" width=\"812\" height=\"408\" src=\"https:\/\/biocampus25.wordpress.com\/wp-content\/uploads\/2025\/04\/captura-de-pantalla-2025-04-18-235305.png?w=812\" alt=\"\" class=\"wp-image-1435\" srcset=\"https:\/\/webs.uab.cat\/bees\/wp-content\/uploads\/sites\/329\/2025\/04\/captura-de-pantalla-2025-04-18-235305.png 812w, https:\/\/webs.uab.cat\/bees\/wp-content\/uploads\/sites\/329\/2025\/04\/captura-de-pantalla-2025-04-18-235305-300x151.png 300w, https:\/\/webs.uab.cat\/bees\/wp-content\/uploads\/sites\/329\/2025\/04\/captura-de-pantalla-2025-04-18-235305-768x386.png 768w\" sizes=\"auto, (max-width: 812px) 100vw, 812px\" \/><\/figure>\n\n\n\n<p class=\"has-text-align-justify has-small-font-size\">Mapa de distribuci\u00f3n de Colletes hederae. Imagen obtenida de Gbif en: <a href=\"https:\/\/www.gbif.org\/es\/species\/1348914\">https:\/\/www.gbif.org\/es\/species\/1348914<\/a><\/p>\n<\/div>\n\n\n\n<div style=\"height:10px\" aria-hidden=\"true\" class=\"wp-block-spacer\"><\/div>\n\n\n\n<div class=\"wp-block-group is-vertical is-layout-flex wp-container-core-group-is-layout-8cf370e7 wp-block-group-is-layout-flex\">\n<div class=\"wp-block-group is-vertical is-layout-flex wp-container-core-group-is-layout-769d0143 wp-block-group-is-layout-flex\">\n<p><strong>ESTADO DE CONSERVACI\u00d3N:<\/strong><\/p>\n\n\n\n<p class=\"has-text-align-justify has-alegreya-font-family has-small-font-size\">Los datos de la IUCN apuntan a que esta abeja se encuentra en estado de preocupaci\u00f3n menor.<\/p>\n<\/div>\n<\/div>\n\n\n<div class=\"wp-block-image\">\n<figure class=\"aligncenter size-large\"><img loading=\"lazy\" decoding=\"async\" width=\"797\" height=\"222\" src=\"https:\/\/biocampus25.wordpress.com\/wp-content\/uploads\/2025\/04\/captura_de_pantalla_2025-03-27_213157-removebg-preview-31.png?w=797\" alt=\"\" class=\"wp-image-1437\" srcset=\"https:\/\/webs.uab.cat\/bees\/wp-content\/uploads\/sites\/329\/2025\/04\/captura_de_pantalla_2025-03-27_213157-removebg-preview-31.png 797w, https:\/\/webs.uab.cat\/bees\/wp-content\/uploads\/sites\/329\/2025\/04\/captura_de_pantalla_2025-03-27_213157-removebg-preview-31-300x84.png 300w, https:\/\/webs.uab.cat\/bees\/wp-content\/uploads\/sites\/329\/2025\/04\/captura_de_pantalla_2025-03-27_213157-removebg-preview-31-768x214.png 768w\" sizes=\"auto, (max-width: 797px) 100vw, 797px\" \/><\/figure>\n<\/div>\n\n\n<div style=\"height:30px\" aria-hidden=\"true\" class=\"wp-block-spacer\"><\/div>\n\n\n\n<p><strong>REFERENCIAS:<\/strong><\/p>\n\n\n\n<p class=\"has-text-align-justify has-small-font-size\"><em>Abeja de la hiedra (Colletes hederae)<\/em>. (n.d.). Natusfera. Retrieved February 24, 2025, from <a href=\"https:\/\/spain.inaturalist.org\/taxa\/433481-Colletes-hederae\">https:\/\/spain.inaturalist.org\/taxa\/433481-Colletes-hederae<\/a><\/p>\n\n\n\n<p class=\"has-text-align-justify has-small-font-size\"><em>Abeja de las hiedras (Colletes hederae)<\/em>. (n.d.). Picture Insect. Retrieved February 24, 2025, from <a href=\"https:\/\/pictureinsect.com\/es\/wiki\/Colletes_hederae.html\">https:\/\/pictureinsect.com\/es\/wiki\/Colletes_hederae.html<\/a><\/p>\n\n\n\n<p class=\"has-text-align-justify has-small-font-size\">Wikipedia contributors. (2023, December 16).&nbsp;<em>Colletes hederae<\/em>. Wikipedia, The Free Encyclopedia. <a href=\"https:\/\/en.wikipedia.org\/w\/index.php?title=Colletes_hederae&amp;oldid=1190267757\">https:\/\/en.wikipedia.org\/w\/index.php?title=Colletes_hederae&amp;oldid=1190267757<\/a><\/p>\n\n\n\n<p class=\"has-text-align-justify has-small-font-size\"><em>The life cycle of Ivy Bees<\/em>. (n.d.). Org.uk. Retrieved February 24, 2025, from&nbsp;&nbsp;&nbsp;&nbsp;&nbsp; <a href=\"https:\/\/sussexwildlifetrust.org.uk\/news\/the-life-cycle-of-ivy-bees\">https:\/\/sussexwildlifetrust.org.uk\/news\/the-life-cycle-of-ivy-bees<\/a><\/p>\n\n\n\n<p class=\"has-text-align-justify has-small-font-size\">Michael Kuhlmann (Natural History Museum, London). (2013). IUCN Red List of Threatened Species: Colletes hederae.&nbsp;<em>IUCN Red List of Threatened Species<\/em>. <a href=\"https:\/\/www.iucnredlist.org\/species\/13306742\/13309507\">https:\/\/www.iucnredlist.org\/species\/13306742\/13309507<\/a><\/p>\n\n\n\n<p><\/p>\n","protected":false},"excerpt":{"rendered":"<p>Colletes hederae. Imagen con copyright CC BY 2.0, creada por Gailhampshire y obtenida de Wikimedia commons en: https:\/\/commons.wikimedia.org\/wiki\/File:First_Ivy_Bees_Colletes_hederae_(43664751735).jpg Reino Animalia Filo Arthropoda Subfilo Hexapoda Clase Insecta Subclase Pterygota Orden Hymenoptera Suborden Apocrita Infraorden Aculeata Superfamilia Apoidea Epifamilia Anthophila Familia Colletidae Subfamilia Colletinae G\u00e9nero Colletes Especie C. hederae DESCRIPCI\u00d3N: La abeja de la hiedra es un [&hellip;]<\/p>\n","protected":false},"author":2556,"featured_media":0,"parent":0,"menu_order":0,"comment_status":"closed","ping_status":"closed","template":"","meta":{"footnotes":""},"class_list":["post-1426","page","type-page","status-publish","hentry"],"_links":{"self":[{"href":"https:\/\/webs.uab.cat\/bees\/wp-json\/wp\/v2\/pages\/1426","targetHints":{"allow":["GET"]}}],"collection":[{"href":"https:\/\/webs.uab.cat\/bees\/wp-json\/wp\/v2\/pages"}],"about":[{"href":"https:\/\/webs.uab.cat\/bees\/wp-json\/wp\/v2\/types\/page"}],"author":[{"embeddable":true,"href":"https:\/\/webs.uab.cat\/bees\/wp-json\/wp\/v2\/users\/2556"}],"replies":[{"embeddable":true,"href":"https:\/\/webs.uab.cat\/bees\/wp-json\/wp\/v2\/comments?post=1426"}],"version-history":[{"count":1,"href":"https:\/\/webs.uab.cat\/bees\/wp-json\/wp\/v2\/pages\/1426\/revisions"}],"predecessor-version":[{"id":4121,"href":"https:\/\/webs.uab.cat\/bees\/wp-json\/wp\/v2\/pages\/1426\/revisions\/4121"}],"wp:attachment":[{"href":"https:\/\/webs.uab.cat\/bees\/wp-json\/wp\/v2\/media?parent=1426"}],"curies":[{"name":"wp","href":"https:\/\/api.w.org\/{rel}","templated":true}]}}