{"id":1446,"date":"2025-05-14T11:40:11","date_gmt":"2025-05-14T09:40:11","guid":{"rendered":"https:\/\/biocampus25.wordpress.com\/?page_id=1446"},"modified":"2025-05-19T11:05:33","modified_gmt":"2025-05-19T09:05:33","slug":"dermaptera","status":"publish","type":"page","link":"https:\/\/webs.uab.cat\/bees\/dermaptera\/","title":{"rendered":"Dermaptera"},"content":{"rendered":"\n<div class=\"wp-block-group is-vertical is-layout-flex wp-container-core-group-is-layout-3e0ae1ae wp-block-group-is-layout-flex\">\n<p><strong>Descripci\u00f3n:<\/strong><\/p>\n\n\n\n<p class=\"has-text-align-justify has-alegreya-font-family has-small-font-size\">Este orden est\u00e1 conformado por casi 2.000 especies, caracterizadas por tener una estructura en forma de pinza en la zona terminal del abdomen. Por esta caracter\u00edstica se les conoce com\u00fanmente como insectos tijereta.<\/p>\n\n\n\n<p class=\"has-text-align-justify has-alegreya-font-family has-small-font-size\">Su cuerpo es de tama\u00f1o reducido a mediano (de 4 a 80 mil\u00edmetros), alargado y ligeramente aplanado. Suelen tener una coloraci\u00f3n marr\u00f3n o negra, aunque tambi\u00e9n hay algunos de color amarillo.<\/p>\n\n\n\n<p class=\"has-text-align-justify has-alegreya-font-family has-small-font-size\">La cabeza tiene forma convexa o triangular y est\u00e1 ligeramente aplanada. A diferencia de la mayor\u00eda de hex\u00e1podos, no tienen ocelos, pero s\u00ed unos ojos compuestos bien grandes y desarrollados. Delante de los ojos presentan unas antenas filiformes con un n\u00famero variable de segmentos que aumenta con cada muda.<\/p>\n\n\n\n<p class=\"has-text-align-justify has-alegreya-font-family has-small-font-size\">En el t\u00f3rax suelen tener dos pares de alas. Las primeras son cortas, cori\u00e1ceas y sin venaci\u00f3n, y sirven para cubrir y proteger el segundo par. Estas segundas alas son membranosas, circulares, con venaci\u00f3n y capacidad de vuelo.<\/p>\n\n\n\n<p class=\"has-text-align-justify has-alegreya-font-family has-small-font-size\">En el abdomen se produce el dimorfismo sexual, ya que los machos presentan 10 segmentos mientras que las hembras tienen solo 8 (el s\u00e9ptimo segmento cubre el octavo y el noveno). En esta regi\u00f3n tambi\u00e9n se encuentra un par de cercos que se usan para sujetar a las presas o a la pareja durante el cortejo.<\/p>\n\n\n\n<p class=\"has-text-align-justify has-alegreya-font-family has-small-font-size\">Los derm\u00e1pteros pueden ser omn\u00edvoros y de h\u00e1bitos nocturnos, o pueden alimentarse de materia org\u00e1nica en descomposici\u00f3n y ser de h\u00e1bitos diurnos. Muchos animales los depredan y, adem\u00e1s, algunas especies de hongos y \u00e1scaris los parasitan si consumen hojas contaminadas.<\/p>\n\n\n\n<p class=\"has-text-align-justify has-alegreya-font-family has-small-font-size\">En cuanto a su ciclo vital, las hembras ponen de 20 a 80 huevos por puesta, que deben cuidar durante el invierno, mientras que el macho es expulsado. De estos huevos emerge una ninfa que debe pasar por unas 4-6 mudas antes de alcanzar la fase adulta.<\/p>\n\n\n\n<p class=\"has-text-align-justify has-alegreya-font-family has-small-font-size\">La especie escogida como a representante de este grupo es &#8220;<em><a href=\"https:\/\/webs.uab.cat\/bees\/tijereta-comun\/\" data-type=\"page\" data-id=\"1453\">Forficula auricularia<\/a><\/em>&#8220;.<\/p>\n<\/div>\n\n\n\n<div style=\"height:30px\" aria-hidden=\"true\" class=\"wp-block-spacer\"><\/div>\n\n\n\n<p><strong>Bibliografia:<\/strong><\/p>\n\n\n\n<p class=\"has-text-align-justify has-small-font-size\"><em>Orden Dermaptera &#8211; Insectarium Virtual del Parc Natural del Penyal d\u2019Ifac &#8211; Generalitat Valenciana<\/em>. (n.d.). Insectarium Virtual del Parc Natural del Penyal d\u2019Ifac. Retrieved January 14, 2025, from <a href=\"https:\/\/parquesnaturales.gva.es\/es\/web\/insectarium-virtual-del-parc-natural-del-penyal-d-ifac\/orden-dermaptera\">https:\/\/parquesnaturales.gva.es\/es\/web\/insectarium-virtual-del-parc-natural-del-penyal-d-ifac\/orden-dermaptera<\/a><\/p>\n\n\n\n<p class=\"has-text-align-justify has-small-font-size\">Wikipedia contributors. (n.d.-g).&nbsp;<em>Dermaptera<\/em>. Wikipedia, The Free Encyclopedia. <a href=\"https:\/\/es.wikipedia.org\/w\/index.php?title=Dermaptera&amp;oldid=165827493\">https:\/\/es.wikipedia.org\/w\/index.php?title=Dermaptera&amp;oldid=165827493<\/a><\/p>\n","protected":false},"excerpt":{"rendered":"<p>Descripci\u00f3n: Este orden est\u00e1 conformado por casi 2.000 especies, caracterizadas por tener una estructura en forma de pinza en la zona terminal del abdomen. Por esta caracter\u00edstica se les conoce com\u00fanmente como insectos tijereta. Su cuerpo es de tama\u00f1o reducido a mediano (de 4 a 80 mil\u00edmetros), alargado y ligeramente aplanado. Suelen tener una coloraci\u00f3n [&hellip;]<\/p>\n","protected":false},"author":2556,"featured_media":0,"parent":0,"menu_order":0,"comment_status":"closed","ping_status":"closed","template":"","meta":{"footnotes":""},"class_list":["post-1446","page","type-page","status-publish","hentry"],"_links":{"self":[{"href":"https:\/\/webs.uab.cat\/bees\/wp-json\/wp\/v2\/pages\/1446","targetHints":{"allow":["GET"]}}],"collection":[{"href":"https:\/\/webs.uab.cat\/bees\/wp-json\/wp\/v2\/pages"}],"about":[{"href":"https:\/\/webs.uab.cat\/bees\/wp-json\/wp\/v2\/types\/page"}],"author":[{"embeddable":true,"href":"https:\/\/webs.uab.cat\/bees\/wp-json\/wp\/v2\/users\/2556"}],"replies":[{"embeddable":true,"href":"https:\/\/webs.uab.cat\/bees\/wp-json\/wp\/v2\/comments?post=1446"}],"version-history":[{"count":1,"href":"https:\/\/webs.uab.cat\/bees\/wp-json\/wp\/v2\/pages\/1446\/revisions"}],"predecessor-version":[{"id":4178,"href":"https:\/\/webs.uab.cat\/bees\/wp-json\/wp\/v2\/pages\/1446\/revisions\/4178"}],"wp:attachment":[{"href":"https:\/\/webs.uab.cat\/bees\/wp-json\/wp\/v2\/media?parent=1446"}],"curies":[{"name":"wp","href":"https:\/\/api.w.org\/{rel}","templated":true}]}}