{"id":1453,"date":"2025-05-14T11:46:44","date_gmt":"2025-05-14T09:46:44","guid":{"rendered":"https:\/\/biocampus25.wordpress.com\/?page_id=1453"},"modified":"2025-05-19T13:45:13","modified_gmt":"2025-05-19T11:45:13","slug":"tijereta-comun","status":"publish","type":"page","link":"https:\/\/webs.uab.cat\/bees\/tijereta-comun\/","title":{"rendered":"TIJERETA COM\u00daN\u00a0"},"content":{"rendered":"<div class=\"wp-block-image\">\n<figure class=\"aligncenter size-large\"><img loading=\"lazy\" decoding=\"async\" width=\"640\" height=\"360\" src=\"https:\/\/biocampus25.wordpress.com\/wp-content\/uploads\/2025\/04\/f-auricularia_m_-_hngfbk20080915_a023-edited.jpg\" alt=\"\" class=\"wp-image-1455\" srcset=\"https:\/\/webs.uab.cat\/bees\/wp-content\/uploads\/sites\/329\/2025\/04\/f-auricularia_m_-_hngfbk20080915_a023-edited.jpg 640w, https:\/\/webs.uab.cat\/bees\/wp-content\/uploads\/sites\/329\/2025\/04\/f-auricularia_m_-_hngfbk20080915_a023-edited-300x169.jpg 300w\" sizes=\"auto, (max-width: 640px) 100vw, 640px\" \/><\/figure>\n<\/div>\n\n\n<div style=\"height:10px\" aria-hidden=\"true\" class=\"wp-block-spacer\"><\/div>\n\n\n\n<div class=\"wp-block-columns is-layout-flex wp-container-core-columns-is-layout-9d6595d7 wp-block-columns-is-layout-flex\">\n<div class=\"wp-block-column is-layout-flow wp-block-column-is-layout-flow\">\n<figure class=\"wp-block-table has-alegreya-font-family has-small-font-size\"><table><tbody><tr><td class=\"has-text-align-center\" data-align=\"center\"><strong>Reino<\/strong><\/td><td class=\"has-text-align-center\" data-align=\"center\">Animalia<\/td><\/tr><tr><td class=\"has-text-align-center\" data-align=\"center\"><strong>Filo<\/strong><\/td><td class=\"has-text-align-center\" data-align=\"center\">Arthropoda<\/td><\/tr><tr><td class=\"has-text-align-center\" data-align=\"center\"><strong>Subfilo<\/strong><\/td><td class=\"has-text-align-center\" data-align=\"center\"><a href=\"https:\/\/webs.uab.cat\/bees\/hexapoda\/\" data-type=\"page\" data-id=\"4095\">Hexapoda<\/a><\/td><\/tr><tr><td class=\"has-text-align-center\" data-align=\"center\"><strong>Clase<\/strong><\/td><td class=\"has-text-align-center\" data-align=\"center\">Insecta<\/td><\/tr><tr><td class=\"has-text-align-center\" data-align=\"center\"><strong>Subclase<\/strong><\/td><td class=\"has-text-align-center\" data-align=\"center\">Pterygota<\/td><\/tr><tr><td class=\"has-text-align-center\" data-align=\"center\"><strong>Orden<\/strong><\/td><td class=\"has-text-align-center\" data-align=\"center\"><a href=\"https:\/\/webs.uab.cat\/bees\/dermaptera\/\" data-type=\"page\" data-id=\"1446\">Dermaptera<\/a><\/td><\/tr><tr><td class=\"has-text-align-center\" data-align=\"center\"><strong>Suborden<\/strong><\/td><td class=\"has-text-align-center\" data-align=\"center\">Neodermaptera<\/td><\/tr><tr><td class=\"has-text-align-center\" data-align=\"center\"><strong>Infraorden<\/strong><\/td><td class=\"has-text-align-center\" data-align=\"center\">Epidermaptera<\/td><\/tr><tr><td class=\"has-text-align-center\" data-align=\"center\"><strong>Parvorden<\/strong><\/td><td class=\"has-text-align-center\" data-align=\"center\">Eteodermaptera<\/td><\/tr><tr><td class=\"has-text-align-center\" data-align=\"center\"><strong>Superfamilia<\/strong><\/td><td class=\"has-text-align-center\" data-align=\"center\">Forficuloidea<\/td><\/tr><tr><td class=\"has-text-align-center\" data-align=\"center\"><strong>Familia<\/strong><\/td><td class=\"has-text-align-center\" data-align=\"center\">Forficulidae<\/td><\/tr><tr><td class=\"has-text-align-center\" data-align=\"center\"><strong>Subfamilia<\/strong><\/td><td class=\"has-text-align-center\" data-align=\"center\">Forficulinae<\/td><\/tr><tr><td class=\"has-text-align-center\" data-align=\"center\"><strong>G\u00e9nero<\/strong><\/td><td class=\"has-text-align-center\" data-align=\"center\">Forficula<\/td><\/tr><tr><td class=\"has-text-align-center\" data-align=\"center\"><strong>Especie<\/strong><\/td><td class=\"has-text-align-center\" data-align=\"center\">F. auricularia<\/td><\/tr><\/tbody><\/table><\/figure>\n<\/div>\n\n\n\n<div class=\"wp-block-column is-layout-flow wp-block-column-is-layout-flow\">\n<div class=\"wp-block-group is-vertical is-layout-flex wp-container-core-group-is-layout-769d0143 wp-block-group-is-layout-flex\">\n<p><strong>DESCRIPCI\u00d3N:<\/strong><\/p>\n\n\n\n<p class=\"has-text-align-justify has-alegreya-font-family has-small-font-size\">La tijereta com\u00fan es un derm\u00e1ptero de tama\u00f1o mediano, que suele medir unos 12-15mm, aunque pueden alcanzar los 2,5cm. Su cuerpo es de coloraci\u00f3n casta\u00f1o-rojiza, aunque las hembras pueden tener tonos m\u00e1s claros que los machos.<\/p>\n\n\n\n<p class=\"has-text-align-justify has-alegreya-font-family has-small-font-size\">Su cabeza es de forma circular y presenta una gran capacidad de movilidad. Entre los caracteres m\u00e1s destacados tienen un par de ojos reducidos y un par de antenas alargadas y delgadas.<\/p>\n\n\n\n<p class=\"has-text-align-justify has-alegreya-font-family has-small-font-size\">En el t\u00f3rax es donde encontramos sus dos pares de alas, donde el primero ha sido modificado para formar unos \u00e9litros que cubren casi completamente a su segundo par. Aunque puedan volar, se desplazan principalmente caminando, por lo que cuentan con tres pares de patas bien desarrollados.<\/p>\n\n\n\n<p class=\"has-text-align-justify has-alegreya-font-family has-small-font-size\">Su abdomen es alargado y presentan al final una estructura en forma de pinzas robustas, los denominados cercos, que les sirven para la reproducci\u00f3n y la defensa. Su forma es ligeramente m\u00e1s paralela y reducida en hembras, mientras que los machos las tienen m\u00e1s curvadas.<\/p>\n<\/div>\n<\/div>\n<\/div>\n\n\n\n<div style=\"height:10px\" aria-hidden=\"true\" class=\"wp-block-spacer\"><\/div>\n\n\n\n<div class=\"wp-block-group is-vertical is-layout-flex wp-container-core-group-is-layout-769d0143 wp-block-group-is-layout-flex\">\n<p><strong>DIETA:<\/strong><\/p>\n\n\n\n<p class=\"has-text-align-justify has-alegreya-font-family has-small-font-size\">Estos organismos son omn\u00edvoros. Se alimentan preferiblemente de materia vegetal, pero tambi\u00e9n pueden cazar pulgones y otros insectos de menor tama\u00f1o que ellos.<\/p>\n<\/div>\n\n\n\n<div style=\"height:10px\" aria-hidden=\"true\" class=\"wp-block-spacer\"><\/div>\n\n\n\n<div class=\"wp-block-group is-vertical is-layout-flex wp-container-core-group-is-layout-769d0143 wp-block-group-is-layout-flex\">\n<p><strong>ESTRUCTURA SOCIAL Y COMPORTAMIENTO:<\/strong><\/p>\n\n\n\n<p class=\"has-text-align-justify has-alegreya-font-family has-small-font-size\">Habitual se comportan de forma solitaria, por lo que es com\u00fan que solo se encuentren rodeados de miembros de su familia. Cabe destacar que las hembras exhiben un comportamiento de protecci\u00f3n continua hacia sus descendientes, caracter\u00edstica rara entre los insectos.<\/p>\n\n\n\n<p class=\"has-text-align-justify has-alegreya-font-family has-small-font-size\">Su estilo de vida es t\u00edpicamente nocturno, de manera que durante el d\u00eda suelen esconderse en refugios situados en grietas, hendiduras, corteza de troncos etc. Es en este momento en el que podemos encontrar a diferentes individuos juntos, mientras que por la noche son m\u00e1s activos y solitarios.<\/p>\n\n\n\n<p class=\"has-text-align-justify has-alegreya-font-family has-small-font-size\">El ciclo vital se inicia a finales de verano, momento en el que los machos se ver\u00e1n atra\u00eddos por el olor de las hembras y se reproducir\u00e1n. Posteriormente, la hembra excava unos peque\u00f1os t\u00faneles que servir\u00e1n como nido en el que poner sus 30-60 huevos.<\/p>\n\n\n\n<p class=\"has-text-align-justify has-alegreya-font-family has-small-font-size\">Estos huevos tardaran unos 20 d\u00edas para eclosionar si se ponen en primavera, mientras que si se ponen en invierno pueden llegar a tardar hasta 70 d\u00edas. Al nacer las ninfas deber\u00e1n ser cuidadas por la hembra, que ser\u00e1 quien las proteja y alimente.<\/p>\n\n\n\n<p class=\"has-text-align-justify has-alegreya-font-family has-small-font-size\">El desarrollo ninfal consta de 4 fases, que acaban dando lugar a un adulto que ya se encuentra maduro sexualmente. Para que el individuo pase a fase adulta, suele requerir de unos 50-60 d\u00edas de desarrollo.<\/p>\n\n\n\n<p class=\"has-text-align-justify has-alegreya-font-family has-small-font-size\">Cabe destacar que esta especie suele tener dos generaciones al a\u00f1o, donde la que se da en estaciones c\u00e1lidas suele desarrollarse de forma mucho m\u00e1s r\u00e1pida que la invernal.<\/p>\n<\/div>\n\n\n<div class=\"wp-block-image\">\n<figure class=\"aligncenter size-large\"><img loading=\"lazy\" decoding=\"async\" width=\"1247\" height=\"109\" src=\"https:\/\/biocampus25.wordpress.com\/wp-content\/uploads\/2025\/04\/captura-de-pantalla-2025-04-19-104534.png?w=1024\" alt=\"\" class=\"wp-image-1462\" srcset=\"https:\/\/webs.uab.cat\/bees\/wp-content\/uploads\/sites\/329\/2025\/04\/captura-de-pantalla-2025-04-19-104534.png 1247w, https:\/\/webs.uab.cat\/bees\/wp-content\/uploads\/sites\/329\/2025\/04\/captura-de-pantalla-2025-04-19-104534-300x26.png 300w, https:\/\/webs.uab.cat\/bees\/wp-content\/uploads\/sites\/329\/2025\/04\/captura-de-pantalla-2025-04-19-104534-1024x90.png 1024w, https:\/\/webs.uab.cat\/bees\/wp-content\/uploads\/sites\/329\/2025\/04\/captura-de-pantalla-2025-04-19-104534-768x67.png 768w, https:\/\/webs.uab.cat\/bees\/wp-content\/uploads\/sites\/329\/2025\/04\/captura-de-pantalla-2025-04-19-104534-1200x105.png 1200w\" sizes=\"auto, (max-width: 1247px) 100vw, 1247px\" \/><\/figure>\n<\/div>\n\n\n<div style=\"height:10px\" aria-hidden=\"true\" class=\"wp-block-spacer\"><\/div>\n\n\n\n<div class=\"wp-block-group is-vertical is-layout-flex wp-container-core-group-is-layout-769d0143 wp-block-group-is-layout-flex\">\n<p><strong>HABITAT Y ZONA DE DISTRIBUCI\u00d3N:<\/strong><\/p>\n\n\n\n<p class=\"has-text-align-justify has-alegreya-font-family has-small-font-size\">Podemos encontrarlos ampliamente distribuidos por toda Europa, Norte Am\u00e9rica, el norte de \u00c1frica, Oriente Medio y el sureste de Ocean\u00eda.<\/p>\n\n\n\n<p class=\"has-text-align-justify has-alegreya-font-family has-small-font-size\">Su h\u00e1bitat t\u00edpico son los bosques, praderas, zonas agr\u00edcolas y regiones urbanas.<\/p>\n<\/div>\n\n\n\n<div class=\"wp-block-group is-vertical is-layout-flex wp-container-core-group-is-layout-769d0143 wp-block-group-is-layout-flex\">\n<figure class=\"wp-block-image size-large\"><img loading=\"lazy\" decoding=\"async\" width=\"1060\" height=\"533\" src=\"https:\/\/biocampus25.wordpress.com\/wp-content\/uploads\/2025\/04\/captura-de-pantalla-2025-04-19-104733.png?w=1024\" alt=\"\" class=\"wp-image-1464\" srcset=\"https:\/\/webs.uab.cat\/bees\/wp-content\/uploads\/sites\/329\/2025\/04\/captura-de-pantalla-2025-04-19-104733.png 1060w, https:\/\/webs.uab.cat\/bees\/wp-content\/uploads\/sites\/329\/2025\/04\/captura-de-pantalla-2025-04-19-104733-300x151.png 300w, https:\/\/webs.uab.cat\/bees\/wp-content\/uploads\/sites\/329\/2025\/04\/captura-de-pantalla-2025-04-19-104733-1024x515.png 1024w, https:\/\/webs.uab.cat\/bees\/wp-content\/uploads\/sites\/329\/2025\/04\/captura-de-pantalla-2025-04-19-104733-768x386.png 768w\" sizes=\"auto, (max-width: 1060px) 100vw, 1060px\" \/><\/figure>\n\n\n\n<p class=\"has-text-align-justify has-small-font-size\">Mapa de distribuci\u00f3n de Forficula auricularia. Imagen obtenida de Gbif en: <a href=\"https:\/\/www.gbif.org\/es\/species\/1419845\">https:\/\/www.gbif.org\/es\/species\/1419845<\/a><\/p>\n<\/div>\n\n\n\n<div style=\"height:10px\" aria-hidden=\"true\" class=\"wp-block-spacer\"><\/div>\n\n\n\n<div class=\"wp-block-group is-vertical is-layout-flex wp-container-core-group-is-layout-769d0143 wp-block-group-is-layout-flex\">\n<p><strong>ESTADO DE CONSERVACI\u00d3N:<\/strong><\/p>\n\n\n\n<p class=\"has-text-align-justify has-alegreya-font-family has-small-font-size\">Pese a que no hay datos espec\u00edficos sobre su estado de conservaci\u00f3n, no existen protocolos para regular su poblaci\u00f3n por lo que no deber\u00eda encontrarse en peligro.<\/p>\n<\/div>\n\n\n<div class=\"wp-block-image\">\n<figure class=\"aligncenter size-large is-resized\"><img loading=\"lazy\" decoding=\"async\" width=\"582\" height=\"167\" src=\"https:\/\/biocampus25.wordpress.com\/wp-content\/uploads\/2025\/04\/captura_de_pantalla_2025-04-16_221652-removebg-preview-11.png?w=582\" alt=\"\" class=\"wp-image-1467\" style=\"width:620px;height:auto\" srcset=\"https:\/\/webs.uab.cat\/bees\/wp-content\/uploads\/sites\/329\/2025\/04\/captura_de_pantalla_2025-04-16_221652-removebg-preview-11.png 582w, https:\/\/webs.uab.cat\/bees\/wp-content\/uploads\/sites\/329\/2025\/04\/captura_de_pantalla_2025-04-16_221652-removebg-preview-11-300x86.png 300w\" sizes=\"auto, (max-width: 582px) 100vw, 582px\" \/><\/figure>\n<\/div>\n\n\n<div style=\"height:30px\" aria-hidden=\"true\" class=\"wp-block-spacer\"><\/div>\n\n\n\n<p><strong>REFERENCIAS:<\/strong><\/p>\n\n\n\n<p class=\"has-text-align-justify has-small-font-size\"><em>Tijereta com\u00fan (Forficula auricularia)<\/em>. (n.d.). iNaturalist Ecuador. Retrieved February 24, 2025, from <a href=\"https:\/\/ecuador.inaturalist.org\/taxa\/1470430-Forficula-auricularia\">https:\/\/ecuador.inaturalist.org\/taxa\/1470430-Forficula-auricularia<\/a><\/p>\n\n\n\n<p class=\"has-text-align-justify has-small-font-size\"><em>Forficula auricularia<\/em>. (n.d.). Gob.ar. Retrieved February 24, 2025, from <a href=\"https:\/\/www.sinavimo.gob.ar\/plaga\/forficula-auricularia\">https:\/\/www.sinavimo.gob.ar\/plaga\/forficula-auricularia<\/a><\/p>\n\n\n\n<p class=\"has-text-align-justify has-small-font-size\"><em>Tijereta<\/em>. (n.d.). Elmedinaturaldelbages.cat. Retrieved February 24, 2025, from <a href=\"https:\/\/elmedinaturaldelbages.cat\/es\/species\/tijereta-forficula-auricularia-es\/\">https:\/\/elmedinaturaldelbages.cat\/es\/species\/tijereta-forficula-auricularia-es\/<\/a><\/p>\n\n\n\n<p class=\"has-text-align-justify has-small-font-size\"><em>Tijereta com\u00fan (Forficula auricularia)<\/em>. (n.d.-b). Picture Insect. Retrieved February 24, 2025, from <a href=\"https:\/\/pictureinsect.com\/es\/wiki\/Forficula_auricularia.html\">https:\/\/pictureinsect.com\/es\/wiki\/Forficula_auricularia.html<\/a><\/p>\n\n\n\n<p class=\"has-text-align-justify has-small-font-size\"><em>Tijeretas o Tijerillas<\/em>. (2014, September 27). Fumigadora Continente. <a href=\"https:\/\/www.fumigacontinente.com.ar\/tijeretas-o-tijerillas\/\">https:\/\/www.fumigacontinente.com.ar\/tijeretas-o-tijerillas\/<\/a><\/p>\n","protected":false},"excerpt":{"rendered":"<p>Reino Animalia Filo Arthropoda Subfilo Hexapoda Clase Insecta Subclase Pterygota Orden Dermaptera Suborden Neodermaptera Infraorden Epidermaptera Parvorden Eteodermaptera Superfamilia Forficuloidea Familia Forficulidae Subfamilia Forficulinae G\u00e9nero Forficula Especie F. auricularia DESCRIPCI\u00d3N: La tijereta com\u00fan es un derm\u00e1ptero de tama\u00f1o mediano, que suele medir unos 12-15mm, aunque pueden alcanzar los 2,5cm. Su cuerpo es de coloraci\u00f3n casta\u00f1o-rojiza, [&hellip;]<\/p>\n","protected":false},"author":2556,"featured_media":0,"parent":0,"menu_order":0,"comment_status":"closed","ping_status":"closed","template":"","meta":{"footnotes":""},"class_list":["post-1453","page","type-page","status-publish","hentry"],"_links":{"self":[{"href":"https:\/\/webs.uab.cat\/bees\/wp-json\/wp\/v2\/pages\/1453","targetHints":{"allow":["GET"]}}],"collection":[{"href":"https:\/\/webs.uab.cat\/bees\/wp-json\/wp\/v2\/pages"}],"about":[{"href":"https:\/\/webs.uab.cat\/bees\/wp-json\/wp\/v2\/types\/page"}],"author":[{"embeddable":true,"href":"https:\/\/webs.uab.cat\/bees\/wp-json\/wp\/v2\/users\/2556"}],"replies":[{"embeddable":true,"href":"https:\/\/webs.uab.cat\/bees\/wp-json\/wp\/v2\/comments?post=1453"}],"version-history":[{"count":1,"href":"https:\/\/webs.uab.cat\/bees\/wp-json\/wp\/v2\/pages\/1453\/revisions"}],"predecessor-version":[{"id":4297,"href":"https:\/\/webs.uab.cat\/bees\/wp-json\/wp\/v2\/pages\/1453\/revisions\/4297"}],"wp:attachment":[{"href":"https:\/\/webs.uab.cat\/bees\/wp-json\/wp\/v2\/media?parent=1453"}],"curies":[{"name":"wp","href":"https:\/\/api.w.org\/{rel}","templated":true}]}}