{"id":1591,"date":"2025-05-14T11:40:08","date_gmt":"2025-05-14T09:40:08","guid":{"rendered":"https:\/\/biocampus25.wordpress.com\/?page_id=1591"},"modified":"2025-05-19T10:58:21","modified_gmt":"2025-05-19T08:58:21","slug":"coleoptera","status":"publish","type":"page","link":"https:\/\/webs.uab.cat\/bees\/coleoptera\/","title":{"rendered":"Coleoptera"},"content":{"rendered":"\n<div class=\"wp-block-group is-vertical is-layout-flex wp-container-core-group-is-layout-3e0ae1ae wp-block-group-is-layout-flex\">\n<p><strong>Descripci\u00f3n:<\/strong><\/p>\n\n\n\n<p class=\"has-text-align-justify has-alegreya-font-family has-small-font-size\">Este orden est\u00e1 formado por unas 360.000-400.000 especies, por lo que es considerado uno de los \u00f3rdenes animales m\u00e1s diversos del mundo. En este grupo podemos encontrar a los tan conocidos escarabajos y mariquitas. Presentan una gran diversidad morfol\u00f3gica, alimenticia y de h\u00e1bitat.<\/p>\n\n\n\n<p class=\"has-text-align-justify has-alegreya-font-family has-small-font-size\">En la cabeza podemos encontrar una c\u00e1psula cef\u00e1lica, la cual presenta ojos compuestos, un par de antenas (formadas por 3 segmentos) y un aparato bucal generalmente de tipo masticador.<\/p>\n\n\n\n<p class=\"has-text-align-justify has-alegreya-font-family has-small-font-size\">El t\u00f3rax est\u00e1 formado por un prot\u00f3rax bien desarrollado y un pterot\u00f3rax (fusi\u00f3n de mesot\u00f3rax y metat\u00f3rax). En esta regi\u00f3n podemos encontrar un par de alas, donde las primeras son \u00e9litros sin venaci\u00f3n que cubren el segundo par (membranoso y plegado en reposo) y el abdomen. Tambi\u00e9n presentan tres pares de patas, que se insertan en la regi\u00f3n ventral de las cavidades coxales, ocult\u00e1ndolas.<\/p>\n\n\n\n<p class=\"has-text-align-justify has-alegreya-font-family has-small-font-size\">El abdomen suele estar formado por diez segmentos en el macho y nueve en la hembra, los cuales est\u00e1n ocultos bajo las alas anteriores. Adem\u00e1s, la genitalia se encuentra situada en el noveno segmento masculino.<\/p>\n\n\n\n<p class=\"has-text-align-justify has-alegreya-font-family has-small-font-size\">En cuanto a la reproducci\u00f3n, suele ser sexual, donde el macho atrae a las hembras mediante la secreci\u00f3n de feromonas o la emisi\u00f3n de sonidos. Despu\u00e9s de la c\u00f3pula se produce la puesta de huevos, que, seg\u00fan la especie, puede consistir en un solo huevo grande o en cientos de ellos.<\/p>\n\n\n\n<p class=\"has-text-align-justify has-alegreya-font-family has-small-font-size\">Las larvas pueden recibir cuidado maternal o paternal y, cuando llega el momento, pasan a la fase de pupa, envolvi\u00e9ndose en sedas para evitar infecciones f\u00fangicas. Despu\u00e9s de la metamorfosis, emerge el individuo adulto, que lo \u00fanico que debe hacer antes de ser totalmente funcional es endurecer su cut\u00edcula.<\/p>\n<\/div>\n\n\n\n<div style=\"height:10px\" aria-hidden=\"true\" class=\"wp-block-spacer\"><\/div>\n\n\n\n<p><strong>Clave dicot\u00f3mica:<\/strong><\/p>\n\n\n\n<div class=\"wp-block-columns is-layout-flex wp-container-core-columns-is-layout-9d6595d7 wp-block-columns-is-layout-flex\">\n<div class=\"wp-block-column is-layout-flow wp-block-column-is-layout-flow\" style=\"flex-basis:66.66%\">\n<div class=\"wp-block-group is-vertical is-layout-flex wp-container-core-group-is-layout-769d0143 wp-block-group-is-layout-flex\">\n<p class=\"has-text-align-justify has-small-font-size\"><strong>1a.<\/strong> El primer segmento abdominal se encuentra dividido por la coxa de las patas posteriores (regi\u00f3n donde se insertan las patas), que es rigida&#8212;&#8212;&#8212;&#8212;&#8212;&#8212;&#8212;&#8212;&#8212;&#8212;&#8211;&gt; <strong><a href=\"https:\/\/webs.uab.cat\/bees\/carabidae\/\" data-type=\"page\" data-id=\"1616\">Carabidae<\/a><\/strong><\/p>\n\n\n\n<p class=\"has-text-align-justify has-small-font-size\"><strong>1b.<\/strong> La coxa no est\u00e1 tan marcada y no tapa el primer segmento abdominal &#8212;&#8212;&#8212;&#8212;&#8212;&#8211;&gt; 2<\/p>\n<\/div>\n\n\n\n<div style=\"height:64px\" aria-hidden=\"true\" class=\"wp-block-spacer\"><\/div>\n\n\n\n<div class=\"wp-block-group is-vertical is-layout-flex wp-container-core-group-is-layout-769d0143 wp-block-group-is-layout-flex\">\n<p class=\"has-text-align-justify has-small-font-size\"><strong>2a. <\/strong>Presenta una morfolog\u00eda alargada y estrecha &#8212;&#8212;&#8212;&#8212;&#8212;&#8212;&#8212;&#8212;&#8212;&#8212;&#8212;&#8212;&#8212;&#8212;&#8212;&#8211;&gt; 3<\/p>\n\n\n\n<p class=\"has-text-align-justify has-small-font-size\"><strong>2b. <\/strong>Es m\u00e1s amplio que alargado, generalmente en forma circular u ovalada &#8212;&#8212;&#8212;&#8212;&#8212;&#8212;&gt; 4<\/p>\n<\/div>\n\n\n\n<div style=\"height:52px\" aria-hidden=\"true\" class=\"wp-block-spacer\"><\/div>\n\n\n\n<div class=\"wp-block-group is-vertical is-layout-flex wp-container-core-group-is-layout-769d0143 wp-block-group-is-layout-flex\">\n<p class=\"has-text-align-justify has-small-font-size\"><strong>3a.<\/strong> Es de color marr\u00f3n-negro y tiene capacidad de generar bioluminiscencia &#8212;&#8212;&gt; <strong><a href=\"https:\/\/webs.uab.cat\/bees\/lampyridae\/\" data-type=\"page\" data-id=\"1636\">Lampyridae<\/a><\/strong><\/p>\n\n\n\n<p class=\"has-text-align-justify has-small-font-size\"><strong>3b. <\/strong>Insecto con patas alargadas y antenas muy largas. Generalmente de colores verdosos o marrones &#8212;&#8212;&#8212;&#8212;&#8212;&#8212;&#8212;&#8211;&gt; <strong><a href=\"https:\/\/webs.uab.cat\/bees\/oedemeridae\/\" data-type=\"page\" data-id=\"1659\">Oedemeridae<\/a><\/strong><\/p>\n<\/div>\n\n\n\n<div style=\"height:217px\" aria-hidden=\"true\" class=\"wp-block-spacer\"><\/div>\n\n\n\n<div class=\"wp-block-group is-vertical is-layout-flex wp-container-core-group-is-layout-769d0143 wp-block-group-is-layout-flex\">\n<p class=\"has-text-align-justify has-small-font-size\"><strong>4a.<\/strong> Es de tama\u00f1o grande, con el cuerpo robusto y generalmente con tonos apagados. Algunos pueden presentar estructuras endurecidas y complejas en la parte anterior &#8211;&gt; <strong><a href=\"https:\/\/webs.uab.cat\/bees\/scarabaeidae\/\" data-type=\"page\" data-id=\"1683\">Scarabaeidae<\/a><\/strong><\/p>\n\n\n\n<p class=\"has-text-align-justify has-small-font-size\"><strong>4b.<\/strong> Son m\u00e1s peque\u00f1os y normalmente con colores m\u00e1s vivos. Nunca presentan estructuras quitinosas y complejas en la cabeza &#8212;&#8212;&#8212;&gt; 5<\/p>\n<\/div>\n\n\n\n<div style=\"height:170px\" aria-hidden=\"true\" class=\"wp-block-spacer\"><\/div>\n\n\n\n<div class=\"wp-block-group is-vertical is-layout-flex wp-container-core-group-is-layout-769d0143 wp-block-group-is-layout-flex\">\n<p class=\"has-text-align-justify has-small-font-size\"><strong>5a.<\/strong> Organismo peque\u00f1o, de menos de 1cm, con cuerpo hemisf\u00e9rico y de colores vivos (rojo o amarillo, con manchas&#8230;) &#8212;&#8212;&#8211;&gt; <strong><a href=\"https:\/\/webs.uab.cat\/bees\/coccinellidae\/\" data-type=\"page\" data-id=\"1706\">Coccinellidae<\/a><\/strong><\/p>\n\n\n\n<p class=\"has-text-align-justify has-small-font-size\"><strong>5b.<\/strong> Insecto de tama\u00f1o peque\u00f1o-mediano, con cuerpo ovalado y ligeramente alargado que presenta tonalidades met\u00e1licas o verdes &#8212;&#8211;&gt; <strong><a href=\"https:\/\/webs.uab.cat\/bees\/chrysomelidae\/\" data-type=\"page\" data-id=\"1729\">Chrysomelidae<\/a><\/strong><\/p>\n<\/div>\n<\/div>\n\n\n\n<div class=\"wp-block-column is-layout-flow wp-block-column-is-layout-flow\" style=\"flex-basis:33.33%\">\n<div class=\"wp-block-group is-vertical is-layout-flex wp-container-core-group-is-layout-769d0143 wp-block-group-is-layout-flex\">\n<figure class=\"wp-block-image size-large\"><img loading=\"lazy\" decoding=\"async\" width=\"214\" height=\"262\" src=\"https:\/\/biocampus25.wordpress.com\/wp-content\/uploads\/2025\/04\/captura-de-pantalla-2025-04-19-171711.png?w=214\" alt=\"\" class=\"wp-image-1600\" \/><figcaption class=\"wp-element-caption\"><a href=\"https:\/\/webs.uab.cat\/bees\/carabidae\/\" data-type=\"page\" data-id=\"1616\">Carabidae<\/a><\/figcaption><\/figure>\n<\/div>\n\n\n\n<div class=\"wp-block-group is-vertical is-layout-flex wp-container-core-group-is-layout-769d0143 wp-block-group-is-layout-flex\">\n<figure class=\"wp-block-image size-large\"><img loading=\"lazy\" decoding=\"async\" width=\"640\" height=\"360\" src=\"https:\/\/biocampus25.wordpress.com\/wp-content\/uploads\/2025\/04\/firefly_lampyridae_pleotomus_sp._29964887062-edited.jpg\" alt=\"\" class=\"wp-image-1603\" srcset=\"https:\/\/webs.uab.cat\/bees\/wp-content\/uploads\/sites\/329\/2025\/04\/firefly_lampyridae_pleotomus_sp._29964887062-edited.jpg 640w, https:\/\/webs.uab.cat\/bees\/wp-content\/uploads\/sites\/329\/2025\/04\/firefly_lampyridae_pleotomus_sp._29964887062-edited-300x169.jpg 300w\" sizes=\"auto, (max-width: 640px) 100vw, 640px\" \/><figcaption class=\"wp-element-caption\"><a href=\"https:\/\/webs.uab.cat\/bees\/lampyridae\/\" data-type=\"page\" data-id=\"1636\">Lampyridae<\/a><\/figcaption><\/figure>\n<\/div>\n\n\n\n<div class=\"wp-block-group is-vertical is-layout-flex wp-container-core-group-is-layout-769d0143 wp-block-group-is-layout-flex\">\n<figure class=\"wp-block-image size-large\"><img loading=\"lazy\" decoding=\"async\" width=\"640\" height=\"427\" src=\"https:\/\/biocampus25.wordpress.com\/wp-content\/uploads\/2025\/04\/oedemera-virescens-05-fws.jpg?w=640\" alt=\"\" class=\"wp-image-1605\" srcset=\"https:\/\/webs.uab.cat\/bees\/wp-content\/uploads\/sites\/329\/2025\/04\/oedemera-virescens-05-fws.jpg 640w, https:\/\/webs.uab.cat\/bees\/wp-content\/uploads\/sites\/329\/2025\/04\/oedemera-virescens-05-fws-300x200.jpg 300w\" sizes=\"auto, (max-width: 640px) 100vw, 640px\" \/><figcaption class=\"wp-element-caption\"><a href=\"https:\/\/webs.uab.cat\/bees\/oedemeridae\/\" data-type=\"page\" data-id=\"1659\">Oedemeridae<\/a><\/figcaption><\/figure>\n<\/div>\n\n\n\n<div style=\"height:9px\" aria-hidden=\"true\" class=\"wp-block-spacer\"><\/div>\n\n\n\n<div class=\"wp-block-group is-vertical is-layout-flex wp-container-core-group-is-layout-769d0143 wp-block-group-is-layout-flex\">\n<figure class=\"wp-block-image size-large is-resized\"><img loading=\"lazy\" decoding=\"async\" width=\"640\" height=\"435\" src=\"https:\/\/biocampus25.wordpress.com\/wp-content\/uploads\/2025\/04\/hercules.beetle.arp_.jpg?w=640\" alt=\"\" class=\"wp-image-1607\" style=\"width:221px;height:auto\" srcset=\"https:\/\/webs.uab.cat\/bees\/wp-content\/uploads\/sites\/329\/2025\/04\/hercules.beetle.arp_.jpg 640w, https:\/\/webs.uab.cat\/bees\/wp-content\/uploads\/sites\/329\/2025\/04\/hercules.beetle.arp_-300x204.jpg 300w\" sizes=\"auto, (max-width: 640px) 100vw, 640px\" \/><figcaption class=\"wp-element-caption\"><a href=\"https:\/\/webs.uab.cat\/bees\/scarabaeidae\/\" data-type=\"page\" data-id=\"1683\">Scarabaeidae<\/a><\/figcaption><\/figure>\n<\/div>\n\n\n\n<div class=\"wp-block-group is-vertical is-layout-flex wp-container-core-group-is-layout-769d0143 wp-block-group-is-layout-flex\">\n<figure class=\"wp-block-image size-large\"><img loading=\"lazy\" decoding=\"async\" width=\"640\" height=\"473\" src=\"https:\/\/biocampus25.wordpress.com\/wp-content\/uploads\/2025\/04\/coccinella-septempunctata-15-fws.jpg?w=640\" alt=\"\" class=\"wp-image-1609\" srcset=\"https:\/\/webs.uab.cat\/bees\/wp-content\/uploads\/sites\/329\/2025\/04\/coccinella-septempunctata-15-fws.jpg 640w, https:\/\/webs.uab.cat\/bees\/wp-content\/uploads\/sites\/329\/2025\/04\/coccinella-septempunctata-15-fws-300x222.jpg 300w\" sizes=\"auto, (max-width: 640px) 100vw, 640px\" \/><figcaption class=\"wp-element-caption\"><a href=\"https:\/\/webs.uab.cat\/bees\/coccinellidae\/\" data-type=\"page\" data-id=\"1706\">Coccinellidae<\/a><\/figcaption><\/figure>\n<\/div>\n\n\n\n<div class=\"wp-block-group is-vertical is-layout-flex wp-container-core-group-is-layout-769d0143 wp-block-group-is-layout-flex\">\n<figure class=\"wp-block-image size-large\"><img loading=\"lazy\" decoding=\"async\" width=\"640\" height=\"360\" src=\"https:\/\/biocampus25.wordpress.com\/wp-content\/uploads\/2025\/04\/640px-insect_13062008-edited.jpg\" alt=\"\" class=\"wp-image-1613\" srcset=\"https:\/\/webs.uab.cat\/bees\/wp-content\/uploads\/sites\/329\/2025\/04\/640px-insect_13062008-edited.jpg 640w, https:\/\/webs.uab.cat\/bees\/wp-content\/uploads\/sites\/329\/2025\/04\/640px-insect_13062008-edited-300x169.jpg 300w\" sizes=\"auto, (max-width: 640px) 100vw, 640px\" \/><figcaption class=\"wp-element-caption\"><a href=\"https:\/\/webs.uab.cat\/bees\/chrysomelidae\/\" data-type=\"page\" data-id=\"1729\">Chrysomelidae<\/a><\/figcaption><\/figure>\n<\/div>\n<\/div>\n<\/div>\n\n\n\n<div style=\"height:30px\" aria-hidden=\"true\" class=\"wp-block-spacer\"><\/div>\n\n\n\n<p><strong>Bibliografia:<\/strong><\/p>\n\n\n\n<p class=\"has-text-align-justify has-small-font-size\"><em>Orden Coleoptera &#8211; Insectarium Virtual del Parc Natural del Penyal d\u2019Ifac &#8211; Generalitat Valenciana<\/em>. (n.d.). Insectarium Virtual del Parc Natural del Penyal d\u2019Ifac. Retrieved April 19, 2025, from <a href=\"https:\/\/parquesnaturales.gva.es\/es\/web\/insectarium-virtual-del-parc-natural-del-penyal-d-ifac\/orden-coleoptera\">https:\/\/parquesnaturales.gva.es\/es\/web\/insectarium-virtual-del-parc-natural-del-penyal-d-ifac\/orden-coleoptera<\/a><\/p>\n\n\n\n<p class=\"has-text-align-justify has-small-font-size\">Wikipedia contributors. (n.d.-f).&nbsp;<em>Coleoptera<\/em>. Wikipedia, The Free Encyclopedia. <a href=\"https:\/\/es.wikipedia.org\/w\/index.php?title=Coleoptera&amp;oldid=166658189\">https:\/\/es.wikipedia.org\/w\/index.php?title=Coleoptera&amp;oldid=166658189<\/a><\/p>\n\n\n\n<p><\/p>\n","protected":false},"excerpt":{"rendered":"<p>Descripci\u00f3n: Este orden est\u00e1 formado por unas 360.000-400.000 especies, por lo que es considerado uno de los \u00f3rdenes animales m\u00e1s diversos del mundo. En este grupo podemos encontrar a los tan conocidos escarabajos y mariquitas. Presentan una gran diversidad morfol\u00f3gica, alimenticia y de h\u00e1bitat. En la cabeza podemos encontrar una c\u00e1psula cef\u00e1lica, la cual presenta [&hellip;]<\/p>\n","protected":false},"author":2556,"featured_media":0,"parent":0,"menu_order":0,"comment_status":"closed","ping_status":"closed","template":"","meta":{"footnotes":""},"class_list":["post-1591","page","type-page","status-publish","hentry"],"_links":{"self":[{"href":"https:\/\/webs.uab.cat\/bees\/wp-json\/wp\/v2\/pages\/1591","targetHints":{"allow":["GET"]}}],"collection":[{"href":"https:\/\/webs.uab.cat\/bees\/wp-json\/wp\/v2\/pages"}],"about":[{"href":"https:\/\/webs.uab.cat\/bees\/wp-json\/wp\/v2\/types\/page"}],"author":[{"embeddable":true,"href":"https:\/\/webs.uab.cat\/bees\/wp-json\/wp\/v2\/users\/2556"}],"replies":[{"embeddable":true,"href":"https:\/\/webs.uab.cat\/bees\/wp-json\/wp\/v2\/comments?post=1591"}],"version-history":[{"count":2,"href":"https:\/\/webs.uab.cat\/bees\/wp-json\/wp\/v2\/pages\/1591\/revisions"}],"predecessor-version":[{"id":4169,"href":"https:\/\/webs.uab.cat\/bees\/wp-json\/wp\/v2\/pages\/1591\/revisions\/4169"}],"wp:attachment":[{"href":"https:\/\/webs.uab.cat\/bees\/wp-json\/wp\/v2\/media?parent=1591"}],"curies":[{"name":"wp","href":"https:\/\/api.w.org\/{rel}","templated":true}]}}