{"id":163,"date":"2025-05-14T11:42:28","date_gmt":"2025-05-14T09:42:28","guid":{"rendered":"https:\/\/biocampus25.wordpress.com\/?page_id=163"},"modified":"2025-05-19T12:56:08","modified_gmt":"2025-05-19T10:56:08","slug":"murcielago-rabudo","status":"publish","type":"page","link":"https:\/\/webs.uab.cat\/bees\/murcielago-rabudo\/","title":{"rendered":"MURCI\u00c9LAGO RABUDO"},"content":{"rendered":"\n<div class=\"wp-block-group is-vertical is-layout-flex wp-container-core-group-is-layout-8cf370e7 wp-block-group-is-layout-flex\">\n<div class=\"wp-block-group is-vertical is-layout-flex wp-container-core-group-is-layout-769d0143 wp-block-group-is-layout-flex\">\n<figure class=\"wp-block-image size-large\"><img decoding=\"async\" src=\"https:\/\/biocampus25.wordpress.com\/wp-content\/uploads\/2025\/04\/tadarida_teniotis265.jpg?w=640\" alt=\"\" class=\"wp-image-164\" \/><\/figure>\n\n\n\n<p class=\"has-text-align-justify has-small-font-size\">Tadarida teniotis. Imagen con copyright CC BY 3.0, creada por Emanuel Yellin y obtenida de Wikimedia commons en <a href=\"https:\/\/commons.wikimedia.org\/wiki\/File:Tadarida_Teniotis265.JPG\">https:\/\/commons.wikimedia.org\/wiki\/File:Tadarida_Teniotis265.JPG<\/a><\/p>\n<\/div>\n<\/div>\n\n\n\n<div style=\"height:7px\" aria-hidden=\"true\" class=\"wp-block-spacer\"><\/div>\n\n\n\n<div class=\"wp-block-columns is-layout-flex wp-container-core-columns-is-layout-9d6595d7 wp-block-columns-is-layout-flex\">\n<div class=\"wp-block-column is-layout-flow wp-block-column-is-layout-flow\">\n<figure class=\"wp-block-table has-alegreya-font-family has-small-font-size\"><table><tbody><tr><td class=\"has-text-align-center\" data-align=\"center\"><strong>Reino<\/strong><\/td><td class=\"has-text-align-center\" data-align=\"center\">Animalia<\/td><\/tr><tr><td class=\"has-text-align-center\" data-align=\"center\"><strong>Filo<\/strong><\/td><td class=\"has-text-align-center\" data-align=\"center\">Chordata<\/td><\/tr><tr><td class=\"has-text-align-center\" data-align=\"center\"><strong>Subfilo<\/strong><\/td><td class=\"has-text-align-center\" data-align=\"center\"><a href=\"https:\/\/webs.uab.cat\/bees\/vertebrados\/\" data-type=\"page\" data-id=\"43\">Vertebrata<\/a><\/td><\/tr><tr><td class=\"has-text-align-center\" data-align=\"center\"><strong>Clase<\/strong><\/td><td class=\"has-text-align-center\" data-align=\"center\"><a href=\"https:\/\/webs.uab.cat\/bees\/mamiferos\/\" data-type=\"page\" data-id=\"54\">Mammalia<\/a><\/td><\/tr><tr><td class=\"has-text-align-center\" data-align=\"center\"><strong>Subclase<\/strong><\/td><td class=\"has-text-align-center\" data-align=\"center\">Theria<\/td><\/tr><tr><td class=\"has-text-align-center\" data-align=\"center\"><strong>Infraclase<\/strong><\/td><td class=\"has-text-align-center\" data-align=\"center\">Placentalia<\/td><\/tr><tr><td class=\"has-text-align-center\" data-align=\"center\"><strong>Superorden<\/strong><\/td><td class=\"has-text-align-center\" data-align=\"center\">Laurasiatheria<\/td><\/tr><tr><td class=\"has-text-align-center\" data-align=\"center\"><strong>Orden<\/strong><\/td><td class=\"has-text-align-center\" data-align=\"center\"><a href=\"https:\/\/webs.uab.cat\/bees\/chiroptera\/\" data-type=\"page\" data-id=\"321\">Chiroptera<\/a><\/td><\/tr><tr><td class=\"has-text-align-center\" data-align=\"center\"><strong>Suborden<\/strong><\/td><td class=\"has-text-align-center\" data-align=\"center\">Yangochiroptera<\/td><\/tr><tr><td class=\"has-text-align-center\" data-align=\"center\"><strong>Superfamilia<\/strong><\/td><td class=\"has-text-align-center\" data-align=\"center\">Vespertilionoidea<\/td><\/tr><tr><td class=\"has-text-align-center\" data-align=\"center\"><strong>Familia<\/strong><\/td><td class=\"has-text-align-center\" data-align=\"center\">Rabones<\/td><\/tr><tr><td class=\"has-text-align-center\" data-align=\"center\"><strong>Subfamilia<\/strong><\/td><td class=\"has-text-align-center\" data-align=\"center\">Molossinae<\/td><\/tr><tr><td class=\"has-text-align-center\" data-align=\"center\"><strong>G\u00e9nero<\/strong><\/td><td class=\"has-text-align-center\" data-align=\"center\">Tadarida<\/td><\/tr><tr><td class=\"has-text-align-center\" data-align=\"center\"><strong>Especie<\/strong><\/td><td class=\"has-text-align-center\" data-align=\"center\">T. teniotis<\/td><\/tr><\/tbody><\/table><\/figure>\n<\/div>\n\n\n\n<div class=\"wp-block-column is-layout-flow wp-block-column-is-layout-flow\">\n<div class=\"wp-block-group is-vertical is-layout-flex wp-container-core-group-is-layout-769d0143 wp-block-group-is-layout-flex\">\n<p><strong>DESCRIPCI\u00d3N:<\/strong><\/p>\n\n\n\n<p class=\"has-text-align-justify has-alegreya-font-family has-small-font-size\">A diferencia de los murci\u00e9lagos del g\u00e9nero pipistrellus, este es un animal de gran tama\u00f1o (puede llegar a una envergadura m\u00e1xima de 44cm). Su pelaje es denso y de tonalidades pardas o gris\u00e1ceas, con ejemplares que pueden tener zonas canosas o con tonos m\u00e1s claros que el resto del cuerpo.<\/p>\n\n\n\n<p class=\"has-text-align-justify has-alegreya-font-family has-small-font-size\">Su nombre proviene del hecho de que presenta una cola alargada, que sobresale de la membrana de las alas. Tambi\u00e9n son destacables sus orejas, que son r\u00edgidas, prominentes y dirigidas hacia delante.<\/p>\n\n\n\n<p class=\"has-text-align-justify has-alegreya-font-family has-small-font-size\">El dimorfismo sexual dentro de este grupo se reduce a un peque\u00f1o aumento de tama\u00f1o en las hembras, mientras que el color del pelaje se mantiene.<\/p>\n<\/div>\n<\/div>\n<\/div>\n\n\n\n<div style=\"height:10px\" aria-hidden=\"true\" class=\"wp-block-spacer\"><\/div>\n\n\n\n<div class=\"wp-block-group is-vertical is-layout-flex wp-container-core-group-is-layout-769d0143 wp-block-group-is-layout-flex\">\n<p><strong>DIETA:<\/strong><\/p>\n\n\n\n<p class=\"has-text-align-justify has-alegreya-font-family has-small-font-size\">Su dieta est\u00e1 basada principalmente en la ingesta de peque\u00f1os invertebrados blandos, especialmente lepid\u00f3pteros nocturnos y neur\u00f3pteros. Sus presas pueden ser detectadas por la emisi\u00f3n de ultrasonidos que var\u00edan ente los 14-12kHz.<\/p>\n<\/div>\n\n\n\n<div style=\"height:10px\" aria-hidden=\"true\" class=\"wp-block-spacer\"><\/div>\n\n\n\n<div class=\"wp-block-group is-vertical is-layout-flex wp-container-core-group-is-layout-769d0143 wp-block-group-is-layout-flex\">\n<p><strong>ESTRUCTURA SOCIAL Y COMPORTAMIENTO:<\/strong><\/p>\n\n\n\n<p class=\"has-text-align-justify has-alegreya-font-family has-small-font-size\">Los machos, de menor tama\u00f1o, suelen formar harenes en los que habitan con diversas hembras (entre 1 y 9) y suelen ser territoriales y bastante agresivos. No suelen compartir h\u00e1bitat con otras especies de murci\u00e9lagos, ya que al entrar en su territorio les atacan.<\/p>\n\n\n\n<p class=\"has-text-align-justify has-alegreya-font-family has-small-font-size\">Habitualmente se reproducen en primavera u oto\u00f1o, momento en el que los machos emiten sonidos para atraer a las hembras. M\u00e1s tarde, a mediados de primavera o bien entrado en verano, se producen los partos los cuales dan lugar a unas cr\u00edas que a los 3 meses ya pueden realizar un vuelo torpe.<\/p>\n<\/div>\n\n\n<div class=\"wp-block-image\">\n<figure class=\"aligncenter size-large\"><img loading=\"lazy\" decoding=\"async\" width=\"1445\" height=\"122\" src=\"https:\/\/biocampus25.wordpress.com\/wp-content\/uploads\/2025\/04\/captura-de-pantalla-2025-03-27-220716-1.png?w=1024\" alt=\"\" class=\"wp-image-200\" srcset=\"https:\/\/webs.uab.cat\/bees\/wp-content\/uploads\/sites\/329\/2025\/04\/captura-de-pantalla-2025-03-27-220716-1.png 1445w, https:\/\/webs.uab.cat\/bees\/wp-content\/uploads\/sites\/329\/2025\/04\/captura-de-pantalla-2025-03-27-220716-1-300x25.png 300w, https:\/\/webs.uab.cat\/bees\/wp-content\/uploads\/sites\/329\/2025\/04\/captura-de-pantalla-2025-03-27-220716-1-1024x86.png 1024w, https:\/\/webs.uab.cat\/bees\/wp-content\/uploads\/sites\/329\/2025\/04\/captura-de-pantalla-2025-03-27-220716-1-768x65.png 768w, https:\/\/webs.uab.cat\/bees\/wp-content\/uploads\/sites\/329\/2025\/04\/captura-de-pantalla-2025-03-27-220716-1-1200x101.png 1200w\" sizes=\"auto, (max-width: 1445px) 100vw, 1445px\" \/><\/figure>\n<\/div>\n\n\n<div style=\"height:10px\" aria-hidden=\"true\" class=\"wp-block-spacer\"><\/div>\n\n\n\n<div class=\"wp-block-group is-vertical is-layout-flex wp-container-core-group-is-layout-769d0143 wp-block-group-is-layout-flex\">\n<p><strong>HABITAT Y ZONA DE DISTRIBUCI\u00d3N:<\/strong><\/p>\n\n\n\n<p class=\"has-text-align-justify has-alegreya-font-family has-small-font-size\">Este murci\u00e9lago se encuentra distribuido por el sur de Europa, el norte de \u00c1frica y la regi\u00f3n que comprende China, Corea y Jap\u00f3n, marcando este \u00faltimo su l\u00ednea l\u00edmite.<\/p>\n\n\n\n<p class=\"has-text-align-justify has-alegreya-font-family has-small-font-size\">Suelen habitar en refugios rocosos, en acantilados o en estructuras humanas (por ejemplo, un puente).<\/p>\n<\/div>\n\n\n\n<div class=\"wp-block-group is-vertical is-layout-flex wp-container-core-group-is-layout-769d0143 wp-block-group-is-layout-flex\"><div class=\"wp-block-image\">\n<figure class=\"aligncenter size-large is-resized\"><img loading=\"lazy\" decoding=\"async\" width=\"596\" height=\"294\" src=\"https:\/\/biocampus25.wordpress.com\/wp-content\/uploads\/2025\/04\/captura-de-pantalla-2025-04-09-213948.png?w=596\" alt=\"\" class=\"wp-image-174\" style=\"width:624px;height:auto\" srcset=\"https:\/\/webs.uab.cat\/bees\/wp-content\/uploads\/sites\/329\/2025\/04\/captura-de-pantalla-2025-04-09-213948.png 596w, https:\/\/webs.uab.cat\/bees\/wp-content\/uploads\/sites\/329\/2025\/04\/captura-de-pantalla-2025-04-09-213948-300x148.png 300w\" sizes=\"auto, (max-width: 596px) 100vw, 596px\" \/><\/figure>\n<\/div>\n\n\n<p class=\"has-text-align-justify has-small-font-size\">Mapa de distribuci\u00f3n de Tadarida teniotis. Imagen obtenida de Gbif en <a href=\"https:\/\/www.gbif.org\/es\/species\/2433009\"> https:\/\/www.gbif.org\/es\/species\/2433009<\/a><\/p>\n<\/div>\n\n\n\n<div style=\"height:10px\" aria-hidden=\"true\" class=\"wp-block-spacer\"><\/div>\n\n\n\n<div class=\"wp-block-group is-vertical is-layout-flex wp-container-core-group-is-layout-769d0143 wp-block-group-is-layout-flex\">\n<p><strong>ESTADO DE CONSERVACI\u00d3N:<\/strong><\/p>\n\n\n\n<p class=\"has-text-align-justify has-alegreya-font-family has-small-font-size\">Esta especie est\u00e1 considerada de preocupaci\u00f3n menor seg\u00fan la IUCN.<\/p>\n<\/div>\n\n\n<div class=\"wp-block-image\">\n<figure class=\"aligncenter size-large\"><img loading=\"lazy\" decoding=\"async\" width=\"797\" height=\"222\" src=\"https:\/\/biocampus25.wordpress.com\/wp-content\/uploads\/2025\/04\/captura_de_pantalla_2025-03-27_213157-removebg-preview-1.png?w=797\" alt=\"\" class=\"wp-image-177\" srcset=\"https:\/\/webs.uab.cat\/bees\/wp-content\/uploads\/sites\/329\/2025\/04\/captura_de_pantalla_2025-03-27_213157-removebg-preview-1.png 797w, https:\/\/webs.uab.cat\/bees\/wp-content\/uploads\/sites\/329\/2025\/04\/captura_de_pantalla_2025-03-27_213157-removebg-preview-1-300x84.png 300w, https:\/\/webs.uab.cat\/bees\/wp-content\/uploads\/sites\/329\/2025\/04\/captura_de_pantalla_2025-03-27_213157-removebg-preview-1-768x214.png 768w\" sizes=\"auto, (max-width: 797px) 100vw, 797px\" \/><\/figure>\n<\/div>\n\n\n<div style=\"height:30px\" aria-hidden=\"true\" class=\"wp-block-spacer\"><\/div>\n\n\n\n<p><strong>REFERENCIAS:<\/strong><\/p>\n\n\n\n<p class=\"has-text-align-justify has-small-font-size\"><em>Murci\u00e9lago rabudo (Tadarida teniotis)<\/em>. (n.d.). Natusfera. Retrieved February 3, 2025, from <a href=\"https:\/\/spain.inaturalist.org\/taxa\/41298-Tadarida-teniotis\">https:\/\/spain.inaturalist.org\/taxa\/41298-Tadarida-teniotis<\/a><\/p>\n\n\n\n<p class=\"has-text-align-justify has-small-font-size\">Balmori, Alfonso (n.d.). Tadarida teniotis. Gob.Es. Retrieved February 3, 2025, from <a href=\"https:\/\/www.miteco.gob.es\/content\/dam\/miteco\/es\/biodiversidad\/temas\/inventarios-nacionales\/ieet_mami_tadarida_teniotis_tcm30-99883.pdf\">https:\/\/www.miteco.gob.es\/content\/dam\/miteco\/es\/biodiversidad\/temas\/inventarios-nacionales\/ieet_mami_tadarida_teniotis_tcm30-99883.pdf<\/a><\/p>\n\n\n\n<p class=\"has-text-align-justify has-small-font-size\"><em>Tadarida teniotis<\/em>. (n.d.). SECEM. Retrieved February 4, 2025, from&nbsp;&nbsp;&nbsp;&nbsp;&nbsp;&nbsp;&nbsp;&nbsp;&nbsp;&nbsp;&nbsp;&nbsp;&nbsp; <a href=\"https:\/\/secem.es\/mamiferos\/atlas\/tadarida-teniotis\">https:\/\/secem.es\/mamiferos\/atlas\/tadarida-teniotis<\/a><\/p>\n\n\n\n<p class=\"has-text-align-justify has-small-font-size\">Benda, P. (2016). IUCN Red List of Threatened Species: Tadarida teniotis.&nbsp;<em>IUCN Red List of Threatened Species. <\/em><a href=\"https:\/\/www.iucnredlist.org\/species\/21311\/22114995\"><em>https:\/\/www.iucnredlist.org\/species\/21311\/22114995<\/em><\/a><em><\/em><\/p>\n","protected":false},"excerpt":{"rendered":"<p>Tadarida teniotis. Imagen con copyright CC BY 3.0, creada por Emanuel Yellin y obtenida de Wikimedia commons en https:\/\/commons.wikimedia.org\/wiki\/File:Tadarida_Teniotis265.JPG Reino Animalia Filo Chordata Subfilo Vertebrata Clase Mammalia Subclase Theria Infraclase Placentalia Superorden Laurasiatheria Orden Chiroptera Suborden Yangochiroptera Superfamilia Vespertilionoidea Familia Rabones Subfamilia Molossinae G\u00e9nero Tadarida Especie T. teniotis DESCRIPCI\u00d3N: A diferencia de los murci\u00e9lagos del [&hellip;]<\/p>\n","protected":false},"author":2556,"featured_media":0,"parent":0,"menu_order":0,"comment_status":"closed","ping_status":"closed","template":"","meta":{"footnotes":""},"class_list":["post-163","page","type-page","status-publish","hentry"],"_links":{"self":[{"href":"https:\/\/webs.uab.cat\/bees\/wp-json\/wp\/v2\/pages\/163","targetHints":{"allow":["GET"]}}],"collection":[{"href":"https:\/\/webs.uab.cat\/bees\/wp-json\/wp\/v2\/pages"}],"about":[{"href":"https:\/\/webs.uab.cat\/bees\/wp-json\/wp\/v2\/types\/page"}],"author":[{"embeddable":true,"href":"https:\/\/webs.uab.cat\/bees\/wp-json\/wp\/v2\/users\/2556"}],"replies":[{"embeddable":true,"href":"https:\/\/webs.uab.cat\/bees\/wp-json\/wp\/v2\/comments?post=163"}],"version-history":[{"count":1,"href":"https:\/\/webs.uab.cat\/bees\/wp-json\/wp\/v2\/pages\/163\/revisions"}],"predecessor-version":[{"id":4254,"href":"https:\/\/webs.uab.cat\/bees\/wp-json\/wp\/v2\/pages\/163\/revisions\/4254"}],"wp:attachment":[{"href":"https:\/\/webs.uab.cat\/bees\/wp-json\/wp\/v2\/media?parent=163"}],"curies":[{"name":"wp","href":"https:\/\/api.w.org\/{rel}","templated":true}]}}