{"id":1683,"date":"2025-05-14T11:43:40","date_gmt":"2025-05-14T09:43:40","guid":{"rendered":"https:\/\/biocampus25.wordpress.com\/?page_id=1683"},"modified":"2025-05-19T13:40:20","modified_gmt":"2025-05-19T11:40:20","slug":"scarabaeidae","status":"publish","type":"page","link":"https:\/\/webs.uab.cat\/bees\/scarabaeidae\/","title":{"rendered":"Scarabaeidae"},"content":{"rendered":"\n<div class=\"wp-block-group is-vertical is-layout-flex wp-container-core-group-is-layout-769d0143 wp-block-group-is-layout-flex\">\n<p><strong>Descripci\u00f3n:<\/strong><\/p>\n\n\n\n<p class=\"has-text-align-justify has-alegreya-font-family has-small-font-size\">Esta familia de cole\u00f3pteros est\u00e1 formada por m\u00e1s de 30.000 especies, com\u00fanmente conocidas como escarabajos (aunque en algunas ocasiones este nombre com\u00fan se utiliza para referirse al orden entero).<\/p>\n\n\n\n<p class=\"has-text-align-justify has-alegreya-font-family has-small-font-size\">En su cabeza podemos encontrar unas antenas muy caracter\u00edsticas de este grupo, ya que est\u00e1n formadas por once segmentos que dan lugar a una estructura en forma de maza. Los tres \u00faltimos segmentos tienen la capacidad de plegarse o abrirse en forma de abanico para captar mejor los olores.<\/p>\n\n\n\n<p class=\"has-text-align-justify has-alegreya-font-family has-small-font-size\">Seg\u00fan la especie, pueden presentar estructuras endurecidas en la cabeza. Estas pueden variar mucho en su forma, llegando a desarrollar un gran cuerno, como en el caso del escarabajo rinoceronte, o tener forma de pinzas.<\/p>\n\n\n\n<p class=\"has-text-align-justify has-alegreya-font-family has-small-font-size\">El t\u00f3rax presenta tres pares de patas de tipo excavador o caminador, con una f\u00f3rmula tarsal de 5-5-5. Esto significa que el tarso (\u00faltimo segmento de cada pata) est\u00e1 dividido en cinco tars\u00f3meros, a veces con u\u00f1as.<\/p>\n\n\n\n<p class=\"has-text-align-justify has-alegreya-font-family has-small-font-size\">A diferencia de la mayor\u00eda de los grupos dentro del orden, los <em>Scarabaeidae<\/em> tienen el abdomen subdividido en seis segmentos en lugar de diez (machos) o nueve (hembras).<\/p>\n\n\n\n<p class=\"has-text-align-justify has-alegreya-font-family has-small-font-size\">Su estadio larval es notable por su gran tama\u00f1o (aproximadamente cuatro cent\u00edmetros), con una forma caracter\u00edstica en C y un color blanco, raz\u00f3n por la cual se les conoce como &#8220;gusanos blancos&#8221;. Esta fase puede durar entre 3 y 4 a\u00f1os, durante los cuales, con la llegada del fr\u00edo, se entierran en el suelo para hibernar. Algunas especies se convierten en plagas, ya que al enterrarse se alimentan de las ra\u00edces de diversas plantas ornamentales, causando da\u00f1os significativos.<\/p>\n\n\n\n<p class=\"has-text-align-justify has-alegreya-font-family has-small-font-size\">Entre las diversas especies de esta familia, &#8220;<em><a href=\"https:\/\/webs.uab.cat\/bees\/escarabajo-rinoceronte-estercolero\/\" data-type=\"page\" data-id=\"1690\">Copris hispanus<\/a><\/em>&#8221; ha sido elegida como representante.<\/p>\n<\/div>\n\n\n\n<div style=\"height:30px\" aria-hidden=\"true\" class=\"wp-block-spacer\"><\/div>\n\n\n\n<p><strong>Bibliografia:<\/strong><\/p>\n\n\n\n<p class=\"has-text-align-justify has-small-font-size\">Wikipedia contributors. (n.d.-x).&nbsp;<em>Scarabaeidae<\/em>. Wikipedia, The Free Encyclopedia. <a href=\"https:\/\/es.wikipedia.org\/w\/index.php?title=Scarabaeidae&amp;oldid=165679525\">https:\/\/es.wikipedia.org\/w\/index.php?title=Scarabaeidae&amp;oldid=165679525<\/a><\/p>\n\n\n\n<p class=\"has-text-align-justify has-small-font-size\"><em>Scarabaeidae<\/em>. (n.d.). Ecured.cu. Retrieved January 18, 2025, from <a href=\"https:\/\/www.ecured.cu\/Scarabaeidae\">https:\/\/www.ecured.cu\/Scarabaeidae<\/a><\/p>\n\n\n\n<p class=\"has-text-align-justify has-small-font-size\">Rodr\u00edguez, A. B. (n.d.).&nbsp;<em>FAUNA AUXILIAR<\/em>. Blogspot.com. Retrieved January 18, 2025, from <a href=\"https:\/\/faunaauxiliar.blogspot.com\/2018\/11\/familia-scarabaeoidea.html\">https:\/\/faunaauxiliar.blogspot.com\/2018\/11\/familia-scarabaeoidea.html<\/a><\/p>\n\n\n\n<p><\/p>\n","protected":false},"excerpt":{"rendered":"<p>Descripci\u00f3n: Esta familia de cole\u00f3pteros est\u00e1 formada por m\u00e1s de 30.000 especies, com\u00fanmente conocidas como escarabajos (aunque en algunas ocasiones este nombre com\u00fan se utiliza para referirse al orden entero). En su cabeza podemos encontrar unas antenas muy caracter\u00edsticas de este grupo, ya que est\u00e1n formadas por once segmentos que dan lugar a una estructura [&hellip;]<\/p>\n","protected":false},"author":2556,"featured_media":0,"parent":0,"menu_order":0,"comment_status":"closed","ping_status":"closed","template":"","meta":{"footnotes":""},"class_list":["post-1683","page","type-page","status-publish","hentry"],"_links":{"self":[{"href":"https:\/\/webs.uab.cat\/bees\/wp-json\/wp\/v2\/pages\/1683","targetHints":{"allow":["GET"]}}],"collection":[{"href":"https:\/\/webs.uab.cat\/bees\/wp-json\/wp\/v2\/pages"}],"about":[{"href":"https:\/\/webs.uab.cat\/bees\/wp-json\/wp\/v2\/types\/page"}],"author":[{"embeddable":true,"href":"https:\/\/webs.uab.cat\/bees\/wp-json\/wp\/v2\/users\/2556"}],"replies":[{"embeddable":true,"href":"https:\/\/webs.uab.cat\/bees\/wp-json\/wp\/v2\/comments?post=1683"}],"version-history":[{"count":1,"href":"https:\/\/webs.uab.cat\/bees\/wp-json\/wp\/v2\/pages\/1683\/revisions"}],"predecessor-version":[{"id":4290,"href":"https:\/\/webs.uab.cat\/bees\/wp-json\/wp\/v2\/pages\/1683\/revisions\/4290"}],"wp:attachment":[{"href":"https:\/\/webs.uab.cat\/bees\/wp-json\/wp\/v2\/media?parent=1683"}],"curies":[{"name":"wp","href":"https:\/\/api.w.org\/{rel}","templated":true}]}}