{"id":1729,"date":"2025-05-14T11:39:46","date_gmt":"2025-05-14T09:39:46","guid":{"rendered":"https:\/\/biocampus25.wordpress.com\/?page_id=1729"},"modified":"2025-05-19T10:49:21","modified_gmt":"2025-05-19T08:49:21","slug":"chrysomelidae","status":"publish","type":"page","link":"https:\/\/webs.uab.cat\/bees\/chrysomelidae\/","title":{"rendered":"Chrysomelidae"},"content":{"rendered":"\n<div class=\"wp-block-group is-vertical is-layout-flex wp-container-core-group-is-layout-3e0ae1ae wp-block-group-is-layout-flex\">\n<p><strong>Descripci\u00f3n:<\/strong><\/p>\n\n\n\n<p class=\"has-text-align-justify has-alegreya-font-family has-small-font-size\">Esta familia de cole\u00f3pteros est\u00e1 formada por m\u00e1s de 35.000 especies diferentes. Se caracterizan principalmente por ser animales generalmente ovalados y de tama\u00f1o reducido (1-18 mm), que pueden formar plagas peligrosas para la agricultura.<\/p>\n\n\n\n<p class=\"has-text-align-justify has-alegreya-font-family has-small-font-size\">Esta capacidad de generar plagas se debe a que son mayoritariamente herb\u00edvoros con un corto tiempo de generaci\u00f3n, lo que significa que en un periodo breve pueden tener varias generaciones. El m\u00e9todo tradicional de eliminarlos con insecticidas puede no ser del todo eficaz, ya que, debido a esta r\u00e1pida capacidad reproductiva, pueden desarrollar resistencia.<\/p>\n\n\n\n<p class=\"has-text-align-justify has-alegreya-font-family has-small-font-size\">En la cabeza se puede observar un rostro m\u00e1s ancho que alargado, aunque puede presentar zonas voluminosas. Las antenas son cortas y filiformes, con un \u00e1pice en forma de maza y todos los segmentos de tama\u00f1o similar (normalmente, el primer segmento es m\u00e1s grueso).<\/p>\n\n\n\n<p class=\"has-text-align-justify has-alegreya-font-family has-small-font-size\">En la zona tor\u00e1cica se encuentran unas alas con un grado de desarrollo muy variable, incluso con diferencias dentro de la misma especie. Tambi\u00e9n est\u00e1n presentes los tres pares de patas, que generalmente tienen el tarso dividido en cinco tars\u00f3meros.<\/p>\n\n\n\n<p class=\"has-text-align-justify has-alegreya-font-family has-small-font-size\">Una de las especies m\u00e1s abundantes en la zona de estudio es &#8220;<em><a href=\"https:\/\/webs.uab.cat\/bees\/escarabajo-de-la-patata\/\" data-type=\"page\" data-id=\"1734\">Leptinotarsa decemlineata<\/a><\/em>&#8220;.<\/p>\n<\/div>\n\n\n\n<div style=\"height:30px\" aria-hidden=\"true\" class=\"wp-block-spacer\"><\/div>\n\n\n\n<p><strong>Bibliografia:<\/strong><\/p>\n\n\n\n<p class=\"has-text-align-justify has-small-font-size\">Valderrey, J. L. M. (n.d.-a).&nbsp;<em>Chrysomelidae Latreille, 1802<\/em>. Naturaleza y turismo. Retrieved January 19, 2025, from <a href=\"https:\/\/www.asturnatura.com\/familia\/chrysomelidae\">https:\/\/www.asturnatura.com\/familia\/chrysomelidae<\/a><\/p>\n\n\n\n<p class=\"has-text-align-justify has-small-font-size\"><em>Escarabajos de las hojas (Familia Chrysomelidae)<\/em>. (n.d.). iNaturalist Mexico. Retrieved January 19, 2025, from <a href=\"https:\/\/mexico.inaturalist.org\/taxa\/51146-Chrysomelidae\">https:\/\/mexico.inaturalist.org\/taxa\/51146-Chrysomelidae<\/a><\/p>\n\n\n\n<p><\/p>\n","protected":false},"excerpt":{"rendered":"<p>Descripci\u00f3n: Esta familia de cole\u00f3pteros est\u00e1 formada por m\u00e1s de 35.000 especies diferentes. Se caracterizan principalmente por ser animales generalmente ovalados y de tama\u00f1o reducido (1-18 mm), que pueden formar plagas peligrosas para la agricultura. Esta capacidad de generar plagas se debe a que son mayoritariamente herb\u00edvoros con un corto tiempo de generaci\u00f3n, lo que [&hellip;]<\/p>\n","protected":false},"author":2556,"featured_media":0,"parent":0,"menu_order":0,"comment_status":"closed","ping_status":"closed","template":"","meta":{"footnotes":""},"class_list":["post-1729","page","type-page","status-publish","hentry"],"_links":{"self":[{"href":"https:\/\/webs.uab.cat\/bees\/wp-json\/wp\/v2\/pages\/1729","targetHints":{"allow":["GET"]}}],"collection":[{"href":"https:\/\/webs.uab.cat\/bees\/wp-json\/wp\/v2\/pages"}],"about":[{"href":"https:\/\/webs.uab.cat\/bees\/wp-json\/wp\/v2\/types\/page"}],"author":[{"embeddable":true,"href":"https:\/\/webs.uab.cat\/bees\/wp-json\/wp\/v2\/users\/2556"}],"replies":[{"embeddable":true,"href":"https:\/\/webs.uab.cat\/bees\/wp-json\/wp\/v2\/comments?post=1729"}],"version-history":[{"count":1,"href":"https:\/\/webs.uab.cat\/bees\/wp-json\/wp\/v2\/pages\/1729\/revisions"}],"predecessor-version":[{"id":4160,"href":"https:\/\/webs.uab.cat\/bees\/wp-json\/wp\/v2\/pages\/1729\/revisions\/4160"}],"wp:attachment":[{"href":"https:\/\/webs.uab.cat\/bees\/wp-json\/wp\/v2\/media?parent=1729"}],"curies":[{"name":"wp","href":"https:\/\/api.w.org\/{rel}","templated":true}]}}