{"id":1877,"date":"2025-05-14T11:40:10","date_gmt":"2025-05-14T09:40:10","guid":{"rendered":"https:\/\/biocampus25.wordpress.com\/?page_id=1877"},"modified":"2025-05-19T11:02:50","modified_gmt":"2025-05-19T09:02:50","slug":"cucaracha-oriental","status":"publish","type":"page","link":"https:\/\/webs.uab.cat\/bees\/cucaracha-oriental\/","title":{"rendered":"CUCARACHA ORIENTAL"},"content":{"rendered":"<div class=\"wp-block-image\">\n<figure class=\"aligncenter size-large\"><img loading=\"lazy\" decoding=\"async\" width=\"640\" height=\"416\" src=\"https:\/\/biocampus25.wordpress.com\/wp-content\/uploads\/2025\/04\/blatta_orientalis_nymph-1.jpg?w=640\" alt=\"\" class=\"wp-image-1879\" srcset=\"https:\/\/webs.uab.cat\/bees\/wp-content\/uploads\/sites\/329\/2025\/04\/blatta_orientalis_nymph-1.jpg 640w, https:\/\/webs.uab.cat\/bees\/wp-content\/uploads\/sites\/329\/2025\/04\/blatta_orientalis_nymph-1-300x195.jpg 300w\" sizes=\"auto, (max-width: 640px) 100vw, 640px\" \/><\/figure>\n<\/div>\n\n\n<div style=\"height:10px\" aria-hidden=\"true\" class=\"wp-block-spacer\"><\/div>\n\n\n\n<div class=\"wp-block-columns is-layout-flex wp-container-core-columns-is-layout-9d6595d7 wp-block-columns-is-layout-flex\">\n<div class=\"wp-block-column is-layout-flow wp-block-column-is-layout-flow\">\n<div class=\"wp-block-columns is-layout-flex wp-container-core-columns-is-layout-9d6595d7 wp-block-columns-is-layout-flex\">\n<div class=\"wp-block-column is-layout-flow wp-block-column-is-layout-flow\">\n<figure class=\"wp-block-table has-alegreya-font-family has-small-font-size\"><table><tbody><tr><td class=\"has-text-align-center\" data-align=\"center\"><strong>Reino<\/strong><\/td><td class=\"has-text-align-center\" data-align=\"center\">Animalia<\/td><\/tr><tr><td class=\"has-text-align-center\" data-align=\"center\"><strong>Filo<\/strong><\/td><td class=\"has-text-align-center\" data-align=\"center\">Arthropoda<\/td><\/tr><tr><td class=\"has-text-align-center\" data-align=\"center\"><strong>Subfilo<\/strong><\/td><td class=\"has-text-align-center\" data-align=\"center\"><a href=\"https:\/\/webs.uab.cat\/bees\/hexapoda\/\" data-type=\"page\" data-id=\"4095\">Hexapoda<\/a><\/td><\/tr><tr><td class=\"has-text-align-center\" data-align=\"center\"><strong>Clase<\/strong><\/td><td class=\"has-text-align-center\" data-align=\"center\">Insecta<\/td><\/tr><tr><td class=\"has-text-align-center\" data-align=\"center\"><strong>Subclase<\/strong><\/td><td class=\"has-text-align-center\" data-align=\"center\">Pterygota<\/td><\/tr><tr><td class=\"has-text-align-center\" data-align=\"center\"><strong>Orden<\/strong><\/td><td class=\"has-text-align-center\" data-align=\"center\"><a href=\"https:\/\/webs.uab.cat\/bees\/blattodea\/\" data-type=\"page\" data-id=\"1868\">Blattodea<\/a><\/td><\/tr><tr><td class=\"has-text-align-center\" data-align=\"center\"><strong>Superfamilia<\/strong><\/td><td class=\"has-text-align-center\" data-align=\"center\">Blattoidea<\/td><\/tr><tr><td class=\"has-text-align-center\" data-align=\"center\"><strong>Epifamilia<\/strong><\/td><td class=\"has-text-align-center\" data-align=\"center\">Blattoidae<\/td><\/tr><tr><td class=\"has-text-align-center\" data-align=\"center\"><strong>Familia<\/strong><\/td><td class=\"has-text-align-center\" data-align=\"center\">Blattidae<\/td><\/tr><tr><td class=\"has-text-align-center\" data-align=\"center\"><strong>Subfamilia<\/strong><\/td><td class=\"has-text-align-center\" data-align=\"center\">Blattinae<\/td><\/tr><tr><td class=\"has-text-align-center\" data-align=\"center\"><strong>G\u00e9nero<\/strong><\/td><td class=\"has-text-align-center\" data-align=\"center\">Blatta<\/td><\/tr><tr><td class=\"has-text-align-center\" data-align=\"center\"><strong>Especie<\/strong><\/td><td class=\"has-text-align-center\" data-align=\"center\">B. orientalis<\/td><\/tr><\/tbody><\/table><\/figure>\n<\/div>\n<\/div>\n<\/div>\n\n\n\n<div class=\"wp-block-column is-layout-flow wp-block-column-is-layout-flow\">\n<div class=\"wp-block-group is-vertical is-layout-flex wp-container-core-group-is-layout-769d0143 wp-block-group-is-layout-flex\">\n<p><strong>DESCRIPCI\u00d3N:<\/strong><\/p>\n\n\n\n<p class=\"has-text-align-justify has-alegreya-font-family has-small-font-size\">La cucaracha oriental es un blattoidea de tama\u00f1o mediano, que suele medir entre 2 y 3,5cm. Generalmente los machos tienen un cuerpo m\u00e1s delgado y alargado, mientras que las hembras presentan un cuerpo m\u00e1s corto y rechoncho. Ambos sexos tienen el cuerpo ligeramente aplanado dorsoventralmente. Su coloraci\u00f3n suele ser negruzca o marr\u00f3n oscuro, con cierto brillo en su superficie.<\/p>\n\n\n\n<p class=\"has-text-align-justify has-alegreya-font-family has-small-font-size\">La cabeza es corta y se encuentra ligeramente cubierta por el pronoto. En ella cuentan con un par de antenas filiformes y alargadas, un par de ojos compuestos de diminuto tama\u00f1o y unas piezas bucales de tipo masticador.<\/p>\n\n\n\n<p class=\"has-text-align-justify has-alegreya-font-family has-small-font-size\">En el t\u00f3rax cuentan con un par de \u00e9litros y un par de alas, que en el caso de las hembras son rudimentarias (no les permiten volar) y en machos les permiten hacer vuelos cortos. Adem\u00e1s, tambi\u00e9n poseen tres pares de patas, las cuales tienen diversas espinas y pelos sensoriales en la tibia y en el f\u00e9mur.<\/p>\n\n\n\n<p class=\"has-text-align-justify has-alegreya-font-family has-small-font-size\">El abdomen tiene \u00be partes de su superficie cubierto por los \u00e9litros del macho, mientras que en hembras est\u00e1 muy expuesto. En la zona terminal es posible observar un par de cercos, que le permiten tener una mayor capacidad sensorial.<\/p>\n<\/div>\n<\/div>\n<\/div>\n\n\n\n<div style=\"height:10px\" aria-hidden=\"true\" class=\"wp-block-spacer\"><\/div>\n\n\n\n<div class=\"wp-block-group is-vertical is-layout-flex wp-container-core-group-is-layout-769d0143 wp-block-group-is-layout-flex\">\n<p><strong>DIETA:<\/strong><\/p>\n\n\n\n<p class=\"has-text-align-justify has-alegreya-font-family has-small-font-size\">Su dieta es omn\u00edvora, con una cierta preferencia por la materia org\u00e1nica rica en almid\u00f3n. Adem\u00e1s, acostumbra a ingerir materia org\u00e1nica en descomposici\u00f3n y aguas residuales.<\/p>\n<\/div>\n\n\n\n<div style=\"height:10px\" aria-hidden=\"true\" class=\"wp-block-spacer\"><\/div>\n\n\n\n<div class=\"wp-block-group is-vertical is-layout-flex wp-container-core-group-is-layout-769d0143 wp-block-group-is-layout-flex\">\n<p><strong>ESTRUCTURA SOCIAL Y COMPORTAMIENTO:<\/strong><\/p>\n\n\n\n<p class=\"has-text-align-justify has-alegreya-font-family has-small-font-size\">Estos organismos muestran comportamientos principalmente solitarios, aunque pueden usar mecanismos de comunicaci\u00f3n qu\u00edmica para intercambiar informaci\u00f3n sobre fuentes de alimentos y caminos seguros. Adem\u00e1s, generalmente son activos durante la noche, a las que las temperaturas son cada vez m\u00e1s altas.<\/p>\n\n\n\n<p class=\"has-text-align-justify has-alegreya-font-family has-small-font-size\">Su ciclo de vida comienza en primavera o verano, cuando los adultos salen de sus refugios y buscan una pareja que se reproducir\u00e1. Despu\u00e9s de hacer la c\u00f3pula, la hembra crea aproximadamente 8 c\u00e1psulas en las que cada una almacena unos 16 huevos.<\/p>\n\n\n\n<p class=\"has-text-align-justify has-alegreya-font-family has-small-font-size\">Despu\u00e9s de eso, la hembra transporta los huevos durante aproximadamente 30 horas antes de colocarlos en un lugar cerca de la fuente de alimento. La incubaci\u00f3n dura entre 44 y 60 d\u00edas, despu\u00e9s de lo cual aparecen las ninfas. Estos exceden las siete mudas antes de llegar a la fase adulta, un proceso que puede tomar 24 y 130 semanas, dependiendo de las condiciones ambientales.<\/p>\n\n\n\n<p class=\"has-text-align-justify has-alegreya-font-family has-small-font-size\">Una vez que se ha alcanzado la fase adulta, su duraci\u00f3n de la vida var\u00eda entre 5 y 26 semanas, lo que les permite generar un promedio de un m\u00e1ximo de 200 j\u00f3venes. En general, los adultos mueren al comienzo del oto\u00f1o, dando lugar a una nueva generaci\u00f3n.<\/p>\n<\/div>\n\n\n<div class=\"wp-block-image\">\n<figure class=\"aligncenter size-large\"><img loading=\"lazy\" decoding=\"async\" width=\"1038\" height=\"90\" src=\"https:\/\/biocampus25.wordpress.com\/wp-content\/uploads\/2025\/04\/captura-de-pantalla-2025-04-20-140227.png?w=1024\" alt=\"\" class=\"wp-image-1885\" srcset=\"https:\/\/webs.uab.cat\/bees\/wp-content\/uploads\/sites\/329\/2025\/04\/captura-de-pantalla-2025-04-20-140227.png 1038w, https:\/\/webs.uab.cat\/bees\/wp-content\/uploads\/sites\/329\/2025\/04\/captura-de-pantalla-2025-04-20-140227-300x26.png 300w, https:\/\/webs.uab.cat\/bees\/wp-content\/uploads\/sites\/329\/2025\/04\/captura-de-pantalla-2025-04-20-140227-1024x89.png 1024w, https:\/\/webs.uab.cat\/bees\/wp-content\/uploads\/sites\/329\/2025\/04\/captura-de-pantalla-2025-04-20-140227-768x67.png 768w\" sizes=\"auto, (max-width: 1038px) 100vw, 1038px\" \/><\/figure>\n<\/div>\n\n\n<div style=\"height:10px\" aria-hidden=\"true\" class=\"wp-block-spacer\"><\/div>\n\n\n\n<div class=\"wp-block-group is-vertical is-layout-flex wp-container-core-group-is-layout-769d0143 wp-block-group-is-layout-flex\">\n<p><strong>HABITAT Y ZONA DE DISTRIBUCI\u00d3N:<\/strong><\/p>\n\n\n\n<p class=\"has-text-align-justify has-alegreya-font-family has-small-font-size\">Esta especie se encuentra ampliamente distribuida por los Estados Unidos de Am\u00e9rica y Europa, aunque tambi\u00e9n es posible observarlas de forma aislada en algunas zonas de Asia y Sudam\u00e9rica.<\/p>\n\n\n\n<p class=\"has-text-align-justify has-alegreya-font-family has-small-font-size\">Su h\u00e1bitat t\u00edpico son las zonas urbanas oscuras y h\u00famedas, por lo que suelen estar en desag\u00fces, s\u00f3tanos y zonas pr\u00f3ximas a ca\u00f1er\u00edas.<\/p>\n<\/div>\n\n\n\n<div class=\"wp-block-group is-vertical is-layout-flex wp-container-core-group-is-layout-769d0143 wp-block-group-is-layout-flex\">\n<figure class=\"wp-block-image size-large\"><img loading=\"lazy\" decoding=\"async\" width=\"1054\" height=\"532\" src=\"https:\/\/biocampus25.wordpress.com\/wp-content\/uploads\/2025\/04\/captura-de-pantalla-2025-04-20-140359.png?w=1024\" alt=\"\" class=\"wp-image-1887\" srcset=\"https:\/\/webs.uab.cat\/bees\/wp-content\/uploads\/sites\/329\/2025\/04\/captura-de-pantalla-2025-04-20-140359.png 1054w, https:\/\/webs.uab.cat\/bees\/wp-content\/uploads\/sites\/329\/2025\/04\/captura-de-pantalla-2025-04-20-140359-300x151.png 300w, https:\/\/webs.uab.cat\/bees\/wp-content\/uploads\/sites\/329\/2025\/04\/captura-de-pantalla-2025-04-20-140359-1024x517.png 1024w, https:\/\/webs.uab.cat\/bees\/wp-content\/uploads\/sites\/329\/2025\/04\/captura-de-pantalla-2025-04-20-140359-768x388.png 768w\" sizes=\"auto, (max-width: 1054px) 100vw, 1054px\" \/><\/figure>\n\n\n\n<p class=\"has-small-font-size\">Mapa de distribuci\u00f3n de Blatta orientalis. Imagen obtenida de Gbif en: <a href=\"https:\/\/www.gbif.org\/es\/species\/5151589\">https:\/\/www.gbif.org\/es\/species\/5151589<\/a><\/p>\n<\/div>\n\n\n\n<div style=\"height:10px\" aria-hidden=\"true\" class=\"wp-block-spacer\"><\/div>\n\n\n\n<div class=\"wp-block-group is-vertical is-layout-flex wp-container-core-group-is-layout-769d0143 wp-block-group-is-layout-flex\">\n<p><strong>ESTADO DE CONSERVACI\u00d3N:<\/strong><\/p>\n\n\n\n<p class=\"has-text-align-justify has-alegreya-font-family has-small-font-size\">Aunque su estado de conservaci\u00f3n no ha sido formalmente evaluado, esta especie se ha establecido como una plaga en diversos entornos urbanos a nivel mundial.<\/p>\n<\/div>\n\n\n<div class=\"wp-block-image\">\n<figure class=\"aligncenter size-large is-resized\"><img loading=\"lazy\" decoding=\"async\" width=\"582\" height=\"167\" src=\"https:\/\/biocampus25.wordpress.com\/wp-content\/uploads\/2025\/04\/captura_de_pantalla_2025-04-16_221652-removebg-preview-21.png?w=582\" alt=\"\" class=\"wp-image-1889\" style=\"width:620px;height:auto\" srcset=\"https:\/\/webs.uab.cat\/bees\/wp-content\/uploads\/sites\/329\/2025\/04\/captura_de_pantalla_2025-04-16_221652-removebg-preview-21.png 582w, https:\/\/webs.uab.cat\/bees\/wp-content\/uploads\/sites\/329\/2025\/04\/captura_de_pantalla_2025-04-16_221652-removebg-preview-21-300x86.png 300w\" sizes=\"auto, (max-width: 582px) 100vw, 582px\" \/><\/figure>\n<\/div>\n\n\n<div style=\"height:30px\" aria-hidden=\"true\" class=\"wp-block-spacer\"><\/div>\n\n\n\n<p><strong>REFERENCIAS:<\/strong><\/p>\n\n\n\n<p class=\"has-text-align-justify has-small-font-size\"><em>Cucaracha Negra (Blatta orientalis)<\/em>. (n.d.). iNaturalist Ecuador. Retrieved March 2, 2025, from <a href=\"https:\/\/ecuador.inaturalist.org\/taxa\/154213-Blatta-orientalis\">https:\/\/ecuador.inaturalist.org\/taxa\/154213-Blatta-orientalis<\/a><\/p>\n\n\n\n<p class=\"has-text-align-justify has-small-font-size\">B. Jacobs, Steven (2023, April 14). Cucarachas orientales. PennState Extensi\u00f3n. Retrieved March 6, 2025, from <a href=\"https:\/\/extension.psu.edu\/cucarachas-orientales\">https:\/\/extension.psu.edu\/cucarachas-orientales<\/a><\/p>\n\n\n\n<p class=\"has-text-align-justify has-small-font-size\"><em>Cucaracha Oriental<\/em>. (2023, June 22). Control de Plagas. <a href=\"https:\/\/www.anticimex.es\/cucarachas\/oriental\/\">https:\/\/www.anticimex.es\/cucarachas\/oriental\/<\/a><\/p>\n\n\n\n<p class=\"has-text-align-justify has-small-font-size\"><em>Biolog\u00eda y Comportamiento de las Cucarachas: Claves para un Control Eficaz<\/em>. (2024, March 12). Revista TCU. Tecno Control Urbano. <a href=\"https:\/\/tcu.com.mx\/2024\/03\/12\/biologia-y-comportamiento-de-las-cucarachas-claves-para-un-control-eficaz\/\">https:\/\/tcu.com.mx\/2024\/03\/12\/biologia-y-comportamiento-de-las-cucarachas-claves-para-un-control-eficaz\/<\/a><\/p>\n\n\n\n<p class=\"has-text-align-justify has-small-font-size\"><em>Oriental cockroach, Blatta orientalis Linnaeus (Insecta: Blattodea: Blattidae)<\/em>. (n.d.). Ask IFAS &#8211; Powered by EDIS. Retrieved March 6, 2025, from <a href=\"https:\/\/edis.ifas.ufl.edu\/publication\/IN316\">https:\/\/edis.ifas.ufl.edu\/publication\/IN316<\/a><\/p>\n","protected":false},"excerpt":{"rendered":"<p>Reino Animalia Filo Arthropoda Subfilo Hexapoda Clase Insecta Subclase Pterygota Orden Blattodea Superfamilia Blattoidea Epifamilia Blattoidae Familia Blattidae Subfamilia Blattinae G\u00e9nero Blatta Especie B. orientalis DESCRIPCI\u00d3N: La cucaracha oriental es un blattoidea de tama\u00f1o mediano, que suele medir entre 2 y 3,5cm. Generalmente los machos tienen un cuerpo m\u00e1s delgado y alargado, mientras que las [&hellip;]<\/p>\n","protected":false},"author":2556,"featured_media":0,"parent":0,"menu_order":0,"comment_status":"closed","ping_status":"closed","template":"","meta":{"footnotes":""},"class_list":["post-1877","page","type-page","status-publish","hentry"],"_links":{"self":[{"href":"https:\/\/webs.uab.cat\/bees\/wp-json\/wp\/v2\/pages\/1877","targetHints":{"allow":["GET"]}}],"collection":[{"href":"https:\/\/webs.uab.cat\/bees\/wp-json\/wp\/v2\/pages"}],"about":[{"href":"https:\/\/webs.uab.cat\/bees\/wp-json\/wp\/v2\/types\/page"}],"author":[{"embeddable":true,"href":"https:\/\/webs.uab.cat\/bees\/wp-json\/wp\/v2\/users\/2556"}],"replies":[{"embeddable":true,"href":"https:\/\/webs.uab.cat\/bees\/wp-json\/wp\/v2\/comments?post=1877"}],"version-history":[{"count":1,"href":"https:\/\/webs.uab.cat\/bees\/wp-json\/wp\/v2\/pages\/1877\/revisions"}],"predecessor-version":[{"id":4174,"href":"https:\/\/webs.uab.cat\/bees\/wp-json\/wp\/v2\/pages\/1877\/revisions\/4174"}],"wp:attachment":[{"href":"https:\/\/webs.uab.cat\/bees\/wp-json\/wp\/v2\/media?parent=1877"}],"curies":[{"name":"wp","href":"https:\/\/api.w.org\/{rel}","templated":true}]}}