{"id":1905,"date":"2025-05-14T11:43:40","date_gmt":"2025-05-14T09:43:40","guid":{"rendered":"https:\/\/biocampus25.wordpress.com\/?page_id=1905"},"modified":"2025-05-19T13:40:54","modified_gmt":"2025-05-19T11:40:54","slug":"scorpiones","status":"publish","type":"page","link":"https:\/\/webs.uab.cat\/bees\/scorpiones\/","title":{"rendered":"Scorpiones"},"content":{"rendered":"\n<div class=\"wp-block-group is-vertical is-layout-flex wp-container-core-group-is-layout-3e0ae1ae wp-block-group-is-layout-flex\">\n<p><strong>Descripci\u00f3n:<\/strong><\/p>\n\n\n\n<p class=\"has-text-align-justify\">Este orden de ar\u00e1cnidos est\u00e1 formado por unas 2.000 especies, que se encuentran principalmente en los desiertos, aunque algunas est\u00e1n distribuidas por todo el mundo (excepto en la Ant\u00e1rtida).<\/p>\n\n\n\n<p class=\"has-text-align-justify\">Este grupo presenta una serie de caracter\u00edsticas que los diferencian del resto de ar\u00e1cnidos:<\/p>\n\n\n\n<div class=\"wp-block-group has-alegreya-font-family has-small-font-size is-vertical is-layout-flex wp-container-core-group-is-layout-8cf370e7 wp-block-group-is-layout-flex\">\n<div class=\"wp-block-group is-vertical is-layout-flex wp-container-core-group-is-layout-3e0ae1ae wp-block-group-is-layout-flex\">\n<ul class=\"wp-block-list\">\n<li>Adem\u00e1s de poseer el cefalot\u00f3rax, su opistosoma est\u00e1 dividido en dos secciones: el mesosoma, compuesto por siete segmentos con placas esclerotizadas, y el metasoma, donde se encuentra la cola con el aguij\u00f3n terminal (que generalmente contiene veneno).<\/li>\n\n\n\n<li>Los pedipalpos est\u00e1n modificados para formar dos grandes pinzas, que pueden usarse, entre otras cosas, para sujetar a sus presas.<\/li>\n\n\n\n<li>Adem\u00e1s de utilizar los pedipalpos y el aguij\u00f3n como m\u00e9todo de defensa, algunas especies pueden estridular (emitir sonidos). Otras pueden desprenderse de parte de la cola, lo que no se regenera y provoca la p\u00e9rdida de la capacidad de picar y defecar.<\/li>\n\n\n\n<li>En la regi\u00f3n ventral del segundo segmento del mesosoma poseen un \u00f3rgano exclusivo de este grupo llamado pinta, que act\u00faa como quimiorreceptor y mecanorreceptor, permiti\u00e9ndoles detectar vibraciones en el suelo.<\/li>\n\n\n\n<li>Los escorpiones son capaces de brillar bajo ciertas longitudes de onda debido a la presencia de compuestos qu\u00edmicos como la beta-carbolina, derivada del proceso de esclerotizaci\u00f3n de la cut\u00edcula. Esto es importante para su comportamiento nocturno, ya que les ayuda a identificar a otros individuos de su misma especie o a atraer presas.<\/li>\n\n\n\n<li>Generalmente, son dioicos (sexos separados) y se reproducen sexualmente, aunque algunas especies pueden reproducirse por partenog\u00e9nesis (formar descendencia sin fecundaci\u00f3n). Antes de la reproducci\u00f3n, realizan un complejo cortejo, en el que la hembra emite feromonas para atraer al macho, y este genera vibraciones en el suelo para llamar su atenci\u00f3n. Luego, ambos individuos se agarran de las pinzas y el macho intentar\u00e1 guiar a la hembra hasta el lugar donde previamente ha depositado sus espermatozoides en el suelo.<\/li>\n\n\n\n<li>En muchas ocasiones, la hembra cuida a sus cr\u00edas, llev\u00e1ndolas sobre su espalda hasta que su cut\u00edcula se endurece y puedan valerse por s\u00ed mismas.<\/li>\n<\/ul>\n\n\n\n<p class=\"has-text-align-justify\">Entre las especies identificadas en el campus se encuentra &#8220;<em><a href=\"https:\/\/webs.uab.cat\/bees\/escorpion-amarillo\/\" data-type=\"page\" data-id=\"1911\">Buthus occitanus<\/a>&#8220;.<\/em><\/p>\n<\/div>\n<\/div>\n<\/div>\n\n\n\n<div style=\"height:30px\" aria-hidden=\"true\" class=\"wp-block-spacer\"><\/div>\n\n\n\n<p><strong>Bibliografia:<\/strong><\/p>\n\n\n\n<p class=\"has-text-align-justify has-small-font-size\">Wikipedia contributors. (n.d.-e).&nbsp;<em>Scorpiones<\/em>. Wikipedia, The Free Encyclopedia. <a href=\"https:\/\/es.wikipedia.org\/w\/index.php?title=Scorpiones&amp;oldid=165229632\">https:\/\/es.wikipedia.org\/w\/index.php?title=Scorpiones&amp;oldid=165229632<\/a><\/p>\n\n\n\n<p class=\"has-text-align-justify has-small-font-size\">Scorpiones (N.d.). Animalia.Bio. Retrieved January 21, 2025, from <a href=\"https:\/\/animalia.bio\/es\/scorpiones\">https:\/\/animalia.bio\/es\/scorpiones<\/a><\/p>\n","protected":false},"excerpt":{"rendered":"<p>Descripci\u00f3n: Este orden de ar\u00e1cnidos est\u00e1 formado por unas 2.000 especies, que se encuentran principalmente en los desiertos, aunque algunas est\u00e1n distribuidas por todo el mundo (excepto en la Ant\u00e1rtida). Este grupo presenta una serie de caracter\u00edsticas que los diferencian del resto de ar\u00e1cnidos: Entre las especies identificadas en el campus se encuentra &#8220;Buthus occitanus&#8220;. [&hellip;]<\/p>\n","protected":false},"author":2556,"featured_media":0,"parent":0,"menu_order":0,"comment_status":"closed","ping_status":"closed","template":"","meta":{"footnotes":""},"class_list":["post-1905","page","type-page","status-publish","hentry"],"_links":{"self":[{"href":"https:\/\/webs.uab.cat\/bees\/wp-json\/wp\/v2\/pages\/1905","targetHints":{"allow":["GET"]}}],"collection":[{"href":"https:\/\/webs.uab.cat\/bees\/wp-json\/wp\/v2\/pages"}],"about":[{"href":"https:\/\/webs.uab.cat\/bees\/wp-json\/wp\/v2\/types\/page"}],"author":[{"embeddable":true,"href":"https:\/\/webs.uab.cat\/bees\/wp-json\/wp\/v2\/users\/2556"}],"replies":[{"embeddable":true,"href":"https:\/\/webs.uab.cat\/bees\/wp-json\/wp\/v2\/comments?post=1905"}],"version-history":[{"count":1,"href":"https:\/\/webs.uab.cat\/bees\/wp-json\/wp\/v2\/pages\/1905\/revisions"}],"predecessor-version":[{"id":4291,"href":"https:\/\/webs.uab.cat\/bees\/wp-json\/wp\/v2\/pages\/1905\/revisions\/4291"}],"wp:attachment":[{"href":"https:\/\/webs.uab.cat\/bees\/wp-json\/wp\/v2\/media?parent=1905"}],"curies":[{"name":"wp","href":"https:\/\/api.w.org\/{rel}","templated":true}]}}