{"id":1954,"date":"2025-05-14T11:38:42","date_gmt":"2025-05-14T09:38:42","guid":{"rendered":"https:\/\/biocampus25.wordpress.com\/?page_id=1954"},"modified":"2025-05-19T10:22:32","modified_gmt":"2025-05-19T08:22:32","slug":"arana-cangrejo","status":"publish","type":"page","link":"https:\/\/webs.uab.cat\/bees\/arana-cangrejo\/","title":{"rendered":"ARA\u00d1A CANGREJO"},"content":{"rendered":"<div class=\"wp-block-image\">\n<figure class=\"aligncenter size-large\"><img loading=\"lazy\" decoding=\"async\" width=\"640\" height=\"427\" src=\"https:\/\/biocampus25.wordpress.com\/wp-content\/uploads\/2025\/04\/200_thomisus_onustus-1-edited.jpg\" alt=\"\" class=\"wp-image-1956\" srcset=\"https:\/\/webs.uab.cat\/bees\/wp-content\/uploads\/sites\/329\/2025\/04\/200_thomisus_onustus-1-edited.jpg 640w, https:\/\/webs.uab.cat\/bees\/wp-content\/uploads\/sites\/329\/2025\/04\/200_thomisus_onustus-1-edited-300x200.jpg 300w\" sizes=\"auto, (max-width: 640px) 100vw, 640px\" \/><\/figure>\n<\/div>\n\n\n<div style=\"height:10px\" aria-hidden=\"true\" class=\"wp-block-spacer\"><\/div>\n\n\n\n<div class=\"wp-block-columns is-layout-flex wp-container-core-columns-is-layout-9d6595d7 wp-block-columns-is-layout-flex\">\n<div class=\"wp-block-column is-layout-flow wp-block-column-is-layout-flow\">\n<figure class=\"wp-block-table has-alegreya-font-family has-small-font-size\"><table><tbody><tr><td class=\"has-text-align-center\" data-align=\"center\"><strong>Reino<\/strong><\/td><td class=\"has-text-align-center\" data-align=\"center\">Animalia<\/td><\/tr><tr><td class=\"has-text-align-center\" data-align=\"center\"><strong>Filo<\/strong><\/td><td class=\"has-text-align-center\" data-align=\"center\">Arthropoda<\/td><\/tr><tr><td class=\"has-text-align-center\" data-align=\"center\"><strong>Subfilo<\/strong><\/td><td class=\"has-text-align-center\" data-align=\"center\">Chelicerata<\/td><\/tr><tr><td class=\"has-text-align-center\" data-align=\"center\"><strong>Clase<\/strong><\/td><td class=\"has-text-align-center\" data-align=\"center\"><a href=\"https:\/\/webs.uab.cat\/bees\/arachnida\/\" data-type=\"page\" data-id=\"1893\">Arachnida<\/a><\/td><\/tr><tr><td class=\"has-text-align-center\" data-align=\"center\"><strong>Orden<\/strong><\/td><td class=\"has-text-align-center\" data-align=\"center\"><a href=\"https:\/\/webs.uab.cat\/bees\/aranae\/\" data-type=\"page\" data-id=\"1932\">Aranae<\/a><\/td><\/tr><tr><td class=\"has-text-align-center\" data-align=\"center\"><strong>Suborden<\/strong><\/td><td class=\"has-text-align-center\" data-align=\"center\">Araneomorphae<\/td><\/tr><tr><td class=\"has-text-align-center\" data-align=\"center\"><strong>Infraorden<\/strong><\/td><td class=\"has-text-align-center\" data-align=\"center\">Entelegynae<\/td><\/tr><tr><td class=\"has-text-align-center\" data-align=\"center\"><strong>Superfamilia<\/strong><\/td><td class=\"has-text-align-center\" data-align=\"center\">Thomisoidea<\/td><\/tr><tr><td class=\"has-text-align-center\" data-align=\"center\"><strong>Familia<\/strong><\/td><td class=\"has-text-align-center\" data-align=\"center\">Thomisidae<\/td><\/tr><tr><td class=\"has-text-align-center\" data-align=\"center\"><strong>Subfamilia<\/strong><\/td><td class=\"has-text-align-center\" data-align=\"center\">Thomisinae<\/td><\/tr><tr><td class=\"has-text-align-center\" data-align=\"center\"><strong>Tribu<\/strong><\/td><td class=\"has-text-align-center\" data-align=\"center\">Thomisini<\/td><\/tr><tr><td class=\"has-text-align-center\" data-align=\"center\"><strong>G\u00e9nero<\/strong><\/td><td class=\"has-text-align-center\" data-align=\"center\">Thomisus<\/td><\/tr><tr><td class=\"has-text-align-center\" data-align=\"center\"><strong>Especie<\/strong><\/td><td class=\"has-text-align-center\" data-align=\"center\">T. onustus<\/td><\/tr><\/tbody><\/table><\/figure>\n<\/div>\n\n\n\n<div class=\"wp-block-column is-layout-flow wp-block-column-is-layout-flow\">\n<p><strong>DESCRIPCI\u00d3N:<\/strong><\/p>\n\n\n\n<p class=\"has-text-align-justify has-alegreya-font-family has-small-font-size\">La ara\u00f1a cangrejo es un ar\u00e1cnido de peque\u00f1o tama\u00f1o, que cuenta con unos machos de tan solo 2-4mm y hembras de 7-10mm de longitud. Su coloraci\u00f3n corporal es muy variada, ya que existen individuos de color blanco, otros pardos, amarillo, verde o incluso rosa.<\/p>\n\n\n\n<p class=\"has-text-align-justify has-alegreya-font-family has-small-font-size\">Su prosoma o cefalot\u00f3rax cuenta con tres franjas longitudinales anchas, que son m\u00e1s oscuras en los laterales. En cuanto a sus patas, los dos primeros pares son m\u00e1s oscuros y uniformes de color, mientras que los otros dos pares son m\u00e1s peque\u00f1os y con peque\u00f1as franjas anilladas.<\/p>\n\n\n\n<p class=\"has-text-align-justify has-alegreya-font-family has-small-font-size\">Su opistosoma es muy caracter\u00edstico, ya que tiene un par de tub\u00e9rculos en el dorso, que le confieren una morfolog\u00eda triangular. En las hembras tiene una forma m\u00e1s ancha y robusta, mientras que los machos lo tienen m\u00e1s estrecho y alargado.<\/p>\n<\/div>\n<\/div>\n\n\n\n<div style=\"height:10px\" aria-hidden=\"true\" class=\"wp-block-spacer\"><\/div>\n\n\n\n<div class=\"wp-block-group is-vertical is-layout-flex wp-container-core-group-is-layout-769d0143 wp-block-group-is-layout-flex\">\n<p><strong>DIETA:<\/strong><\/p>\n\n\n\n<p class=\"has-text-align-justify has-alegreya-font-family has-small-font-size\">Estos organismos son cazadores que no generan telara\u00f1as, por lo que su estrategia para conseguir el alimento es camuflarse con el color de la flor en la que se encuentre viviendo.<\/p>\n<\/div>\n\n\n\n<div style=\"height:10px\" aria-hidden=\"true\" class=\"wp-block-spacer\"><\/div>\n\n\n\n<div class=\"wp-block-group is-vertical is-layout-flex wp-container-core-group-is-layout-769d0143 wp-block-group-is-layout-flex\">\n<p><strong>ESTRUCTURA SOCIAL Y COMPORTAMIENTO:<\/strong><\/p>\n\n\n\n<p class=\"has-text-align-justify has-alegreya-font-family has-small-font-size\">Estas ara\u00f1as exhiben un comportamiento especialmente solitario y diurno, puesto que de esa forma es m\u00e1s f\u00e1cil camuflarse y capturar a sus presas que tambi\u00e9n son de actividad diurna.<\/p>\n\n\n\n<p class=\"has-text-align-justify has-alegreya-font-family has-small-font-size\">Su ciclo de vida suele comenzar en junio, cuando el macho va en busca de una hembra para copular. Esta copula se caracteriza porque el macho se sube en la parte posterior de la hembra y posteriormente baja a la parte ventral del opistosoma. All\u00ed introduce sus pedipalpos en la abertura genital, introduciendo as\u00ed sus espermatozoides.<\/p>\n\n\n\n<p class=\"has-text-align-justify has-alegreya-font-family has-small-font-size\">Despu\u00e9s de aparearse, el macho se marcha y deja a la hembra sola. Esta deja de alimentarse para tejer unas 2-4 bolsas en las que deposita sus 10-400 huevos y los coloca bajo el pliegue de alguna hoja. El periodo de incubaci\u00f3n suele durar un mes.<\/p>\n\n\n\n<p class=\"has-text-align-justify has-alegreya-font-family has-small-font-size\">Estos huevos suelen eclosionar a finales de verano, momento en el que es m\u00e1s f\u00e1cil obtener alimento. Con esto obtienen una alta reserva, lo que les permitir\u00e1 poder pasar el invierno hibernando y emerger a la primavera siguiente.<\/p>\n\n\n\n<p class=\"has-text-align-justify has-alegreya-font-family has-small-font-size\">Para poder obtener la madurez sexual suelen requerir pasar por diversas mudas. Los machos suelen tardar 2 meses y medio en para por las 3-5 mudas que les permite ser maduros, mientras que las hembras pasan por 6-9 mudas en un periodo normalmente superior a un a\u00f1o. Debido a esta diferencia de tiempo de madurez, es bastante complicado que dos hermanos se reproduzcan entre s\u00ed.<\/p>\n<\/div>\n\n\n<div class=\"wp-block-image\">\n<figure class=\"aligncenter size-large\"><img loading=\"lazy\" decoding=\"async\" width=\"1038\" height=\"94\" src=\"https:\/\/biocampus25.wordpress.com\/wp-content\/uploads\/2025\/04\/captura-de-pantalla-2025-04-20-161812.png?w=1024\" alt=\"\" class=\"wp-image-1966\" srcset=\"https:\/\/webs.uab.cat\/bees\/wp-content\/uploads\/sites\/329\/2025\/04\/captura-de-pantalla-2025-04-20-161812.png 1038w, https:\/\/webs.uab.cat\/bees\/wp-content\/uploads\/sites\/329\/2025\/04\/captura-de-pantalla-2025-04-20-161812-300x27.png 300w, https:\/\/webs.uab.cat\/bees\/wp-content\/uploads\/sites\/329\/2025\/04\/captura-de-pantalla-2025-04-20-161812-1024x93.png 1024w, https:\/\/webs.uab.cat\/bees\/wp-content\/uploads\/sites\/329\/2025\/04\/captura-de-pantalla-2025-04-20-161812-768x70.png 768w\" sizes=\"auto, (max-width: 1038px) 100vw, 1038px\" \/><\/figure>\n<\/div>\n\n\n<div style=\"height:10px\" aria-hidden=\"true\" class=\"wp-block-spacer\"><\/div>\n\n\n\n<div class=\"wp-block-group is-vertical is-layout-flex wp-container-core-group-is-layout-769d0143 wp-block-group-is-layout-flex\">\n<p><strong>HABITAT Y ZONA DE DISTRIBUCI\u00d3N:<\/strong><\/p>\n\n\n\n<p class=\"has-text-align-justify has-alegreya-font-family has-small-font-size\">Esta especie se encuentra ampliamente distribuida por toda Europa, a excepci\u00f3n de las zonas m\u00e1s fr\u00edas. Adem\u00e1s, es posible encontrarlos en Jap\u00f3n, el norte de \u00c1frica y la zona m\u00e1s oeste de Asia.<\/p>\n\n\n\n<p class=\"has-text-align-justify has-alegreya-font-family has-small-font-size\">Su h\u00e1bitat t\u00edpico son las praderas y pastizales sin grandes masas de \u00e1rboles, lo que permite que hay gran radiaci\u00f3n solar y altas temperaturas.<\/p>\n<\/div>\n\n\n\n<div class=\"wp-block-group is-vertical is-layout-flex wp-container-core-group-is-layout-769d0143 wp-block-group-is-layout-flex\">\n<figure class=\"wp-block-image size-large\"><img loading=\"lazy\" decoding=\"async\" width=\"1094\" height=\"545\" src=\"https:\/\/biocampus25.wordpress.com\/wp-content\/uploads\/2025\/04\/captura-de-pantalla-2025-04-20-162019.png?w=1024\" alt=\"\" class=\"wp-image-1968\" srcset=\"https:\/\/webs.uab.cat\/bees\/wp-content\/uploads\/sites\/329\/2025\/04\/captura-de-pantalla-2025-04-20-162019.png 1094w, https:\/\/webs.uab.cat\/bees\/wp-content\/uploads\/sites\/329\/2025\/04\/captura-de-pantalla-2025-04-20-162019-300x149.png 300w, https:\/\/webs.uab.cat\/bees\/wp-content\/uploads\/sites\/329\/2025\/04\/captura-de-pantalla-2025-04-20-162019-1024x510.png 1024w, https:\/\/webs.uab.cat\/bees\/wp-content\/uploads\/sites\/329\/2025\/04\/captura-de-pantalla-2025-04-20-162019-768x383.png 768w\" sizes=\"auto, (max-width: 1094px) 100vw, 1094px\" \/><\/figure>\n\n\n\n<p class=\"has-text-align-justify has-small-font-size\">Mapa de distribuci\u00f3n de Thomisus onustus. Imagen obtenida de Gbif en: <a href=\"https:\/\/www.gbif.org\/es\/species\/2166135\">https:\/\/www.gbif.org\/es\/species\/2166135<\/a><\/p>\n<\/div>\n\n\n\n<div style=\"height:10px\" aria-hidden=\"true\" class=\"wp-block-spacer\"><\/div>\n\n\n\n<div class=\"wp-block-group is-vertical is-layout-flex wp-container-core-group-is-layout-769d0143 wp-block-group-is-layout-flex\">\n<p><strong>ESTADO DE CONSERVACI\u00d3N:<\/strong><\/p>\n\n\n\n<p class=\"has-text-align-justify has-alegreya-font-family has-small-font-size\">Aunque no ha sido evaluado su estado de conservaci\u00f3n a nivel mundial, en Alemania se considera que no se encuentra en peligro. Es por ello por lo que podr\u00eda ser que en el resto de Europa tampoco lo est\u00e9.<\/p>\n<\/div>\n\n\n<div class=\"wp-block-image\">\n<figure class=\"aligncenter size-large is-resized\"><img loading=\"lazy\" decoding=\"async\" width=\"582\" height=\"167\" src=\"https:\/\/biocampus25.wordpress.com\/wp-content\/uploads\/2025\/04\/captura_de_pantalla_2025-04-16_221652-removebg-preview-23.png?w=582\" alt=\"\" class=\"wp-image-1970\" style=\"width:620px;height:auto\" srcset=\"https:\/\/webs.uab.cat\/bees\/wp-content\/uploads\/sites\/329\/2025\/04\/captura_de_pantalla_2025-04-16_221652-removebg-preview-23.png 582w, https:\/\/webs.uab.cat\/bees\/wp-content\/uploads\/sites\/329\/2025\/04\/captura_de_pantalla_2025-04-16_221652-removebg-preview-23-300x86.png 300w\" sizes=\"auto, (max-width: 582px) 100vw, 582px\" \/><\/figure>\n<\/div>\n\n\n<div style=\"height:30px\" aria-hidden=\"true\" class=\"wp-block-spacer\"><\/div>\n\n\n\n<p><strong>REFERENCIAS:<\/strong><\/p>\n\n\n\n<p class=\"has-text-align-justify has-small-font-size\"><em>Ara\u00f1a Cangrejo europea (Thomisus onustus)<\/em>. (n.d.). ArgentiNat. Retrieved March 2, 2025, from <a href=\"https:\/\/www.argentinat.org\/taxa\/59281-Thomisus-onustus\">https:\/\/www.argentinat.org\/taxa\/59281-Thomisus-onustus<\/a><\/p>\n\n\n\n<p class=\"has-text-align-justify has-small-font-size\"><em>Alacr\u00e1n (Buthus occitanus)<\/em>. (n.d.). Acorral.es. Retrieved March 7, 2025, from <a href=\"https:\/\/www.acorral.es\/malpiweb\/florayfauna\/alacran.html\">https:\/\/www.acorral.es\/malpiweb\/florayfauna\/alacran.html<\/a><\/p>\n\n\n\n<p class=\"has-text-align-justify has-small-font-size\">Ara\u00f1a cangrejo de las flores (<em>Thomisus onustus<\/em>). (2022, July 15). CENTRO EL CAMPILLO. <a href=\"https:\/\/centrocampillo.com\/2022\/07\/15\/arana-cangrejo-de-las-flores-\">https:\/\/centrocampillo.com\/2022\/07\/15\/arana-cangrejo-de-las-flores-<\/a><\/p>\n\n\n\n<p class=\"has-text-align-justify has-small-font-size\"><em>Thomisus onustus (Walckenaer, 1805)<\/em>. (2012, February 27). Mi blog de bichos. <a href=\"https:\/\/miblogdebichos.wordpress.com\/aracnidos-2\/aranas\/thomisidae\/thomisus-onustus-walckenaer-1805\/\">https:\/\/miblogdebichos.wordpress.com\/aracnidos-2\/aranas\/thomisidae\/thomisus-onustus-walckenaer-1805\/<\/a><\/p>\n\n\n\n<p class=\"has-text-align-justify has-small-font-size\">Wikipedia contributors. (n.d.).&nbsp;<em>Thomisus onustus<\/em>. Wikipedia, The Free Encyclopedia. <a href=\"https:\/\/de.wikipedia.org\/w\/index.php?title=Thomisus_onustus&amp;oldid=245429434\">https:\/\/de.wikipedia.org\/w\/index.php?title=Thomisus_onustus&amp;oldid=245429434<\/a><\/p>\n\n\n\n<p class=\"has-text-align-justify has-small-font-size\">Wikipedia contributors. (n.d.).&nbsp;<em>Thomisus onustus<\/em>. Wikipedia, The Free Encyclopedia. <a href=\"https:\/\/en.wikipedia.org\/wiki\/Thomisus_onustus\">https:\/\/en.wikipedia.org\/wiki\/Thomisus_onustus<\/a><\/p>\n\n\n\n<p class=\"has-text-align-justify has-small-font-size\">Thomisus onustus (n.d.). ANIMALIA. Retrieved March 7, 2025, from <a href=\"https:\/\/animalia.bio\/index.php\/thomisus-onustus\">https:\/\/animalia.bio\/index.php\/thomisus-onustus<\/a><\/p>\n","protected":false},"excerpt":{"rendered":"<p>Reino Animalia Filo Arthropoda Subfilo Chelicerata Clase Arachnida Orden Aranae Suborden Araneomorphae Infraorden Entelegynae Superfamilia Thomisoidea Familia Thomisidae Subfamilia Thomisinae Tribu Thomisini G\u00e9nero Thomisus Especie T. onustus DESCRIPCI\u00d3N: La ara\u00f1a cangrejo es un ar\u00e1cnido de peque\u00f1o tama\u00f1o, que cuenta con unos machos de tan solo 2-4mm y hembras de 7-10mm de longitud. Su coloraci\u00f3n corporal [&hellip;]<\/p>\n","protected":false},"author":2556,"featured_media":0,"parent":0,"menu_order":0,"comment_status":"closed","ping_status":"closed","template":"","meta":{"footnotes":""},"class_list":["post-1954","page","type-page","status-publish","hentry"],"_links":{"self":[{"href":"https:\/\/webs.uab.cat\/bees\/wp-json\/wp\/v2\/pages\/1954","targetHints":{"allow":["GET"]}}],"collection":[{"href":"https:\/\/webs.uab.cat\/bees\/wp-json\/wp\/v2\/pages"}],"about":[{"href":"https:\/\/webs.uab.cat\/bees\/wp-json\/wp\/v2\/types\/page"}],"author":[{"embeddable":true,"href":"https:\/\/webs.uab.cat\/bees\/wp-json\/wp\/v2\/users\/2556"}],"replies":[{"embeddable":true,"href":"https:\/\/webs.uab.cat\/bees\/wp-json\/wp\/v2\/comments?post=1954"}],"version-history":[{"count":1,"href":"https:\/\/webs.uab.cat\/bees\/wp-json\/wp\/v2\/pages\/1954\/revisions"}],"predecessor-version":[{"id":4132,"href":"https:\/\/webs.uab.cat\/bees\/wp-json\/wp\/v2\/pages\/1954\/revisions\/4132"}],"wp:attachment":[{"href":"https:\/\/webs.uab.cat\/bees\/wp-json\/wp\/v2\/media?parent=1954"}],"curies":[{"name":"wp","href":"https:\/\/api.w.org\/{rel}","templated":true}]}}