{"id":2017,"date":"2025-05-14T11:39:41","date_gmt":"2025-05-14T09:39:41","guid":{"rendered":"https:\/\/biocampus25.wordpress.com\/?page_id=2017"},"modified":"2025-05-19T10:37:20","modified_gmt":"2025-05-19T08:37:20","slug":"cangrejo-rojo-americano","status":"publish","type":"page","link":"https:\/\/webs.uab.cat\/bees\/cangrejo-rojo-americano\/","title":{"rendered":"CANGREJO ROJO AMERICANO"},"content":{"rendered":"<div class=\"wp-block-image\">\n<figure class=\"aligncenter size-large\"><img loading=\"lazy\" decoding=\"async\" width=\"1200\" height=\"797\" src=\"https:\/\/biocampus25.wordpress.com\/wp-content\/uploads\/2025\/04\/procambarus_clarkii_32290488233-1.jpg?w=1024\" alt=\"\" class=\"wp-image-2019\" srcset=\"https:\/\/webs.uab.cat\/bees\/wp-content\/uploads\/sites\/329\/2025\/04\/procambarus_clarkii_32290488233-1.jpg 1200w, https:\/\/webs.uab.cat\/bees\/wp-content\/uploads\/sites\/329\/2025\/04\/procambarus_clarkii_32290488233-1-300x199.jpg 300w, https:\/\/webs.uab.cat\/bees\/wp-content\/uploads\/sites\/329\/2025\/04\/procambarus_clarkii_32290488233-1-1024x680.jpg 1024w, https:\/\/webs.uab.cat\/bees\/wp-content\/uploads\/sites\/329\/2025\/04\/procambarus_clarkii_32290488233-1-768x510.jpg 768w\" sizes=\"auto, (max-width: 1200px) 100vw, 1200px\" \/><\/figure>\n<\/div>\n\n\n<p class=\"has-text-align-justify has-small-font-size\">Procambarus clarkii. Imagen con copyright CC BY 2.0, creada por Gailhampshire y obtenida de Wikimedia commons en: <a href=\"https:\/\/commons.wikimedia.org\/wiki\/File:Procambarus_clarkii_(32290488233).jpg\">https:\/\/commons.wikimedia.org\/wiki\/File:Procambarus_clarkii_(32290488233).jpg<\/a><\/p>\n\n\n\n<div style=\"height:10px\" aria-hidden=\"true\" class=\"wp-block-spacer\"><\/div>\n\n\n\n<div class=\"wp-block-columns is-layout-flex wp-container-core-columns-is-layout-9d6595d7 wp-block-columns-is-layout-flex\">\n<div class=\"wp-block-column is-layout-flow wp-block-column-is-layout-flow\">\n<figure class=\"wp-block-table has-alegreya-font-family has-small-font-size\"><table><tbody><tr><td class=\"has-text-align-center\" data-align=\"center\"><strong>Reino<\/strong><\/td><td class=\"has-text-align-center\" data-align=\"center\">Animalia<\/td><\/tr><tr><td class=\"has-text-align-center\" data-align=\"center\"><strong>Filo<\/strong><\/td><td class=\"has-text-align-center\" data-align=\"center\">Arthropoda<\/td><\/tr><tr><td class=\"has-text-align-center\" data-align=\"center\"><strong>Subfilo<\/strong><\/td><td class=\"has-text-align-center\" data-align=\"center\">Crustacea<\/td><\/tr><tr><td class=\"has-text-align-center\" data-align=\"center\"><strong>Superclase<\/strong><\/td><td class=\"has-text-align-center\" data-align=\"center\">Multicrustacea<\/td><\/tr><tr><td class=\"has-text-align-center\" data-align=\"center\"><strong>Clase<\/strong><\/td><td class=\"has-text-align-center\" data-align=\"center\"><a href=\"https:\/\/webs.uab.cat\/bees\/malacostraca\/\" data-type=\"page\" data-id=\"2005\">Malacostraca<\/a><\/td><\/tr><tr><td class=\"has-text-align-center\" data-align=\"center\"><strong>Subclase<\/strong><\/td><td class=\"has-text-align-center\" data-align=\"center\">Eumalacostraca<\/td><\/tr><tr><td class=\"has-text-align-center\" data-align=\"center\"><strong>Superorden<\/strong><\/td><td class=\"has-text-align-center\" data-align=\"center\">Eucarida<\/td><\/tr><tr><td class=\"has-text-align-center\" data-align=\"center\"><strong>Orden<\/strong><\/td><td class=\"has-text-align-center\" data-align=\"center\">Decapoda<\/td><\/tr><tr><td class=\"has-text-align-center\" data-align=\"center\"><strong>Suborden<\/strong><\/td><td class=\"has-text-align-center\" data-align=\"center\">Pleocymeata<\/td><\/tr><tr><td class=\"has-text-align-center\" data-align=\"center\"><strong>Infraorden<\/strong><\/td><td class=\"has-text-align-center\" data-align=\"center\">Astacidea<\/td><\/tr><tr><td class=\"has-text-align-center\" data-align=\"center\"><strong>Superfamilia<\/strong><\/td><td class=\"has-text-align-center\" data-align=\"center\">Astacoidea<\/td><\/tr><tr><td class=\"has-text-align-center\" data-align=\"center\"><strong>Familia<\/strong><\/td><td class=\"has-text-align-center\" data-align=\"center\">Cambaridae<\/td><\/tr><tr><td class=\"has-text-align-center\" data-align=\"center\"><strong>G\u00e9nero<\/strong><\/td><td class=\"has-text-align-center\" data-align=\"center\">Procambarus<\/td><\/tr><tr><td class=\"has-text-align-center\" data-align=\"center\"><strong>Especie<\/strong><\/td><td class=\"has-text-align-center\" data-align=\"center\">P. clarkii<\/td><\/tr><\/tbody><\/table><\/figure>\n<\/div>\n\n\n\n<div class=\"wp-block-column is-layout-flow wp-block-column-is-layout-flow\">\n<div class=\"wp-block-group is-vertical is-layout-flex wp-container-core-group-is-layout-769d0143 wp-block-group-is-layout-flex\">\n<p><strong>DESCRIPCI\u00d3N:<\/strong><\/p>\n\n\n\n<p class=\"has-text-align-justify has-alegreya-font-family has-small-font-size\">El cangrejo rojo americano es un crust\u00e1ceo de tama\u00f1o mediano, que suele medir entre 6 y 12cm. Como su nombre indica, su coloraci\u00f3n corporal es totalmente roja, aunque hay algunos individuos que pueden ser de color gris azulado.<\/p>\n\n\n\n<p class=\"has-text-align-justify has-alegreya-font-family has-small-font-size\">Su cefalot\u00f3rax es alargado y robusto, con unas peque\u00f1as espinas en su superficie. En la zona terminal poseen un rostro afilado, adem\u00e1s de un par de ojos pedunculados y m\u00f3viles, y unas antenas largas y filiformes. En esta regi\u00f3n tambi\u00e9n se encuentran sus cinco pares de patas, donde las dos primeras no son de tipo locomotor, sino que est\u00e1 modificado en forma de pinzas robustas, que utilizan tanto para defenderse como para manipular el alimento.<\/p>\n\n\n\n<p class=\"has-text-align-justify has-alegreya-font-family has-small-font-size\">El abdomen se puede distinguir por la presencia de una franja de tonalidades m\u00e1s oscuras. En los primeros cinco segmentos se pueden observar unos peque\u00f1os ap\u00e9ndices y en la zona terminal se encuentra el telson. Este \u00faltimo se encuentra acompa\u00f1ado de unas prolongaciones laminares llamadas ur\u00f3podos, que facilitan la nataci\u00f3n y pueden plegarse cuando no se utilizan.<\/p>\n<\/div>\n<\/div>\n<\/div>\n\n\n\n<div style=\"height:10px\" aria-hidden=\"true\" class=\"wp-block-spacer\"><\/div>\n\n\n\n<div class=\"wp-block-group is-vertical is-layout-flex wp-container-core-group-is-layout-769d0143 wp-block-group-is-layout-flex\">\n<p><strong>DIETA:<\/strong><\/p>\n\n\n\n<p class=\"has-text-align-justify has-alegreya-font-family has-small-font-size\">Estos animales son de dieta omn\u00edvora y oportunista, que puede ingerir tanto vegetales como otros organismos acu\u00e1ticos o carro\u00f1a.<\/p>\n<\/div>\n\n\n\n<div style=\"height:10px\" aria-hidden=\"true\" class=\"wp-block-spacer\"><\/div>\n\n\n\n<div class=\"wp-block-group is-vertical is-layout-flex wp-container-core-group-is-layout-769d0143 wp-block-group-is-layout-flex\">\n<p><strong>ESTRUCTURA SOCIAL Y COMPORTAMIENTO:<\/strong><\/p>\n\n\n\n<p class=\"has-text-align-justify has-alegreya-font-family has-small-font-size\">Estos organismos tienen un comportamiento solitario y altamente territorial, lo que los lleva a atacar a otros individuos que se aproximan a su territorio. Solemos encontrarlos m\u00e1s activos durante el crep\u00fasculo, aunque en condiciones de alta humedad pueden desplazarse fuera del agua durante el d\u00eda.<\/p>\n\n\n\n<p class=\"has-text-align-justify has-alegreya-font-family has-small-font-size\">Su ciclo de vida est\u00e1 fuertemente influenciado por las condiciones ambientales. Esto produce que en regiones c\u00e1lidas sean capaces reproducirse dos veces al a\u00f1o (en primavera, cuando est\u00e1n m\u00e1s activos, y oto\u00f1o).<\/p>\n\n\n\n<p class=\"has-text-align-justify has-alegreya-font-family has-small-font-size\">La reproducci\u00f3n comienza cuando se produce el encuentro entre un macho y una hembra en el medio acu\u00e1tico. Durante el apareamiento, el macho transfiere los espermatozoides encapsulados en una bolsa (espermat\u00f3foro), que la hembra almacena e internaliza cuando realiza una muda de su cut\u00edcula. Despu\u00e9s de esto, se da lugar a la generaci\u00f3n de entre 100 y 500 huevos, los cuales quedan adheridos al abdomen de la hembra hasta su eclosi\u00f3n.<\/p>\n\n\n\n<p class=\"has-text-align-justify has-alegreya-font-family has-small-font-size\">Tras un desarrollo de aproximadamente seis semanas, nacen cr\u00edas con una morfolog\u00eda similar a la de los adultos, pero de menor tama\u00f1o. Para alcanzar la madurez sexual deben pasar por un n\u00famero indeterminado de mudas, lo que permite su crecimiento.<\/p>\n\n\n\n<p class=\"has-text-align-justify has-alegreya-font-family has-small-font-size\">Estudios recientes sugieren que las hembras de <em>Procambarus clarkii<\/em> pueden reproducirse por partenog\u00e9nesis, es decir, sin necesidad de un macho. El resultado es la generaci\u00f3n de unas cr\u00edas que son id\u00e9nticas a la hembra.<\/p>\n<\/div>\n\n\n\n<div style=\"height:10px\" aria-hidden=\"true\" class=\"wp-block-spacer\"><\/div>\n\n\n\n<div class=\"wp-block-group is-vertical is-layout-flex wp-container-core-group-is-layout-769d0143 wp-block-group-is-layout-flex\">\n<p><strong>HABITAT Y ZONA DE DISTRIBUCI\u00d3N:<\/strong><\/p>\n\n\n\n<p class=\"has-text-align-justify has-alegreya-font-family has-small-font-size\">Esta especie se encuentra ampliamente distribuida por Norteam\u00e9rica, Europa, \u00c1frica, el este de Asia y algunas zonas aisladas de Sudam\u00e9rica. Cabe decir que en nuestro territorio se ha convertido en una especie invasora debido a su r\u00e1pida capacidad de expansi\u00f3n.<\/p>\n\n\n\n<p class=\"has-text-align-justify has-alegreya-font-family has-small-font-size\">Su h\u00e1bitat t\u00edpico son las masas de agua con buena diversidad vegetal y baja velocidad de movimiento del agua. Es por ello por lo que es habitual encontrarlos en r\u00edos o lagos, aunque tambi\u00e9n se ha encontrado en otras zonas con mayor salinidad.<\/p>\n<\/div>\n\n\n\n<div class=\"wp-block-group is-vertical is-layout-flex wp-container-core-group-is-layout-769d0143 wp-block-group-is-layout-flex\">\n<figure class=\"wp-block-image size-large\"><img loading=\"lazy\" decoding=\"async\" width=\"1062\" height=\"532\" src=\"https:\/\/biocampus25.wordpress.com\/wp-content\/uploads\/2025\/04\/captura-de-pantalla-2025-04-20-173302.png?w=1024\" alt=\"\" class=\"wp-image-2028\" srcset=\"https:\/\/webs.uab.cat\/bees\/wp-content\/uploads\/sites\/329\/2025\/04\/captura-de-pantalla-2025-04-20-173302.png 1062w, https:\/\/webs.uab.cat\/bees\/wp-content\/uploads\/sites\/329\/2025\/04\/captura-de-pantalla-2025-04-20-173302-300x150.png 300w, https:\/\/webs.uab.cat\/bees\/wp-content\/uploads\/sites\/329\/2025\/04\/captura-de-pantalla-2025-04-20-173302-1024x513.png 1024w, https:\/\/webs.uab.cat\/bees\/wp-content\/uploads\/sites\/329\/2025\/04\/captura-de-pantalla-2025-04-20-173302-768x385.png 768w\" sizes=\"auto, (max-width: 1062px) 100vw, 1062px\" \/><\/figure>\n\n\n\n<p class=\"has-text-align-justify has-small-font-size\">Mapa de distribuci\u00f3n de Procambarus clarkii. Imagen obtenida de Gbif en: <a href=\"https:\/\/www.gbif.org\/es\/species\/2227300\">https:\/\/www.gbif.org\/es\/species\/2227300<\/a><\/p>\n<\/div>\n\n\n\n<div style=\"height:10px\" aria-hidden=\"true\" class=\"wp-block-spacer\"><\/div>\n\n\n\n<div class=\"wp-block-group is-vertical is-layout-flex wp-container-core-group-is-layout-769d0143 wp-block-group-is-layout-flex\">\n<p><strong>ESTADO DE CONSERVACI\u00d3N:<\/strong><\/p>\n\n\n\n<p class=\"has-text-align-justify has-alegreya-font-family has-small-font-size\">Seg\u00fan los datos de la IUCN, esta especie se encuentra en situaci\u00f3n de preocupaci\u00f3n menor. Adem\u00e1s, sus poblaciones est\u00e1n aumentando de tama\u00f1o por lo que no deber\u00eda padecer problemas a corta escala en el futuro.<\/p>\n<\/div>\n\n\n<div class=\"wp-block-image\">\n<figure class=\"aligncenter size-large\"><img loading=\"lazy\" decoding=\"async\" width=\"797\" height=\"222\" src=\"https:\/\/biocampus25.wordpress.com\/wp-content\/uploads\/2025\/04\/captura_de_pantalla_2025-03-27_213157-removebg-preview-38.png?w=797\" alt=\"\" class=\"wp-image-2030\" srcset=\"https:\/\/webs.uab.cat\/bees\/wp-content\/uploads\/sites\/329\/2025\/04\/captura_de_pantalla_2025-03-27_213157-removebg-preview-38.png 797w, https:\/\/webs.uab.cat\/bees\/wp-content\/uploads\/sites\/329\/2025\/04\/captura_de_pantalla_2025-03-27_213157-removebg-preview-38-300x84.png 300w, https:\/\/webs.uab.cat\/bees\/wp-content\/uploads\/sites\/329\/2025\/04\/captura_de_pantalla_2025-03-27_213157-removebg-preview-38-768x214.png 768w\" sizes=\"auto, (max-width: 797px) 100vw, 797px\" \/><\/figure>\n<\/div>\n\n\n<div style=\"height:30px\" aria-hidden=\"true\" class=\"wp-block-spacer\"><\/div>\n\n\n\n<p><strong>REFERENCIAS:<\/strong><\/p>\n\n\n\n<p class=\"has-text-align-justify has-small-font-size\"><em>Langostino americano (Procambarus clarkii)<\/em>. (n.d.). iNaturalist Mexico. Retrieved March 3, 2025, from <a href=\"https:\/\/mexico.inaturalist.org\/taxa\/51221-Procambarus-clarkii\">https:\/\/mexico.inaturalist.org\/taxa\/51221-Procambarus-clarkii<\/a><\/p>\n\n\n\n<p class=\"has-text-align-justify has-small-font-size\">Blasco-Zumeta, Javier (n.d.). 093 Procambarus clarkii (Decapoda, cambaridae). Fauna de Pina de Ebro y su comarca. Retrieved March 12, 2025, from <a href=\"https:\/\/monteriza.aranzadi.eus\/wp-content\/uploads\/invertebrados\/093.procambarus-clarkii.pdf\">https:\/\/monteriza.aranzadi.eus\/wp-content\/uploads\/invertebrados\/093.procambarus-clarkii.pdf<\/a><\/p>\n\n\n\n<p class=\"has-text-align-justify has-small-font-size\">Garc\u00eda, I., &amp; Perfil, V. T. mi. (n.d.).&nbsp;<em>Procambarus clarkii<\/em>. Blogspot.com. Retrieved March 12, 2025, from <a href=\"https:\/\/aquasnail.blogspot.com\/2012\/06\/procambarus-clarkii.html\">https:\/\/aquasnail.blogspot.com\/2012\/06\/procambarus-clarkii.html<\/a><\/p>\n\n\n\n<p class=\"has-text-align-justify has-small-font-size\">Valderrey, J. L. M. (2007, February 20).&nbsp;<em>Procambarus clarkii (Girard, 1852)<\/em>. Naturaleza y turismo. <a href=\"https:\/\/www.asturnatura.com\/especie\/procambarus-clarkii\">https:\/\/www.asturnatura.com\/especie\/procambarus-clarkii<\/a><\/p>\n\n\n\n<p class=\"has-text-align-justify has-small-font-size\">Yue, G. H., Wang, G. L., Zhu, B. Q., Wang, C. M., Zhu, Z. Y., &amp; Lo, L. C. (2008). Discovery of four natural clones in a crayfish species Procambarus clarkii.&nbsp;<em>International Journal of Biological Sciences<\/em>,&nbsp;<em>4<\/em>(5), 279\u2013282. <a href=\"https:\/\/doi.org\/10.7150\/ijbs.4.279\">https:\/\/doi.org\/10.7150\/ijbs.4.279<\/a><\/p>\n\n\n\n<p class=\"has-text-align-justify has-small-font-size\"><em>Cangrejo rojo americano \u2022 Procambarus clarkii \u2022 Crust\u00e1ceo<\/em>. (2022, February 11). Fishipedia. <a href=\"https:\/\/www.fishipedia.es\/crustaceo\/procambarus-clarkii\">https:\/\/www.fishipedia.es\/crustaceo\/procambarus-clarkii<\/a><\/p>\n\n\n\n<p class=\"has-text-align-justify has-small-font-size\">Keith Crandall (2010). IUCN Red List of Threatened Species: Procambarus clarkii.&nbsp;<em>IUCN Red List of Threatened Species<\/em>. <a href=\"https:\/\/www.iucnredlist.org\/species\/153877\/4557336\">https:\/\/www.iucnredlist.org\/species\/153877\/4557336<\/a><\/p>\n","protected":false},"excerpt":{"rendered":"<p>Procambarus clarkii. Imagen con copyright CC BY 2.0, creada por Gailhampshire y obtenida de Wikimedia commons en: https:\/\/commons.wikimedia.org\/wiki\/File:Procambarus_clarkii_(32290488233).jpg Reino Animalia Filo Arthropoda Subfilo Crustacea Superclase Multicrustacea Clase Malacostraca Subclase Eumalacostraca Superorden Eucarida Orden Decapoda Suborden Pleocymeata Infraorden Astacidea Superfamilia Astacoidea Familia Cambaridae G\u00e9nero Procambarus Especie P. clarkii DESCRIPCI\u00d3N: El cangrejo rojo americano es un crust\u00e1ceo [&hellip;]<\/p>\n","protected":false},"author":2556,"featured_media":0,"parent":0,"menu_order":0,"comment_status":"closed","ping_status":"closed","template":"","meta":{"footnotes":""},"class_list":["post-2017","page","type-page","status-publish","hentry"],"_links":{"self":[{"href":"https:\/\/webs.uab.cat\/bees\/wp-json\/wp\/v2\/pages\/2017","targetHints":{"allow":["GET"]}}],"collection":[{"href":"https:\/\/webs.uab.cat\/bees\/wp-json\/wp\/v2\/pages"}],"about":[{"href":"https:\/\/webs.uab.cat\/bees\/wp-json\/wp\/v2\/types\/page"}],"author":[{"embeddable":true,"href":"https:\/\/webs.uab.cat\/bees\/wp-json\/wp\/v2\/users\/2556"}],"replies":[{"embeddable":true,"href":"https:\/\/webs.uab.cat\/bees\/wp-json\/wp\/v2\/comments?post=2017"}],"version-history":[{"count":1,"href":"https:\/\/webs.uab.cat\/bees\/wp-json\/wp\/v2\/pages\/2017\/revisions"}],"predecessor-version":[{"id":4146,"href":"https:\/\/webs.uab.cat\/bees\/wp-json\/wp\/v2\/pages\/2017\/revisions\/4146"}],"wp:attachment":[{"href":"https:\/\/webs.uab.cat\/bees\/wp-json\/wp\/v2\/media?parent=2017"}],"curies":[{"name":"wp","href":"https:\/\/api.w.org\/{rel}","templated":true}]}}