{"id":245,"date":"2025-05-14T11:38:43","date_gmt":"2025-05-14T09:38:43","guid":{"rendered":"https:\/\/biocampus25.wordpress.com\/?page_id=245"},"modified":"2025-05-19T10:26:49","modified_gmt":"2025-05-19T08:26:49","slug":"ardilla-roja","status":"publish","type":"page","link":"https:\/\/webs.uab.cat\/bees\/ardilla-roja\/","title":{"rendered":"ARDILLA ROJA"},"content":{"rendered":"<div class=\"wp-block-image\">\n<figure class=\"aligncenter size-large\"><img loading=\"lazy\" decoding=\"async\" width=\"640\" height=\"360\" src=\"https:\/\/biocampus25.wordpress.com\/wp-content\/uploads\/2025\/04\/sciurus_vulgaris_183919328-edited.jpg\" alt=\"\" class=\"wp-image-247\" srcset=\"https:\/\/webs.uab.cat\/bees\/wp-content\/uploads\/sites\/329\/2025\/04\/sciurus_vulgaris_183919328-edited.jpg 640w, https:\/\/webs.uab.cat\/bees\/wp-content\/uploads\/sites\/329\/2025\/04\/sciurus_vulgaris_183919328-edited-300x169.jpg 300w\" sizes=\"auto, (max-width: 640px) 100vw, 640px\" \/><\/figure>\n<\/div>\n\n\n<div style=\"height:10px\" aria-hidden=\"true\" class=\"wp-block-spacer\"><\/div>\n\n\n\n<div class=\"wp-block-columns is-layout-flex wp-container-core-columns-is-layout-9d6595d7 wp-block-columns-is-layout-flex\">\n<div class=\"wp-block-column is-layout-flow wp-block-column-is-layout-flow\">\n<figure class=\"wp-block-table has-alegreya-font-family has-small-font-size\"><table><tbody><tr><td class=\"has-text-align-center\" data-align=\"center\"><strong>Reino<\/strong><\/td><td class=\"has-text-align-center\" data-align=\"center\">Animalia<\/td><\/tr><tr><td class=\"has-text-align-center\" data-align=\"center\"><strong>Filo<\/strong><\/td><td class=\"has-text-align-center\" data-align=\"center\">Chordata<\/td><\/tr><tr><td class=\"has-text-align-center\" data-align=\"center\"><strong>Subfilo<\/strong><\/td><td class=\"has-text-align-center\" data-align=\"center\"><a href=\"https:\/\/webs.uab.cat\/bees\/vertebrados\/\" data-type=\"page\" data-id=\"43\">Vertebrata<\/a><\/td><\/tr><tr><td class=\"has-text-align-center\" data-align=\"center\"><strong>Clase<\/strong><\/td><td class=\"has-text-align-center\" data-align=\"center\"><a href=\"https:\/\/webs.uab.cat\/bees\/mamiferos\/\" data-type=\"page\" data-id=\"54\">Mammalia<\/a><\/td><\/tr><tr><td class=\"has-text-align-center\" data-align=\"center\"><strong>Subclase<\/strong><\/td><td class=\"has-text-align-center\" data-align=\"center\">Theria<\/td><\/tr><tr><td class=\"has-text-align-center\" data-align=\"center\"><strong>Infraclase<\/strong><\/td><td class=\"has-text-align-center\" data-align=\"center\">Placentalia<\/td><\/tr><tr><td class=\"has-text-align-center\" data-align=\"center\"><strong>Superorden<\/strong><\/td><td class=\"has-text-align-center\" data-align=\"center\">Euarchontoglires<\/td><\/tr><tr><td class=\"has-text-align-center\" data-align=\"center\"><strong>Orden<\/strong><\/td><td class=\"has-text-align-center\" data-align=\"center\"><a href=\"https:\/\/webs.uab.cat\/bees\/rodentia\/\" data-type=\"page\" data-id=\"339\">Rodentia<\/a><\/td><\/tr><tr><td class=\"has-text-align-center\" data-align=\"center\"><strong>Suborden<\/strong><\/td><td class=\"has-text-align-center\" data-align=\"center\">Sciuromorpha<\/td><\/tr><tr><td class=\"has-text-align-center\" data-align=\"center\"><strong>Familia<\/strong><\/td><td class=\"has-text-align-center\" data-align=\"center\">Sciuridae<\/td><\/tr><tr><td class=\"has-text-align-center\" data-align=\"center\"><strong>Subfamilia<\/strong><\/td><td class=\"has-text-align-center\" data-align=\"center\">Sciurinae<\/td><\/tr><tr><td class=\"has-text-align-center\" data-align=\"center\"><strong>Tribu<\/strong><\/td><td class=\"has-text-align-center\" data-align=\"center\">Sciurini<\/td><\/tr><tr><td class=\"has-text-align-center\" data-align=\"center\"><strong>G\u00e9nero<\/strong><\/td><td class=\"has-text-align-center\" data-align=\"center\">Sciurus<\/td><\/tr><tr><td class=\"has-text-align-center\" data-align=\"center\"><strong>Especie<\/strong><\/td><td class=\"has-text-align-center\" data-align=\"center\">S. vulgaris<\/td><\/tr><\/tbody><\/table><\/figure>\n<\/div>\n\n\n\n<div class=\"wp-block-column is-layout-flow wp-block-column-is-layout-flow\">\n<div class=\"wp-block-group is-vertical is-layout-flex wp-container-core-group-is-layout-769d0143 wp-block-group-is-layout-flex\">\n<p><strong>DESCRIPCI\u00d3N:<\/strong><\/p>\n\n\n\n<p class=\"has-text-align-justify has-alegreya-font-family has-small-font-size\">Animal de reducido tama\u00f1o (17-20cm) y con una cola alargada de unos 15-25cm. No presentan dimorfismo sexual ni en cuanto a su tama\u00f1o, por lo que es dif\u00edcil distinguir a simple vista a ambos sexos.<\/p>\n\n\n\n<p class=\"has-text-align-justify has-alegreya-font-family has-small-font-size\">Su pelaje es rojizo en la parte dorsal, mientras que por la zona ventral suele ser de tonos m\u00e1s claros o blanquinosos. En periodo invernal, su pelaje se vuelve mucho m\u00e1s denso para protegerlos de las bajas temperaturas.<\/p>\n\n\n\n<p class=\"has-text-align-justify has-alegreya-font-family has-small-font-size\">Tienen las patas posteriores m\u00e1s desarrolladas que las anteriores, pese a que tengan 4 dedos y las delanteras 5. Adem\u00e1s, cuentan con unas u\u00f1as robustas que favorecen su escalada a los \u00e1rboles.<\/p>\n<\/div>\n<\/div>\n<\/div>\n\n\n\n<div style=\"height:10px\" aria-hidden=\"true\" class=\"wp-block-spacer\"><\/div>\n\n\n\n<div class=\"wp-block-group is-vertical is-layout-flex wp-container-core-group-is-layout-769d0143 wp-block-group-is-layout-flex\">\n<p><strong>DIETA:<\/strong><\/p>\n\n\n\n<p class=\"has-text-align-justify has-alegreya-font-family has-small-font-size\">Su dieta es omn\u00edvora, con especial preferencia por las semillas de pinos, avellanas, bellotas, nueces etc. Aun as\u00ed, pueden comer tambi\u00e9n hongos, peque\u00f1os invertebrados y brotes de inflorescencias.<\/p>\n<\/div>\n\n\n\n<div style=\"height:10px\" aria-hidden=\"true\" class=\"wp-block-spacer\"><\/div>\n\n\n\n<div class=\"wp-block-group is-vertical is-layout-flex wp-container-core-group-is-layout-769d0143 wp-block-group-is-layout-flex\">\n<p><strong>ESTRUCTURA SOCIAL Y COMPORTAMIENTO:<\/strong><\/p>\n\n\n\n<p class=\"has-text-align-justify has-alegreya-font-family has-small-font-size\">Las ardillas rojas son organismos solitarios, que algunas veces pueden formar nidos en las copas de los \u00e1rboles para tener a sus cr\u00edas protegidas. Durante casi todo el d\u00eda pueden estar activas, pero en momentos de reposo vuelven a estos refugios. Los d\u00edas m\u00e1s fr\u00edos entre diciembre y febrero son capaces de entrar en modo de inactividad, de manera que se vuelven a activar cuando hay mejores condiciones.<\/p>\n\n\n\n<p class=\"has-text-align-justify has-alegreya-font-family has-small-font-size\">Su periodo de celo comienza en enero y acaba en agosto, pero debido a que el periodo de gestaci\u00f3n suele durar 40 d\u00edas, pueden llegar a parir dos veces al a\u00f1o. Por cada parto nacen 3 o 4 cr\u00edas, que suelen estar ciegas, sin pelaje y con los conductos auditivos cerrados.<\/p>\n<\/div>\n\n\n<div class=\"wp-block-image\">\n<figure class=\"aligncenter size-large\"><img loading=\"lazy\" decoding=\"async\" width=\"1444\" height=\"119\" src=\"https:\/\/biocampus25.wordpress.com\/wp-content\/uploads\/2025\/04\/captura-de-pantalla-2025-04-10-220542.png?w=1024\" alt=\"\" class=\"wp-image-257\" srcset=\"https:\/\/webs.uab.cat\/bees\/wp-content\/uploads\/sites\/329\/2025\/04\/captura-de-pantalla-2025-04-10-220542.png 1444w, https:\/\/webs.uab.cat\/bees\/wp-content\/uploads\/sites\/329\/2025\/04\/captura-de-pantalla-2025-04-10-220542-300x25.png 300w, https:\/\/webs.uab.cat\/bees\/wp-content\/uploads\/sites\/329\/2025\/04\/captura-de-pantalla-2025-04-10-220542-1024x84.png 1024w, https:\/\/webs.uab.cat\/bees\/wp-content\/uploads\/sites\/329\/2025\/04\/captura-de-pantalla-2025-04-10-220542-768x63.png 768w, https:\/\/webs.uab.cat\/bees\/wp-content\/uploads\/sites\/329\/2025\/04\/captura-de-pantalla-2025-04-10-220542-1200x99.png 1200w\" sizes=\"auto, (max-width: 1444px) 100vw, 1444px\" \/><\/figure>\n<\/div>\n\n\n<div style=\"height:10px\" aria-hidden=\"true\" class=\"wp-block-spacer\"><\/div>\n\n\n\n<div class=\"wp-block-group is-vertical is-layout-flex wp-container-core-group-is-layout-769d0143 wp-block-group-is-layout-flex\">\n<p><strong>HABITAT Y ZONA DE DISTRIBUCI\u00d3N:<\/strong><\/p>\n\n\n\n<p class=\"has-text-align-justify has-alegreya-font-family has-small-font-size\">Pueden ser vistas por toda Europa, hasta Rusia. Tambi\u00e9n est\u00e1n presentes en la zona este de Asia y en lugares puntuales del continente americano.<\/p>\n\n\n\n<p class=\"has-text-align-justify has-alegreya-font-family has-small-font-size\">Su h\u00e1bitat habitual son los bosques frondosos de la regi\u00f3n Eurosiberiana y en la regi\u00f3n Mediterr\u00e1nea se ha especializado en bosques con presencia de pinares. En algunas ocasiones pueden ser vistos en zonas pr\u00f3ximas a ciudades.<\/p>\n<\/div>\n\n\n\n<div class=\"wp-block-group is-vertical is-layout-flex wp-container-core-group-is-layout-769d0143 wp-block-group-is-layout-flex\">\n<figure class=\"wp-block-image size-large is-resized\"><img loading=\"lazy\" decoding=\"async\" width=\"441\" height=\"222\" src=\"https:\/\/biocampus25.wordpress.com\/wp-content\/uploads\/2025\/04\/captura-de-pantalla-2025-04-10-220902.png?w=441\" alt=\"\" class=\"wp-image-260\" style=\"width:620px;height:auto\" srcset=\"https:\/\/webs.uab.cat\/bees\/wp-content\/uploads\/sites\/329\/2025\/04\/captura-de-pantalla-2025-04-10-220902.png 441w, https:\/\/webs.uab.cat\/bees\/wp-content\/uploads\/sites\/329\/2025\/04\/captura-de-pantalla-2025-04-10-220902-300x151.png 300w\" sizes=\"auto, (max-width: 441px) 100vw, 441px\" \/><\/figure>\n\n\n\n<p class=\"has-text-align-justify has-small-font-size\">Mapa de distribuci\u00f3n de Sciurus vulgaris. Imagen obtenida de Gbif en: <a href=\"https:\/\/www.gbif.org\/es\/species\/8211070\">https:\/\/www.gbif.org\/es\/species\/8211070<\/a><\/p>\n<\/div>\n\n\n\n<div style=\"height:10px\" aria-hidden=\"true\" class=\"wp-block-spacer\"><\/div>\n\n\n\n<div class=\"wp-block-group is-vertical is-layout-flex wp-container-core-group-is-layout-769d0143 wp-block-group-is-layout-flex\">\n<p><strong>ESTADO DE CONSERVACI\u00d3N:<\/strong><\/p>\n\n\n\n<p class=\"has-text-align-justify has-alegreya-font-family has-small-font-size\">Seg\u00fan la informaci\u00f3n presente en la IUCN, esta especie se encuentra en estado de preocupaci\u00f3n menor, por lo que podemos afirmar que no se encuentra en peligro.<\/p>\n<\/div>\n\n\n<div class=\"wp-block-image\">\n<figure class=\"aligncenter size-large\"><img decoding=\"async\" src=\"https:\/\/biocampus25.wordpress.com\/wp-content\/uploads\/2025\/04\/captura_de_pantalla_2025-03-27_213157-removebg-preview-4.png?w=797\" alt=\"\" class=\"wp-image-263\" \/><\/figure>\n<\/div>\n\n\n<div style=\"height:10px\" aria-hidden=\"true\" class=\"wp-block-spacer\"><\/div>\n\n\n\n<p><strong>REFERENCIAS:<\/strong><\/p>\n\n\n\n<p class=\"has-text-align-justify has-small-font-size\"><em>Ardilla Roja (Sciurus vulgaris)<\/em>. (n.d.). ArgentiNat. Retrieved February 5, 2025, from <a href=\"https:\/\/www.argentinat.org\/taxa\/46001-Sciurus-vulgaris\">https:\/\/www.argentinat.org\/taxa\/46001-Sciurus-vulgaris<\/a><\/p>\n\n\n\n<p class=\"has-small-font-size\">Purroy, Francisco Jos\u00e9 (n.d.). Sciurus vulgaris. Gob.Es. Retrieved February 5,2025, from <a href=\"https:\/\/www.miteco.gob.es\/content\/dam\/miteco\/es\/biodiversidad\/temas\/inventarios-nacionales\/ieet_mami_sciurus_vulgaris_tcm30-99876.pdf\">https:\/\/www.miteco.gob.es\/content\/dam\/miteco\/es\/biodiversidad\/temas\/inventarios-nacionales\/ieet_mami_sciurus_vulgaris_tcm30-99876.pdf<\/a><\/p>\n\n\n\n<p class=\"has-text-align-justify has-small-font-size\">Creaciois, Jano (n.d.). Ardilla com\u00fan: Sciurus vulgaris. FaunaIb\u00e9rica. Retrieved February 5, 2025, from <a href=\"https:\/\/www.faunaiberica.org\/ardilla-comun\">https:\/\/www.faunaiberica.org\/ardilla-comun<\/a><\/p>\n\n\n\n<p class=\"has-text-align-justify has-small-font-size\">Valderrey, J. L. M. (2007, June 13).&nbsp;<em>Sciurus vulgaris Linnaeus, 1758<\/em>. Naturaleza y turismo. <a href=\"https:\/\/www.asturnatura.com\/especie\/sciurus-vulgaris\">https:\/\/www.asturnatura.com\/especie\/sciurus-vulgaris<\/a><\/p>\n\n\n\n<p class=\"has-text-align-justify has-small-font-size\">Abigail Gazzard (IUCN SSC Small Mammal Specialist Group). (2023). IUCN Red List of Threatened Species: Sciurus vulgaris.&nbsp;<em>IUCN Red List of Threatened Species<\/em>.&nbsp;&nbsp; <a href=\"https:\/\/www.iucnredlist.org\/species\/221730864\/221731049\">https:\/\/www.iucnredlist.org\/species\/221730864\/221731049<\/a><\/p>\n","protected":false},"excerpt":{"rendered":"<p>Reino Animalia Filo Chordata Subfilo Vertebrata Clase Mammalia Subclase Theria Infraclase Placentalia Superorden Euarchontoglires Orden Rodentia Suborden Sciuromorpha Familia Sciuridae Subfamilia Sciurinae Tribu Sciurini G\u00e9nero Sciurus Especie S. vulgaris DESCRIPCI\u00d3N: Animal de reducido tama\u00f1o (17-20cm) y con una cola alargada de unos 15-25cm. No presentan dimorfismo sexual ni en cuanto a su tama\u00f1o, por lo [&hellip;]<\/p>\n","protected":false},"author":2556,"featured_media":0,"parent":0,"menu_order":0,"comment_status":"closed","ping_status":"closed","template":"","meta":{"footnotes":""},"class_list":["post-245","page","type-page","status-publish","hentry"],"_links":{"self":[{"href":"https:\/\/webs.uab.cat\/bees\/wp-json\/wp\/v2\/pages\/245","targetHints":{"allow":["GET"]}}],"collection":[{"href":"https:\/\/webs.uab.cat\/bees\/wp-json\/wp\/v2\/pages"}],"about":[{"href":"https:\/\/webs.uab.cat\/bees\/wp-json\/wp\/v2\/types\/page"}],"author":[{"embeddable":true,"href":"https:\/\/webs.uab.cat\/bees\/wp-json\/wp\/v2\/users\/2556"}],"replies":[{"embeddable":true,"href":"https:\/\/webs.uab.cat\/bees\/wp-json\/wp\/v2\/comments?post=245"}],"version-history":[{"count":1,"href":"https:\/\/webs.uab.cat\/bees\/wp-json\/wp\/v2\/pages\/245\/revisions"}],"predecessor-version":[{"id":4136,"href":"https:\/\/webs.uab.cat\/bees\/wp-json\/wp\/v2\/pages\/245\/revisions\/4136"}],"wp:attachment":[{"href":"https:\/\/webs.uab.cat\/bees\/wp-json\/wp\/v2\/media?parent=245"}],"curies":[{"name":"wp","href":"https:\/\/api.w.org\/{rel}","templated":true}]}}