{"id":4099,"date":"2025-05-14T11:42:01","date_gmt":"2025-05-14T09:42:01","guid":{"rendered":"https:\/\/biocampus25.wordpress.com\/?page_id=779"},"modified":"2025-05-19T12:52:46","modified_gmt":"2025-05-19T10:52:46","slug":"mollusca","status":"publish","type":"page","link":"https:\/\/webs.uab.cat\/bees\/mollusca\/","title":{"rendered":"Mollusca"},"content":{"rendered":"\n<div class=\"wp-block-group is-vertical is-layout-flex wp-container-core-group-is-layout-3e0ae1ae wp-block-group-is-layout-flex\">\n<p><strong>Descripci\u00f3n:<\/strong><\/p>\n\n\n\n<div class=\"wp-block-group has-alegreya-font-family has-small-font-size is-vertical is-layout-flex wp-container-core-group-is-layout-8cf370e7 wp-block-group-is-layout-flex\">\n<p class=\"has-text-align-justify\">El filo de los moluscos es uno de los m\u00e1s diversos y abundantes despu\u00e9s de los artr\u00f3podos. Por este motivo, pueden encontrarse tanto en ambientes marinos (como los pulpos), en agua dulce o en ambientes terrestres (como los caracoles). Aun as\u00ed, comparten una estructura com\u00fan:<\/p>\n\n\n\n<ul class=\"wp-block-list\">\n<li><strong>El pie muscular<\/strong>: una estructura blanda que se encarga del desplazamiento.<\/li>\n\n\n\n<li><strong>La concha calc\u00e1rea<\/strong>: una estructura r\u00edgida que protege los \u00f3rganos internos. Esta concha se forma a partir de una estructura llamada manto, que secreta los compuestos que la constituyen. Cabe destacar que algunos grupos carecen de concha o la tienen interna.<\/li>\n\n\n\n<li><strong>La masa visceral<\/strong>: que contiene el conjunto de \u00f3rganos internos.<\/li>\n<\/ul>\n\n\n\n<p class=\"has-text-align-justify\">El tubo digestivo es completo y cuenta con un \u00f3rgano exclusivo de este grupo: la r\u00e1dula. Esta estructura es como una especie de lengua con dientes que permite realizar la digesti\u00f3n mec\u00e1nica. Su dieta puede ser carn\u00edvora o detrit\u00edvora (se alimentan de materia org\u00e1nica en descomposici\u00f3n).<\/p>\n\n\n\n<p class=\"has-text-align-justify\">El sistema circulatorio suele ser abierto (excepto en los cefal\u00f3podos). Esto significa que la hemolinfa (una sustancia an\u00e1loga a la sangre) sale del coraz\u00f3n y viaja hasta una cavidad donde flotan los \u00f3rganos. All\u00ed, cada \u00f3rgano capta los elementos necesarios para su funcionamiento.<\/p>\n\n\n\n<p class=\"has-text-align-justify\">El sistema nervioso est\u00e1 centralizado, con dos ganglios cerebrales que env\u00edan se\u00f1ales al resto del cuerpo mediante cordones nerviosos longitudinales. La respiraci\u00f3n puede realizarse a trav\u00e9s de la piel, gracias a que est\u00e1 h\u00fameda y con \u00f3rganos pr\u00f3ximos a la superficie, o mediante branquias.<\/p>\n\n\n\n<p class=\"has-text-align-justify\">En cuanto a la reproducci\u00f3n, se pueden encontrar especies dioicas o hermafroditas, y con fecundaci\u00f3n interna o externa. Lo que s\u00ed tienen en com\u00fan es que, al reproducirse, generan una larva que debe pasar por una metamorfosis para llegar a la fase adulta.<\/p>\n<\/div>\n<\/div>\n\n\n\n<div style=\"height:10px\" aria-hidden=\"true\" class=\"wp-block-spacer\"><\/div>\n\n\n\n<p><strong>Clave dicot\u00f3mica:<\/strong><\/p>\n\n\n\n<div class=\"wp-block-columns is-layout-flex wp-container-core-columns-is-layout-9d6595d7 wp-block-columns-is-layout-flex\">\n<div class=\"wp-block-column is-layout-flow wp-block-column-is-layout-flow\" style=\"flex-basis:66.66%\">\n<div class=\"wp-block-group is-vertical is-layout-flex wp-container-core-group-is-layout-769d0143 wp-block-group-is-layout-flex\">\n<p class=\"has-text-align-justify has-small-font-size\"><strong>1a. <\/strong>El organismo no tiene concha &#8212;&#8212;&#8212;&#8212;&#8212;&#8212;&#8212;&#8212;&#8212;&#8212;&#8212;&#8212;&#8212;&gt;<strong> <a href=\"https:\/\/webs.uab.cat\/bees\/babosa-gris-de-jardin\/\" data-type=\"page\" data-id=\"4087\">Deroceras reticulatum<\/a><\/strong><\/p>\n\n\n\n<p class=\"has-text-align-justify has-small-font-size\"><strong>1b. <\/strong>Si que presenta concha &#8212;&#8212;&#8212;&#8212;&#8212;&#8212;-&gt; 2<\/p>\n<\/div>\n\n\n\n<div style=\"height:63px\" aria-hidden=\"true\" class=\"wp-block-spacer\"><\/div>\n\n\n\n<div class=\"wp-block-group is-vertical is-layout-flex wp-container-core-group-is-layout-769d0143 wp-block-group-is-layout-flex\">\n<p class=\"has-text-align-justify has-small-font-size\"><strong>2a.<\/strong> La concha es m\u00e1s alargada que gruesa y suele arrastrarla por el suelo &#8212;&#8212;&#8212;&#8212;&#8212;&#8212;&#8212;&#8212;&#8212;&#8212;&#8212;&#8212;&#8212;&#8212;&#8212;&#8212;&gt;\u00a0 <strong><a href=\"https:\/\/webs.uab.cat\/bees\/caracol-degollado-europeo\/\" data-type=\"page\" data-id=\"810\">Rumina decollata<\/a><\/strong><\/p>\n\n\n\n<p class=\"has-text-align-justify has-small-font-size\"><strong>2b.<\/strong> La concha, de color blanca i manchas marrones irregulares, es m\u00e1s gruesa que larga &#8212;&#8212;&#8212;&#8212;&#8212;&#8212;&#8212;&#8212;&#8212;&#8212;&#8212;&#8211;&gt; <strong><a href=\"https:\/\/webs.uab.cat\/bees\/caracol-de-las-dunas\/\" data-type=\"page\" data-id=\"4089\">Theba pisana<\/a><\/strong><\/p>\n<\/div>\n<\/div>\n\n\n\n<div class=\"wp-block-column is-layout-flow wp-block-column-is-layout-flow\" style=\"flex-basis:33.33%\">\n<div class=\"wp-block-group is-vertical is-layout-flex wp-container-core-group-is-layout-769d0143 wp-block-group-is-layout-flex\">\n<figure class=\"wp-block-image size-large\"><img loading=\"lazy\" decoding=\"async\" width=\"640\" height=\"427\" src=\"https:\/\/biocampus25.wordpress.com\/wp-content\/uploads\/2025\/04\/apple_snail_shell_closeup_44864500032.jpg?w=640\" alt=\"\" class=\"wp-image-788\" srcset=\"https:\/\/webs.uab.cat\/bees\/wp-content\/uploads\/sites\/329\/2025\/04\/apple_snail_shell_closeup_44864500032.jpg 640w, https:\/\/webs.uab.cat\/bees\/wp-content\/uploads\/sites\/329\/2025\/04\/apple_snail_shell_closeup_44864500032-300x200.jpg 300w\" sizes=\"auto, (max-width: 640px) 100vw, 640px\" \/><figcaption class=\"wp-element-caption\">Concha<\/figcaption><\/figure>\n<\/div>\n\n\n\n<div class=\"wp-block-group is-vertical is-layout-flex wp-container-core-group-is-layout-769d0143 wp-block-group-is-layout-flex\">\n<figure class=\"wp-block-image size-large\"><img loading=\"lazy\" decoding=\"async\" width=\"480\" height=\"480\" src=\"https:\/\/biocampus25.wordpress.com\/wp-content\/uploads\/2025\/04\/640px-decollate_snail-edited.jpeg\" alt=\"\" class=\"wp-image-791\" srcset=\"https:\/\/webs.uab.cat\/bees\/wp-content\/uploads\/sites\/329\/2025\/04\/640px-decollate_snail-edited.jpeg 480w, https:\/\/webs.uab.cat\/bees\/wp-content\/uploads\/sites\/329\/2025\/04\/640px-decollate_snail-edited-300x300.jpeg 300w, https:\/\/webs.uab.cat\/bees\/wp-content\/uploads\/sites\/329\/2025\/04\/640px-decollate_snail-edited-150x150.jpeg 150w\" sizes=\"auto, (max-width: 480px) 100vw, 480px\" \/><figcaption class=\"wp-element-caption\"><a href=\"https:\/\/webs.uab.cat\/bees\/caracol-degollado-europeo\/\" data-type=\"page\" data-id=\"810\">Rumina decollata<\/a><\/figcaption><\/figure>\n<\/div>\n<\/div>\n<\/div>\n\n\n\n<div style=\"height:30px\" aria-hidden=\"true\" class=\"wp-block-spacer\"><\/div>\n\n\n\n<p><strong>Bibliografia:<\/strong><\/p>\n\n\n\n<p class=\"has-text-align-justify has-small-font-size\">Eduardo. (2023, December 12).&nbsp;<em>Moluscos (Mollusca): \u00bfQu\u00e9 son y cu\u00e1ntos tipos existen?<\/em>&nbsp;Delfin Ultracongelados. <a href=\"https:\/\/www.delfinultracongelados.es\/moluscos-que-son-y-tipos\/\">https:\/\/www.delfinultracongelados.es\/moluscos-que-son-y-tipos\/<\/a><\/p>\n\n\n\n<p class=\"has-text-align-justify has-small-font-size\">Wikipedia contributors. (n.d.-e).&nbsp;<em>Mollusca<\/em>. Wikipedia, The Free Encyclopedia. <a href=\"https:\/\/es.wikipedia.org\/w\/index.php?title=Mollusca&amp;oldid=166398045\">https:\/\/es.wikipedia.org\/w\/index.php?title=Mollusca&amp;oldid=166398045<\/a><\/p>\n\n\n\n<p class=\"has-text-align-justify has-small-font-size\"><em>MOLUSCOS<\/em>. (n.d.). Ugr.es. Retrieved December 30, 2024, from <a href=\"https:\/\/litoraldegranada.ugr.es\/el-litoral\/el-litoral-sumergido\/fauna\/moluscos\/\">https:\/\/litoraldegranada.ugr.es\/el-litoral\/el-litoral-sumergido\/fauna\/moluscos\/<\/a><\/p>\n\n\n\n<p><\/p>\n","protected":false},"excerpt":{"rendered":"<p>Descripci\u00f3n: El filo de los moluscos es uno de los m\u00e1s diversos y abundantes despu\u00e9s de los artr\u00f3podos. Por este motivo, pueden encontrarse tanto en ambientes marinos (como los pulpos), en agua dulce o en ambientes terrestres (como los caracoles). Aun as\u00ed, comparten una estructura com\u00fan: El tubo digestivo es completo y cuenta con un [&hellip;]<\/p>\n","protected":false},"author":2556,"featured_media":0,"parent":0,"menu_order":0,"comment_status":"closed","ping_status":"closed","template":"","meta":{"footnotes":""},"class_list":["post-4099","page","type-page","status-publish","hentry"],"_links":{"self":[{"href":"https:\/\/webs.uab.cat\/bees\/wp-json\/wp\/v2\/pages\/4099","targetHints":{"allow":["GET"]}}],"collection":[{"href":"https:\/\/webs.uab.cat\/bees\/wp-json\/wp\/v2\/pages"}],"about":[{"href":"https:\/\/webs.uab.cat\/bees\/wp-json\/wp\/v2\/types\/page"}],"author":[{"embeddable":true,"href":"https:\/\/webs.uab.cat\/bees\/wp-json\/wp\/v2\/users\/2556"}],"replies":[{"embeddable":true,"href":"https:\/\/webs.uab.cat\/bees\/wp-json\/wp\/v2\/comments?post=4099"}],"version-history":[{"count":2,"href":"https:\/\/webs.uab.cat\/bees\/wp-json\/wp\/v2\/pages\/4099\/revisions"}],"predecessor-version":[{"id":4249,"href":"https:\/\/webs.uab.cat\/bees\/wp-json\/wp\/v2\/pages\/4099\/revisions\/4249"}],"wp:attachment":[{"href":"https:\/\/webs.uab.cat\/bees\/wp-json\/wp\/v2\/media?parent=4099"}],"curies":[{"name":"wp","href":"https:\/\/api.w.org\/{rel}","templated":true}]}}