{"id":4101,"date":"2025-05-14T11:42:33","date_gmt":"2025-05-14T09:42:33","guid":{"rendered":"https:\/\/biocampus25.wordpress.com\/?page_id=747"},"modified":"2025-05-14T11:42:33","modified_gmt":"2025-05-14T09:42:33","slug":"peces","status":"publish","type":"page","link":"https:\/\/webs.uab.cat\/bees\/peces\/","title":{"rendered":"Peces"},"content":{"rendered":"\n<div class=\"wp-block-group is-vertical is-layout-flex wp-container-core-group-is-layout-3e0ae1ae wp-block-group-is-layout-flex\">\n<p><strong>Descripci\u00f3n:<\/strong><\/p>\n\n\n\n<div class=\"wp-block-group has-alegreya-font-family has-small-font-size is-vertical is-layout-flex wp-container-core-group-is-layout-8cf370e7 wp-block-group-is-layout-flex\">\n<p class=\"has-text-align-justify\">Aunque en el campus universitario no hay grandes masas de agua donde puedan habitar peces, es interesante mencionar en qu\u00e9 se caracteriza este gran grupo de vertebrados.<\/p>\n\n\n\n<p class=\"has-text-align-justify\">Los peces son animales acu\u00e1ticos, ya sean de agua dulce o marina, que han desarrollado un conjunto de caracter\u00edsticas que facilitan su vida en este medio:<\/p>\n\n\n\n<ul class=\"wp-block-list\">\n<li>Por un lado, tienen aletas pectorales, dorsal(es), p\u00e9lvicas, anal, caudal, etc., que cumplen la funci\u00f3n de propulsar el agua durante su desplazamiento. Esto tambi\u00e9n les permite regular la direcci\u00f3n del movimiento.<\/li>\n\n\n\n<li>En su superficie corporal presentan escamas, que seg\u00fan la especie pueden ser de diferentes tipos o colores. Adem\u00e1s, su piel tiene una capa de mucosidad que les permite mantenerse siempre hidratados.<\/li>\n\n\n\n<li>Para respirar, utilizan la boca como una bomba que impulsa el agua hacia la cavidad opercular, donde se encuentran las branquias. Estas estructuras laminares se encargan de captar el ox\u00edgeno del agua para introducirlo en la sangre. Adem\u00e1s, las branquias tambi\u00e9n pueden ayudar a la osmorregulaci\u00f3n, eliminando el exceso de solutos adquiridos del agua.<\/li>\n\n\n\n<li>Tambi\u00e9n es importante mencionar la vejiga natatoria, una bolsa procedente de la parte anterior del est\u00f3mago que permite al individuo ascender o descender en la columna de agua.<\/li>\n\n\n\n<li>Su sistema circulatorio es simple y cerrado, lo que significa que la sangre oxigenada y desoxigenada se mezclan. Primero, la sangre desoxigenada sale del coraz\u00f3n y viaja hacia las branquias, donde se oxigena y se distribuye por el resto del cuerpo. Despu\u00e9s, regresa al coraz\u00f3n con una cantidad m\u00ednima de ox\u00edgeno, suficiente para que este lo aproveche.<\/li>\n\n\n\n<li>Al igual que los reptiles y los anfibios, los peces tambi\u00e9n son ectotermos. Esto significa que no pueden regular su temperatura corporal mediante su metabolismo. Esto les resulta \u00fatil, ya que ahorran energ\u00eda y pueden tolerar mejor las bajas temperaturas del fondo marino.<\/li>\n\n\n\n<li>En cuanto a la reproducci\u00f3n, generalmente ocurre de forma externa (excepto en algunos organismos, como los tiburones) y se generan huevos. La mayor\u00eda de las especies tienen sexos separados, aunque tambi\u00e9n hay hermafroditas o especies donde los sexos no son f\u00e1ciles de distinguir.<\/li>\n<\/ul>\n\n\n\n<p class=\"has-text-align-justify\">Es importante se\u00f1alar que, aunque todos (o la mayor\u00eda) de los peces comparten estas caracter\u00edsticas, pueden clasificarse en dos grupos. Estos son los tele\u00f3steos (peces con esqueleto \u00f3seo) y los condrictios (peces con esqueleto cartilaginoso). Seg\u00fan este criterio, pueden presentar ciertas diferencias entre ambos grupos.<\/p>\n<\/div>\n<\/div>\n\n\n\n<div style=\"height:30px\" aria-hidden=\"true\" class=\"wp-block-spacer\"><\/div>\n\n\n\n<p><strong>Bibliografia:<\/strong><\/p>\n\n\n\n<p class=\"has-text-align-justify has-small-font-size\">Wikipedia contributors. (n.d.-d).&nbsp;<em>Pez<\/em>. Wikipedia, The Free Encyclopedia. <a href=\"https:\/\/es.wikipedia.org\/w\/index.php?title=Pez&amp;oldid=166368028\">https:\/\/es.wikipedia.org\/w\/index.php?title=Pez&amp;oldid=166368028<\/a><\/p>\n\n\n\n<p class=\"has-text-align-justify has-small-font-size\"><em>Peces<\/em>. (n.d.). Wiki Reino Animalia; Fandom, Inc. Retrieved December 20, 2024, from <a href=\"https:\/\/reinoanimalia.fandom.com\/es\/wiki\/Peces\">https:\/\/reinoanimalia.fandom.com\/es\/wiki\/Peces<\/a><\/p>\n\n\n\n<p class=\"has-text-align-justify has-small-font-size\">Fern\u00e1ndez, L. (2019, September 17). CLASIFICACI\u00d3N de los PECES &#8211; Taxonom\u00eda, Esquema y Caracter\u00edsticas.&nbsp;<em>ecologiaverde.com<\/em>. <a href=\"https:\/\/www.ecologiaverde.com\/clasificacion-de-los-peces-2246.html\">https:\/\/www.ecologiaverde.com\/clasificacion-de-los-peces-2246.html<\/a><\/p>\n","protected":false},"excerpt":{"rendered":"<p>Descripci\u00f3n: Aunque en el campus universitario no hay grandes masas de agua donde puedan habitar peces, es interesante mencionar en qu\u00e9 se caracteriza este gran grupo de vertebrados. Los peces son animales acu\u00e1ticos, ya sean de agua dulce o marina, que han desarrollado un conjunto de caracter\u00edsticas que facilitan su vida en este medio: Es [&hellip;]<\/p>\n","protected":false},"author":2556,"featured_media":0,"parent":0,"menu_order":0,"comment_status":"closed","ping_status":"closed","template":"","meta":{"footnotes":""},"class_list":["post-4101","page","type-page","status-publish","hentry"],"_links":{"self":[{"href":"https:\/\/webs.uab.cat\/bees\/wp-json\/wp\/v2\/pages\/4101","targetHints":{"allow":["GET"]}}],"collection":[{"href":"https:\/\/webs.uab.cat\/bees\/wp-json\/wp\/v2\/pages"}],"about":[{"href":"https:\/\/webs.uab.cat\/bees\/wp-json\/wp\/v2\/types\/page"}],"author":[{"embeddable":true,"href":"https:\/\/webs.uab.cat\/bees\/wp-json\/wp\/v2\/users\/2556"}],"replies":[{"embeddable":true,"href":"https:\/\/webs.uab.cat\/bees\/wp-json\/wp\/v2\/comments?post=4101"}],"version-history":[{"count":0,"href":"https:\/\/webs.uab.cat\/bees\/wp-json\/wp\/v2\/pages\/4101\/revisions"}],"wp:attachment":[{"href":"https:\/\/webs.uab.cat\/bees\/wp-json\/wp\/v2\/media?parent=4101"}],"curies":[{"name":"wp","href":"https:\/\/api.w.org\/{rel}","templated":true}]}}