{"id":4104,"date":"2025-05-14T11:42:27","date_gmt":"2025-05-14T09:42:27","guid":{"rendered":"https:\/\/biocampus25.wordpress.com\/?page_id=1013"},"modified":"2025-05-19T12:54:47","modified_gmt":"2025-05-19T10:54:47","slug":"moscarda-azul","status":"publish","type":"page","link":"https:\/\/webs.uab.cat\/bees\/moscarda-azul\/","title":{"rendered":"MOSCARDA AZUL"},"content":{"rendered":"\n<div class=\"wp-block-group is-vertical is-layout-flex wp-container-core-group-is-layout-769d0143 wp-block-group-is-layout-flex\">\n<figure class=\"wp-block-image size-large\"><img decoding=\"async\" src=\"https:\/\/biocampus25.wordpress.com\/wp-content\/uploads\/2025\/04\/calliphora_vicina_110638666.jpg?w=1024\" alt=\"\" class=\"wp-image-1014\" \/><\/figure>\n\n\n\n<p class=\"has-text-align-justify has-small-font-size\">Calliphora vicina. Imagen con copyright CC BY 4.0, creada por Steve Kerr y obtenida de Wikimedia commons en: <a href=\"https:\/\/commons.wikimedia.org\/wiki\/File:Calliphora_vicina_110638666.jpg\">https:\/\/commons.wikimedia.org\/wiki\/File:Calliphora_vicina_110638666.jpg<\/a><\/p>\n<\/div>\n\n\n\n<div style=\"height:10px\" aria-hidden=\"true\" class=\"wp-block-spacer\"><\/div>\n\n\n\n<div class=\"wp-block-columns is-layout-flex wp-container-core-columns-is-layout-9d6595d7 wp-block-columns-is-layout-flex\">\n<div class=\"wp-block-column is-layout-flow wp-block-column-is-layout-flow\">\n<figure class=\"wp-block-table has-alegreya-font-family has-small-font-size\"><table><tbody><tr><td class=\"has-text-align-center\" data-align=\"center\"><strong>Reino<\/strong><\/td><td class=\"has-text-align-center\" data-align=\"center\">Animalia<\/td><\/tr><tr><td class=\"has-text-align-center\" data-align=\"center\"><strong>Filo<\/strong><\/td><td class=\"has-text-align-center\" data-align=\"center\">Arthropoda<\/td><\/tr><tr><td class=\"has-text-align-center\" data-align=\"center\"><strong>Subfilo<\/strong><\/td><td class=\"has-text-align-center\" data-align=\"center\"><a href=\"https:\/\/webs.uab.cat\/bees\/hexapoda\/\" data-type=\"page\" data-id=\"4095\">Hexapoda<\/a><\/td><\/tr><tr><td class=\"has-text-align-center\" data-align=\"center\"><strong>Clase<\/strong><\/td><td class=\"has-text-align-center\" data-align=\"center\">Insecta<\/td><\/tr><tr><td class=\"has-text-align-center\" data-align=\"center\"><strong>Subclase<\/strong><\/td><td class=\"has-text-align-center\" data-align=\"center\">Pterygota<\/td><\/tr><tr><td class=\"has-text-align-center\" data-align=\"center\"><strong>Orden<\/strong><\/td><td class=\"has-text-align-center\" data-align=\"center\"><a href=\"https:\/\/webs.uab.cat\/bees\/diptera\/\" data-type=\"page\" data-id=\"4092\">Diptera<\/a><\/td><\/tr><tr><td class=\"has-text-align-center\" data-align=\"center\"><strong>Suborden<\/strong><\/td><td class=\"has-text-align-center\" data-align=\"center\">Brachycera<\/td><\/tr><tr><td class=\"has-text-align-center\" data-align=\"center\"><strong>Infraorden<\/strong><\/td><td class=\"has-text-align-center\" data-align=\"center\">Cyclorrhapha<\/td><\/tr><tr><td class=\"has-text-align-center\" data-align=\"center\"><strong>Superfamilia<\/strong><\/td><td class=\"has-text-align-center\" data-align=\"center\">Oestroidea<\/td><\/tr><tr><td class=\"has-text-align-center\" data-align=\"center\"><strong>Familia<\/strong><\/td><td class=\"has-text-align-center\" data-align=\"center\"><a href=\"https:\/\/webs.uab.cat\/bees\/calliphoridae\/\" data-type=\"page\" data-id=\"4090\">Calliphoridae<\/a><\/td><\/tr><tr><td class=\"has-text-align-center\" data-align=\"center\"><strong>Subfamilia<\/strong><\/td><td class=\"has-text-align-center\" data-align=\"center\">Calliphorinae<\/td><\/tr><tr><td class=\"has-text-align-center\" data-align=\"center\"><strong>G\u00e9nero<\/strong><\/td><td class=\"has-text-align-center\" data-align=\"center\">Calliphora<\/td><\/tr><tr><td class=\"has-text-align-center\" data-align=\"center\"><strong>Especie<\/strong><\/td><td class=\"has-text-align-center\" data-align=\"center\">C. vicina<\/td><\/tr><\/tbody><\/table><\/figure>\n<\/div>\n\n\n\n<div class=\"wp-block-column is-layout-flow wp-block-column-is-layout-flow\">\n<div class=\"wp-block-group is-vertical is-layout-flex wp-container-core-group-is-layout-769d0143 wp-block-group-is-layout-flex\">\n<p><strong>DESCRIPCI\u00d3N:<\/strong><\/p>\n\n\n\n<p class=\"has-text-align-justify has-alegreya-font-family has-small-font-size\">La moscarda azul es uno de los miembros del g\u00e9nero calliphora de mayor tama\u00f1o, que suele medir unos 6-13mm. Su nombre proviene de la coloraci\u00f3n gris\u00e1cea-azulada, con tonos met\u00e1licos, que se encuentra presente por toda su superficie.<\/p>\n\n\n\n<p class=\"has-text-align-justify has-alegreya-font-family has-small-font-size\">El dimorfismo sexual se basa principalmente en el hecho de que las hembras tienen un tama\u00f1o corporal y unas alas de tama\u00f1o superior al de los machos. Adem\u00e1s, las hembras tienen un olfato muy desarrollado para as\u00ed encontrar un buen lugar donde depositar sus huevos.<\/p>\n\n\n\n<p class=\"has-text-align-justify has-alegreya-font-family has-small-font-size\">Su cabeza es anaranjada y presenta un par de ojos grandes y rojizos, as\u00ed como unas antenas de tres segmentos. En el t\u00f3rax y abdomen presentan una alta concentraci\u00f3n de pelos sensoriales, adem\u00e1s destaca el hecho de que presentan tres l\u00edneas longitudinales oscuras.<\/p>\n<\/div>\n<\/div>\n<\/div>\n\n\n\n<div style=\"height:30px\" aria-hidden=\"true\" class=\"wp-block-spacer\"><\/div>\n\n\n\n<div class=\"wp-block-group is-vertical is-layout-flex wp-container-core-group-is-layout-769d0143 wp-block-group-is-layout-flex\">\n<p><strong>DIETA:<\/strong><\/p>\n\n\n\n<p class=\"has-text-align-justify has-alegreya-font-family has-small-font-size\">Su dieta varia seg\u00fan el estadio vital en el que se encuentran. Por un lado, las larvas se alimentan de materia org\u00e1nica en descomposici\u00f3n, mientras que el adulto es polinizador.<\/p>\n<\/div>\n\n\n\n<div style=\"height:10px\" aria-hidden=\"true\" class=\"wp-block-spacer\"><\/div>\n\n\n\n<div class=\"wp-block-group is-vertical is-layout-flex wp-container-core-group-is-layout-769d0143 wp-block-group-is-layout-flex\">\n<p><strong>ESTRUCTURA SOCIAL Y COMPORTAMIENTO:<\/strong><\/p>\n\n\n\n<p class=\"has-text-align-justify has-alegreya-font-family has-small-font-size\">Esta mosca es generalmente de h\u00e1bitos solitarios y diurnos, pese a que pueden formar peque\u00f1os grupos si hay buena disponibilidad de alimento y suelen buscar zonas sombr\u00edas.<\/p>\n\n\n\n<p class=\"has-text-align-justify has-alegreya-font-family has-small-font-size\">Se encuentran especialmente activos en periodo de verano, momento en el que van en busca de materia org\u00e1nica en descomposici\u00f3n para depositar unos 600 huevos.<\/p>\n\n\n\n<p class=\"has-text-align-justify has-alegreya-font-family has-small-font-size\">Poco despu\u00e9s de la puesta, se abrir\u00e1n estos huevos y dar\u00e1n lugar a unas larvas blanquinosas que se introducen en el cad\u00e1ver. Una vez estas larvas han realizado diversas mudas y han pasado por el estadio de pupa, emerger\u00e1n unos individuos adultos que pasar\u00e1n a vivir entre las plantas. Todo este proceso dura unas 2-3 semanas.<\/p>\n<\/div>\n\n\n<div class=\"wp-block-image\">\n<figure class=\"aligncenter size-large\"><img loading=\"lazy\" decoding=\"async\" width=\"1445\" height=\"122\" src=\"https:\/\/biocampus25.wordpress.com\/wp-content\/uploads\/2025\/04\/captura-de-pantalla-2025-03-27-220716-11.png?w=1024\" alt=\"\" class=\"wp-image-1020\" srcset=\"https:\/\/webs.uab.cat\/bees\/wp-content\/uploads\/sites\/329\/2025\/04\/captura-de-pantalla-2025-03-27-220716-11.png 1445w, https:\/\/webs.uab.cat\/bees\/wp-content\/uploads\/sites\/329\/2025\/04\/captura-de-pantalla-2025-03-27-220716-11-300x25.png 300w, https:\/\/webs.uab.cat\/bees\/wp-content\/uploads\/sites\/329\/2025\/04\/captura-de-pantalla-2025-03-27-220716-11-1024x86.png 1024w, https:\/\/webs.uab.cat\/bees\/wp-content\/uploads\/sites\/329\/2025\/04\/captura-de-pantalla-2025-03-27-220716-11-768x65.png 768w, https:\/\/webs.uab.cat\/bees\/wp-content\/uploads\/sites\/329\/2025\/04\/captura-de-pantalla-2025-03-27-220716-11-1200x101.png 1200w\" sizes=\"auto, (max-width: 1445px) 100vw, 1445px\" \/><\/figure>\n<\/div>\n\n\n<div style=\"height:10px\" aria-hidden=\"true\" class=\"wp-block-spacer\"><\/div>\n\n\n\n<div class=\"wp-block-group is-vertical is-layout-flex wp-container-core-group-is-layout-769d0143 wp-block-group-is-layout-flex\">\n<p><strong>HABITAT Y ZONA DE DISTRIBUCI\u00d3N:<\/strong><\/p>\n\n\n\n<p class=\"has-text-align-justify has-alegreya-font-family has-small-font-size\">Esta especie se encuentra ampliamente distribuida por toda Europa, Estados Unidos, el sur de Sudam\u00e9rica y la zona este de Ocean\u00eda (Australia y Nueva Zelanda).<\/p>\n\n\n\n<p class=\"has-text-align-justify has-alegreya-font-family has-small-font-size\">Podemos encontrarlos viviendo habitualmente en zonas urbanas, regi\u00f3n en la que pueden pasar al interior de las viviendas o quedarse en los parques urbanos.<\/p>\n<\/div>\n\n\n\n<div class=\"wp-block-group is-vertical is-layout-flex wp-container-core-group-is-layout-769d0143 wp-block-group-is-layout-flex\">\n<figure class=\"wp-block-image size-large\"><img loading=\"lazy\" decoding=\"async\" width=\"1061\" height=\"532\" src=\"https:\/\/biocampus25.wordpress.com\/wp-content\/uploads\/2025\/04\/captura-de-pantalla-2025-04-17-175310.png?w=1024\" alt=\"\" class=\"wp-image-1022\" srcset=\"https:\/\/webs.uab.cat\/bees\/wp-content\/uploads\/sites\/329\/2025\/04\/captura-de-pantalla-2025-04-17-175310.png 1061w, https:\/\/webs.uab.cat\/bees\/wp-content\/uploads\/sites\/329\/2025\/04\/captura-de-pantalla-2025-04-17-175310-300x150.png 300w, https:\/\/webs.uab.cat\/bees\/wp-content\/uploads\/sites\/329\/2025\/04\/captura-de-pantalla-2025-04-17-175310-1024x513.png 1024w, https:\/\/webs.uab.cat\/bees\/wp-content\/uploads\/sites\/329\/2025\/04\/captura-de-pantalla-2025-04-17-175310-768x385.png 768w\" sizes=\"auto, (max-width: 1061px) 100vw, 1061px\" \/><\/figure>\n\n\n\n<p class=\"has-text-align-justify has-small-font-size\">Mapa de distribuci\u00f3n de Calliphora vicina. Imagen obtenida de Gbif en: <a href=\"https:\/\/www.gbif.org\/es\/species\/1502577\">https:\/\/www.gbif.org\/es\/species\/1502577<\/a><\/p>\n<\/div>\n\n\n\n<div style=\"height:10px\" aria-hidden=\"true\" class=\"wp-block-spacer\"><\/div>\n\n\n\n<div class=\"wp-block-group is-vertical is-layout-flex wp-container-core-group-is-layout-769d0143 wp-block-group-is-layout-flex\">\n<p><strong>ESTADO DE CONSERVACI\u00d3N:<\/strong><\/p>\n\n\n\n<p class=\"has-text-align-justify has-alegreya-font-family has-small-font-size\">No existen datos espec\u00edficos de su estado de conservaci\u00f3n, pero deben encontrarse en buen estado debido a su amplia distribuci\u00f3n geogr\u00e1fica.<\/p>\n<\/div>\n\n\n<div class=\"wp-block-image\">\n<figure class=\"aligncenter size-large is-resized\"><img loading=\"lazy\" decoding=\"async\" width=\"582\" height=\"167\" src=\"https:\/\/biocampus25.wordpress.com\/wp-content\/uploads\/2025\/04\/captura_de_pantalla_2025-04-16_221652-removebg-preview-2.png?w=582\" alt=\"\" class=\"wp-image-1025\" style=\"width:620px;height:auto\" srcset=\"https:\/\/webs.uab.cat\/bees\/wp-content\/uploads\/sites\/329\/2025\/04\/captura_de_pantalla_2025-04-16_221652-removebg-preview-2.png 582w, https:\/\/webs.uab.cat\/bees\/wp-content\/uploads\/sites\/329\/2025\/04\/captura_de_pantalla_2025-04-16_221652-removebg-preview-2-300x86.png 300w\" sizes=\"auto, (max-width: 582px) 100vw, 582px\" \/><\/figure>\n<\/div>\n\n\n<div style=\"height:30px\" aria-hidden=\"true\" class=\"wp-block-spacer\"><\/div>\n\n\n\n<p><strong>REFERENCIAS:<\/strong><\/p>\n\n\n\n<p class=\"has-text-align-justify has-small-font-size\"><em>Moscarda azul (Calliphora vicina)<\/em>. (n.d.). ArgentiNat. Retrieved February 15, 2025, from&nbsp;&nbsp;&nbsp;&nbsp;&nbsp;&nbsp;&nbsp; <a href=\"https:\/\/www.argentinat.org\/taxa\/119115-Calliphora-vicina\">https:\/\/www.argentinat.org\/taxa\/119115-Calliphora-vicina<\/a><\/p>\n\n\n\n<p class=\"has-text-align-justify has-small-font-size\">De desinsectador, V. T. las E. (2012, October 11).&nbsp;<em>Moscarda azul Calliphora vicina (Diptera, Calliphoridae)<\/em>. El desinsectador y desratizador. <a href=\"https:\/\/desinsectador.com\/2012\/10\/11\/moscarda-azul-calliphora-vicina-diptera-calliphoridae\/\">https:\/\/desinsectador.com\/2012\/10\/11\/moscarda-azul-calliphora-vicina-diptera-calliphoridae\/<\/a><\/p>\n\n\n\n<p class=\"has-text-align-justify has-small-font-size\"><em>Calliphora vicina<\/em>. (n.d.). Animal Diversity Web. Retrieved February 15, 2025, from <a href=\"https:\/\/animaldiversity.org\/accounts\/Calliphora_vicina\/\">https:\/\/animaldiversity.org\/accounts\/Calliphora_vicina\/<\/a><\/p>\n","protected":false},"excerpt":{"rendered":"<p>Calliphora vicina. Imagen con copyright CC BY 4.0, creada por Steve Kerr y obtenida de Wikimedia commons en: https:\/\/commons.wikimedia.org\/wiki\/File:Calliphora_vicina_110638666.jpg Reino Animalia Filo Arthropoda Subfilo Hexapoda Clase Insecta Subclase Pterygota Orden Diptera Suborden Brachycera Infraorden Cyclorrhapha Superfamilia Oestroidea Familia Calliphoridae Subfamilia Calliphorinae G\u00e9nero Calliphora Especie C. vicina DESCRIPCI\u00d3N: La moscarda azul es uno de los miembros [&hellip;]<\/p>\n","protected":false},"author":2556,"featured_media":0,"parent":0,"menu_order":0,"comment_status":"closed","ping_status":"closed","template":"","meta":{"footnotes":""},"class_list":["post-4104","page","type-page","status-publish","hentry"],"_links":{"self":[{"href":"https:\/\/webs.uab.cat\/bees\/wp-json\/wp\/v2\/pages\/4104","targetHints":{"allow":["GET"]}}],"collection":[{"href":"https:\/\/webs.uab.cat\/bees\/wp-json\/wp\/v2\/pages"}],"about":[{"href":"https:\/\/webs.uab.cat\/bees\/wp-json\/wp\/v2\/types\/page"}],"author":[{"embeddable":true,"href":"https:\/\/webs.uab.cat\/bees\/wp-json\/wp\/v2\/users\/2556"}],"replies":[{"embeddable":true,"href":"https:\/\/webs.uab.cat\/bees\/wp-json\/wp\/v2\/comments?post=4104"}],"version-history":[{"count":1,"href":"https:\/\/webs.uab.cat\/bees\/wp-json\/wp\/v2\/pages\/4104\/revisions"}],"predecessor-version":[{"id":4252,"href":"https:\/\/webs.uab.cat\/bees\/wp-json\/wp\/v2\/pages\/4104\/revisions\/4252"}],"wp:attachment":[{"href":"https:\/\/webs.uab.cat\/bees\/wp-json\/wp\/v2\/media?parent=4104"}],"curies":[{"name":"wp","href":"https:\/\/api.w.org\/{rel}","templated":true}]}}