{"id":4105,"date":"2025-05-14T11:43:38","date_gmt":"2025-05-14T09:43:38","guid":{"rendered":"https:\/\/biocampus25.wordpress.com\/?page_id=558"},"modified":"2025-05-19T13:38:05","modified_gmt":"2025-05-19T11:38:05","slug":"salamanquesa-comun","status":"publish","type":"page","link":"https:\/\/webs.uab.cat\/bees\/salamanquesa-comun\/","title":{"rendered":"SALAMANQUESA COM\u00daN"},"content":{"rendered":"<div class=\"wp-block-image\">\n<figure class=\"aligncenter size-large\"><img decoding=\"async\" src=\"https:\/\/biocampus25.wordpress.com\/wp-content\/uploads\/2025\/04\/gecko-edited.jpg\" alt=\"\" class=\"wp-image-561\" \/><\/figure>\n<\/div>\n\n\n<div style=\"height:10px\" aria-hidden=\"true\" class=\"wp-block-spacer\"><\/div>\n\n\n\n<div class=\"wp-block-columns is-layout-flex wp-container-core-columns-is-layout-9d6595d7 wp-block-columns-is-layout-flex\">\n<div class=\"wp-block-column is-layout-flow wp-block-column-is-layout-flow\">\n<figure class=\"wp-block-table has-alegreya-font-family has-small-font-size\"><table><tbody><tr><td class=\"has-text-align-center\" data-align=\"center\"><strong>Reino<\/strong><\/td><td class=\"has-text-align-center\" data-align=\"center\">Animalia<\/td><\/tr><tr><td class=\"has-text-align-center\" data-align=\"center\"><strong>Filo<\/strong><\/td><td class=\"has-text-align-center\" data-align=\"center\">Chordata<\/td><\/tr><tr><td class=\"has-text-align-center\" data-align=\"center\"><strong>Subfilo<\/strong><\/td><td class=\"has-text-align-center\" data-align=\"center\"><a href=\"https:\/\/webs.uab.cat\/bees\/vertebrados\/\" data-type=\"page\" data-id=\"43\">Vertebrata<\/a><\/td><\/tr><tr><td class=\"has-text-align-center\" data-align=\"center\"><strong>Clase<\/strong><\/td><td class=\"has-text-align-center\" data-align=\"center\"><a href=\"https:\/\/webs.uab.cat\/bees\/reptiles\/\" data-type=\"page\" data-id=\"727\">Reptilia<\/a><\/td><\/tr><tr><td class=\"has-text-align-center\" data-align=\"center\"><strong>Orden<\/strong><\/td><td class=\"has-text-align-center\" data-align=\"center\">Squamata<\/td><\/tr><tr><td class=\"has-text-align-center\" data-align=\"center\"><strong>Suborden<\/strong><\/td><td class=\"has-text-align-center\" data-align=\"center\">Sauria<\/td><\/tr><tr><td class=\"has-text-align-center\" data-align=\"center\"><strong>Infraorden<\/strong><\/td><td class=\"has-text-align-center\" data-align=\"center\">Gekkota<\/td><\/tr><tr><td class=\"has-text-align-center\" data-align=\"center\"><strong>Familia<\/strong><\/td><td class=\"has-text-align-center\" data-align=\"center\">Phyllodactylidae<\/td><\/tr><tr><td class=\"has-text-align-center\" data-align=\"center\"><strong>G\u00e9nero<\/strong><\/td><td class=\"has-text-align-center\" data-align=\"center\">Tarentola<\/td><\/tr><tr><td class=\"has-text-align-center\" data-align=\"center\"><strong>Especie<\/strong><\/td><td class=\"has-text-align-center\" data-align=\"center\">T. mauritanica<\/td><\/tr><\/tbody><\/table><\/figure>\n<\/div>\n\n\n\n<div class=\"wp-block-column is-layout-flow wp-block-column-is-layout-flow\">\n<div class=\"wp-block-group is-vertical is-layout-flex wp-container-core-group-is-layout-769d0143 wp-block-group-is-layout-flex\">\n<p><strong>DESCRIPCI\u00d3N:<\/strong><\/p>\n\n\n\n<p class=\"has-text-align-justify has-alegreya-font-family has-small-font-size\">La salamanquesa com\u00fan es un reptil de reducido tama\u00f1o, que suele medir unos 86mm entre la cabeza y el cuerpo, pero que puede llegar a alcanzar los 190mm contando la cola. Esto hace que pesen aproximadamente 8-15 gramos.<\/p>\n\n\n\n<p class=\"has-text-align-justify has-alegreya-font-family has-small-font-size\">Generalmente son de color gris o pardo en la parte dorsal y colores m\u00e1s blanquecinos o amarillentos en la parte ventral. Adem\u00e1s, presentan unas 4-5 bandas transversales de tonos m\u00e1s oscuros. Su tonalidad de la piel puede variar ligeramente a lo largo del d\u00eda, de manera que durante el d\u00eda es m\u00e1s oscuro que por la noche.<\/p>\n\n\n\n<p class=\"has-text-align-justify has-alegreya-font-family has-small-font-size\">Su dimorfismo sexual se basa en que el macho es de mayor tama\u00f1o y es m\u00e1s robusto. De la hembra destaca el hecho de que su primera, segunda y quinta u\u00f1as son retractiles.<\/p>\n\n\n\n<p class=\"has-text-align-justify has-alegreya-font-family has-small-font-size\">Su cuerpo est\u00e1 ligeramente aplanado y presenta una cabeza ancha, con ojos circulares y pupilas verticales. Sus dedos tambi\u00e9n son anchos y cuentan con unas peque\u00f1as ventosas para adherirse al substrato.<\/p>\n<\/div>\n<\/div>\n<\/div>\n\n\n\n<div style=\"height:10px\" aria-hidden=\"true\" class=\"wp-block-spacer\"><\/div>\n\n\n\n<div class=\"wp-block-group is-vertical is-layout-flex wp-container-core-group-is-layout-769d0143 wp-block-group-is-layout-flex\">\n<p><strong>DIETA:<\/strong><\/p>\n\n\n\n<p class=\"has-text-align-justify has-alegreya-font-family has-small-font-size\">Su dieta es bastante variada, pero suele preferir la ingesta de numerosos grupos distintos de invertebrados (sobre todo ingiere hex\u00e1podos).<\/p>\n<\/div>\n\n\n\n<div style=\"height:10px\" aria-hidden=\"true\" class=\"wp-block-spacer\"><\/div>\n\n\n\n<div class=\"wp-block-group is-vertical is-layout-flex wp-container-core-group-is-layout-769d0143 wp-block-group-is-layout-flex\">\n<p><strong>ESTRUCTURA SOCIAL Y COMPORTAMIENTO:<\/strong><\/p>\n\n\n\n<p class=\"has-text-align-justify has-alegreya-font-family has-small-font-size\">Los individuos que conforman esta especie suelen ser tolerantes ante la presencia de otros individuos, incluso pueden llegar a hibernar juntos, pero en \u00e9poca reproductiva se vuelven agresivos. Cabe destacar que son capaces de emitir chillidos con los que se pueden comunicar entre si, sobre todo a la noche.<\/p>\n\n\n\n<p class=\"has-text-align-justify has-alegreya-font-family has-small-font-size\">Habitualmente se encuentran activos en horario nocturno, pero tambi\u00e9n pueden actuar durante el d\u00eda (sobre todo en las primeras horas del d\u00eda). Adem\u00e1s, depende la regi\u00f3n que habiten, est\u00e1n activas todo el a\u00f1o o pueden hibernar entre octubre y finales de febrero.<\/p>\n\n\n\n<p class=\"has-text-align-justify has-alegreya-font-family has-small-font-size\">El periodo reproductivo suele ocurrir entre la primavera y principios de verano, proceso que ocasiona la generaci\u00f3n de 1-2 huevos que se esconden bajo piedras, madera o incluso se puede enterrar. Muchas veces un grupo de hembras ponen los huevos en el mismo lugar y los protegen de manera conjunta.<\/p>\n\n\n\n<p class=\"has-text-align-justify has-alegreya-font-family has-small-font-size\">Para que estos huevos eclosionen es necesario que sean incubados entre 44 y 75 d\u00edas, esta gran variancia depende de cu\u00e1l sea la temperatura del ambiente en el que viven. Una misma hembra es capaz de generar dos puestas en un solo a\u00f1o.<\/p>\n<\/div>\n\n\n<div class=\"wp-block-image\">\n<figure class=\"aligncenter size-large\"><img decoding=\"async\" src=\"https:\/\/biocampus25.wordpress.com\/wp-content\/uploads\/2025\/04\/captura-de-pantalla-2025-04-15-183758.png?w=929\" alt=\"\" class=\"wp-image-567\" \/><\/figure>\n<\/div>\n\n\n<div style=\"height:10px\" aria-hidden=\"true\" class=\"wp-block-spacer\"><\/div>\n\n\n\n<div class=\"wp-block-group is-vertical is-layout-flex wp-container-core-group-is-layout-769d0143 wp-block-group-is-layout-flex\">\n<p><strong>HABITAT Y ZONA DE DISTRIBUCI\u00d3N:<\/strong><\/p>\n\n\n\n<p class=\"has-text-align-justify has-alegreya-font-family has-small-font-size\">Este reptil se encuentra ampliamente distribuido por buena parte del Mediterr\u00e1neo occidental, as\u00ed como el norte de \u00c1frica y en lugares puntuales de Am\u00e9rica.<\/p>\n\n\n\n<p class=\"has-text-align-justify has-alegreya-font-family has-small-font-size\">Solemos encontrarlos en bosques abiertos o cerca de arboles y arbustos no muy densos, as\u00ed como en zonas urbanas. Su principal requerimiento es que las temperaturas no sean muy bajas y haya buena insolaci\u00f3n.<\/p>\n<\/div>\n\n\n\n<div class=\"wp-block-group is-vertical is-layout-flex wp-container-core-group-is-layout-769d0143 wp-block-group-is-layout-flex\">\n<figure class=\"wp-block-image size-large\"><img decoding=\"async\" src=\"https:\/\/biocampus25.wordpress.com\/wp-content\/uploads\/2025\/04\/captura-de-pantalla-2025-04-15-184035.png?w=1024\" alt=\"\" class=\"wp-image-570\" \/><\/figure>\n\n\n\n<p class=\"has-text-align-justify has-small-font-size\">Mapa de distribuci\u00f3n de Tarentola mauritanica. Imagen obtenida de Gbif en: <a href=\"https:\/\/www.gbif.org\/es\/species\/2445034\">https:\/\/www.gbif.org\/es\/species\/2445034<\/a><\/p>\n<\/div>\n\n\n\n<div style=\"height:10px\" aria-hidden=\"true\" class=\"wp-block-spacer\"><\/div>\n\n\n\n<div class=\"wp-block-group is-vertical is-layout-flex wp-container-core-group-is-layout-769d0143 wp-block-group-is-layout-flex\">\n<p><strong>ESTADO DE CONSERVACI\u00d3N:<\/strong><\/p>\n\n\n\n<p class=\"has-text-align-justify has-alegreya-font-family has-small-font-size\">Esta especie est\u00e1 considerada de preocupaci\u00f3n menor en la web de la IUCN.<\/p>\n<\/div>\n\n\n<div class=\"wp-block-image\">\n<figure class=\"aligncenter size-large\"><img loading=\"lazy\" decoding=\"async\" width=\"797\" height=\"222\" src=\"https:\/\/biocampus25.wordpress.com\/wp-content\/uploads\/2025\/04\/captura_de_pantalla_2025-03-27_213157-removebg-preview-17.png?w=797\" alt=\"\" class=\"wp-image-573\" srcset=\"https:\/\/webs.uab.cat\/bees\/wp-content\/uploads\/sites\/329\/2025\/04\/captura_de_pantalla_2025-03-27_213157-removebg-preview-17.png 797w, https:\/\/webs.uab.cat\/bees\/wp-content\/uploads\/sites\/329\/2025\/04\/captura_de_pantalla_2025-03-27_213157-removebg-preview-17-300x84.png 300w, https:\/\/webs.uab.cat\/bees\/wp-content\/uploads\/sites\/329\/2025\/04\/captura_de_pantalla_2025-03-27_213157-removebg-preview-17-768x214.png 768w\" sizes=\"auto, (max-width: 797px) 100vw, 797px\" \/><\/figure>\n<\/div>\n\n\n<div style=\"height:30px\" aria-hidden=\"true\" class=\"wp-block-spacer\"><\/div>\n\n\n\n<p><strong>REFERENCIAS:<\/strong><\/p>\n\n\n\n<p class=\"has-text-align-justify has-small-font-size\"><em>Salamanquesa Com\u00fan (Tarentola mauritanica)<\/em>. (n.d.). ArgentiNat. Retrieved February 11, 2025, from <a href=\"https:\/\/www.argentinat.org\/taxa\/33602-Tarentola-mauritanica\">https:\/\/www.argentinat.org\/taxa\/33602-Tarentola-mauritanica<\/a><\/p>\n\n\n\n<p class=\"has-text-align-justify has-small-font-size\">Salvador, A. (2016). Salamanquesa com\u00fan &#8211;&nbsp;<em>Tarentola mauritanica<\/em>. En:&nbsp;<em>Enciclopedia Virtual de los Vertebrados Espa\u00f1oles<\/em>. Salvador, A., Marco, A. (Eds.). Museo Nacional de Ciencias Naturales, Madrid. <a href=\"http:\/\/www.vertebradosibericos.org\/\">http:\/\/www.vertebradosibericos.org\/<\/a><\/p>\n\n\n\n<p class=\"has-text-align-justify has-small-font-size\">Valderrey, J. L. M. (2012, October 2).&nbsp;<em>Tarentola mauritanica (Linnaeus, 1758)<\/em>. Naturaleza y turismo. <a href=\"https:\/\/www.asturnatura.com\/especie\/tarentola-mauritanica\">https:\/\/www.asturnatura.com\/especie\/tarentola-mauritanica<\/a><\/p>\n\n\n\n<p class=\"has-text-align-justify has-small-font-size\">Blasco-Zumeta, Javier (n.d.). 090 Tarentola mauritanica (Squamata, Gekkonidae). Fauna de Pina de Ebro y su comarca. Retrieved February 11, 2025, from <a href=\"https:\/\/monteriza.aranzadi.eus\/wp-content\/uploads\/reptiles\/090.tarentola-mauritanica.pdf\">https:\/\/monteriza.aranzadi.eus\/wp-content\/uploads\/reptiles\/090.tarentola-mauritanica.pdf<\/a><\/p>\n\n\n\n<p class=\"has-text-align-justify has-small-font-size\">El Din (SRLI &amp; Global Reptile Assessment), S. B., di Zoologia \u201cLa Specola\u201d Italy), C. C. (museo di S. N. D. di F. S., Assessment), V. P. M. (srli, Slovenia), M. V. (dppvn, &amp; Mart\u00ednez-Solano, I. (2014). IUCN Red List of Threatened Species: Tarentola mauritanica.&nbsp;<em>IUCN Red List of Threatened Species<\/em>. <a href=\"https:\/\/www.iucnredlist.org\/species\/61578\/63716927\">https:\/\/www.iucnredlist.org\/species\/61578\/63716927<\/a><\/p>\n","protected":false},"excerpt":{"rendered":"<p>Reino Animalia Filo Chordata Subfilo Vertebrata Clase Reptilia Orden Squamata Suborden Sauria Infraorden Gekkota Familia Phyllodactylidae G\u00e9nero Tarentola Especie T. mauritanica DESCRIPCI\u00d3N: La salamanquesa com\u00fan es un reptil de reducido tama\u00f1o, que suele medir unos 86mm entre la cabeza y el cuerpo, pero que puede llegar a alcanzar los 190mm contando la cola. Esto hace [&hellip;]<\/p>\n","protected":false},"author":2556,"featured_media":0,"parent":0,"menu_order":0,"comment_status":"closed","ping_status":"closed","template":"","meta":{"footnotes":""},"class_list":["post-4105","page","type-page","status-publish","hentry"],"_links":{"self":[{"href":"https:\/\/webs.uab.cat\/bees\/wp-json\/wp\/v2\/pages\/4105","targetHints":{"allow":["GET"]}}],"collection":[{"href":"https:\/\/webs.uab.cat\/bees\/wp-json\/wp\/v2\/pages"}],"about":[{"href":"https:\/\/webs.uab.cat\/bees\/wp-json\/wp\/v2\/types\/page"}],"author":[{"embeddable":true,"href":"https:\/\/webs.uab.cat\/bees\/wp-json\/wp\/v2\/users\/2556"}],"replies":[{"embeddable":true,"href":"https:\/\/webs.uab.cat\/bees\/wp-json\/wp\/v2\/comments?post=4105"}],"version-history":[{"count":1,"href":"https:\/\/webs.uab.cat\/bees\/wp-json\/wp\/v2\/pages\/4105\/revisions"}],"predecessor-version":[{"id":4286,"href":"https:\/\/webs.uab.cat\/bees\/wp-json\/wp\/v2\/pages\/4105\/revisions\/4286"}],"wp:attachment":[{"href":"https:\/\/webs.uab.cat\/bees\/wp-json\/wp\/v2\/media?parent=4105"}],"curies":[{"name":"wp","href":"https:\/\/api.w.org\/{rel}","templated":true}]}}