{"id":4107,"date":"2025-05-14T11:43:39","date_gmt":"2025-05-14T09:43:39","guid":{"rendered":"https:\/\/biocampus25.wordpress.com\/?page_id=615"},"modified":"2025-05-19T13:39:09","modified_gmt":"2025-05-19T11:39:09","slug":"sapillo-pintojo-mediterraneo","status":"publish","type":"page","link":"https:\/\/webs.uab.cat\/bees\/sapillo-pintojo-mediterraneo\/","title":{"rendered":"SAPILLO PINTOJO MEDITERR\u00c1NEO"},"content":{"rendered":"\n<div class=\"wp-block-group is-vertical is-layout-flex wp-container-core-group-is-layout-769d0143 wp-block-group-is-layout-flex\">\n<figure class=\"wp-block-image size-large\"><img decoding=\"async\" src=\"https:\/\/biocampus25.wordpress.com\/wp-content\/uploads\/2025\/04\/discoglossus_pictus_4.jpg?w=1024\" alt=\"\" class=\"wp-image-616\" \/><\/figure>\n\n\n\n<p class=\"has-text-align-justify has-small-font-size\">Discoglossus pictus. Imagen con copyright CC BY 3.0, creada por Kogia y obtenida de Wikimedia commons en: <a href=\"https:\/\/commons.wikimedia.org\/wiki\/File:Discoglossus_pictus_(4).jpg\">https:\/\/commons.wikimedia.org\/wiki\/File:Discoglossus_pictus_(4).jpg<\/a><\/p>\n<\/div>\n\n\n\n<div style=\"height:10px\" aria-hidden=\"true\" class=\"wp-block-spacer\"><\/div>\n\n\n\n<div class=\"wp-block-columns is-layout-flex wp-container-core-columns-is-layout-9d6595d7 wp-block-columns-is-layout-flex\">\n<div class=\"wp-block-column is-layout-flow wp-block-column-is-layout-flow\">\n<figure class=\"wp-block-table has-alegreya-font-family has-small-font-size\"><table><tbody><tr><td class=\"has-text-align-center\" data-align=\"center\"><strong>Reino<\/strong><\/td><td class=\"has-text-align-center\" data-align=\"center\">Animalia<\/td><\/tr><tr><td class=\"has-text-align-center\" data-align=\"center\"><strong>Filo<\/strong><\/td><td class=\"has-text-align-center\" data-align=\"center\">Chordata<\/td><\/tr><tr><td class=\"has-text-align-center\" data-align=\"center\"><strong>Subfilo<\/strong><\/td><td class=\"has-text-align-center\" data-align=\"center\"><a href=\"https:\/\/webs.uab.cat\/bees\/vertebrados\/\" data-type=\"page\" data-id=\"43\">Vertebrata<\/a><\/td><\/tr><tr><td class=\"has-text-align-center\" data-align=\"center\"><strong>Clase<\/strong><\/td><td class=\"has-text-align-center\" data-align=\"center\"><a href=\"https:\/\/webs.uab.cat\/bees\/anfibios\/\" data-type=\"page\" data-id=\"4086\">Amphibia<\/a><\/td><\/tr><tr><td class=\"has-text-align-center\" data-align=\"center\"><strong>Orden<\/strong><\/td><td class=\"has-text-align-center\" data-align=\"center\">Anura<\/td><\/tr><tr><td class=\"has-text-align-center\" data-align=\"center\"><strong>Familia<\/strong><\/td><td class=\"has-text-align-center\" data-align=\"center\">Alytidae<\/td><\/tr><tr><td class=\"has-text-align-center\" data-align=\"center\"><strong>G\u00e9nero<\/strong><\/td><td class=\"has-text-align-center\" data-align=\"center\">Discoglossus<\/td><\/tr><tr><td class=\"has-text-align-center\" data-align=\"center\"><strong>Especie<\/strong><\/td><td class=\"has-text-align-center\" data-align=\"center\">D. pictus<\/td><\/tr><\/tbody><\/table><\/figure>\n<\/div>\n\n\n\n<div class=\"wp-block-column is-layout-flow wp-block-column-is-layout-flow\">\n<div class=\"wp-block-group is-vertical is-layout-flex wp-container-core-group-is-layout-769d0143 wp-block-group-is-layout-flex\">\n<p><strong>DESCRIPCI\u00d3N:<\/strong><\/p>\n\n\n\n<p class=\"has-text-align-justify has-alegreya-font-family has-small-font-size\">El sapillo pintojo mediterr\u00e1neo es un anfibio de tama\u00f1o mediano, que suele medir entre 3 y 6cm entre la zona del hocico y la cloaca. Esto hace que su peso ronde los 20-50 gramos.<\/p>\n\n\n\n<p class=\"has-text-align-justify has-alegreya-font-family has-small-font-size\">Son blanquinoso o amarillentos en la parte ventral, mientras que la coloraci\u00f3n es bastante variada (puede ser marr\u00f3n, gris, rojizo\u2026). Tambi\u00e9n destaca el hecho de que pueda presentar un patr\u00f3n de manchas grandes y oscuras o unas l\u00edneas gruesas a lo largo de su superficie.<\/p>\n\n\n\n<p class=\"has-text-align-justify has-alegreya-font-family has-small-font-size\">Su cabeza es grande y presenta un hocico puntiagudo y un par de ojos grandes, con las pupilas circulares. En esta presentan una boca \u00ednfera, que contiene una lengua poco articulada y un conjunto de dientes que se agrupan en una serie.<\/p>\n\n\n\n<p class=\"has-text-align-justify has-alegreya-font-family has-small-font-size\">Sus patas anteriores son bastante cortas, mientras que las posteriores son m\u00e1s largas y le permiten saltar (aunque no es su principal m\u00e9todo de locomoci\u00f3n). Destaca la presencia de membranas interdigitales muy desarrolladas en las patas posteriores.<\/p>\n<\/div>\n<\/div>\n<\/div>\n\n\n\n<div style=\"height:10px\" aria-hidden=\"true\" class=\"wp-block-spacer\"><\/div>\n\n\n\n<div class=\"wp-block-group is-vertical is-layout-flex wp-container-core-group-is-layout-769d0143 wp-block-group-is-layout-flex\">\n<p><strong>DIETA:<\/strong><\/p>\n\n\n\n<p class=\"has-text-align-justify has-alegreya-font-family has-small-font-size\">Su dieta es carn\u00edvora y se basa en la caza de diversos artr\u00f3podos, entre los que destacan los himen\u00f3pteros y d\u00edpteros. Adem\u00e1s, los individuos adultos pueden practicar el canibalismo con los juveniles.<\/p>\n<\/div>\n\n\n\n<div style=\"height:10px\" aria-hidden=\"true\" class=\"wp-block-spacer\"><\/div>\n\n\n\n<div class=\"wp-block-group is-vertical is-layout-flex wp-container-core-group-is-layout-769d0143 wp-block-group-is-layout-flex\">\n<p><strong>ESTRUCTURA SOCIAL Y COMPORTAMIENTO:<\/strong><\/p>\n\n\n\n<p class=\"has-text-align-justify has-alegreya-font-family has-small-font-size\">De manera natural pueden encontrarse viviendo de forma solitaria o formando grupos de reducido tama\u00f1o. Aun as\u00ed, en periodo reproductivo se vuelven solitarios y muy territoriales y agresivos.<\/p>\n\n\n\n<p class=\"has-text-align-justify has-alegreya-font-family has-small-font-size\">Aunque puedan estar activos durante el d\u00eda, suelen actuar en horario crepuscular o las primeras horas de la noche. Se encuentran especialmente activos si la humedad es superior al 40% y la temperatura se encuentra por encima de los 9\u00baC.<\/p>\n\n\n\n<p class=\"has-text-align-justify has-alegreya-font-family has-small-font-size\">Su periodo reproductivo se inicia con unas condiciones ambientales bien h\u00famedas, lo cual suele ocurrir entre invierno y primavera. En esta \u00e9poca los machos emiten unos sonidos fuertes con los que pretenden competir con otros machos y atraer hembras, las cuales depositan entre 20-50 huevos. Cabe destacar que estos son fecundados inmediatamente por el macho y pueden llegar a expulsar diversos paquetes de huevos para que sean fecundados por m\u00e1s de un macho.<\/p>\n<\/div>\n\n\n<div class=\"wp-block-image\">\n<figure class=\"aligncenter size-large\"><img decoding=\"async\" src=\"https:\/\/biocampus25.wordpress.com\/wp-content\/uploads\/2025\/04\/captura-de-pantalla-2025-04-15-215730-2.png?w=1024\" alt=\"\" class=\"wp-image-623\" \/><\/figure>\n<\/div>\n\n\n<div style=\"height:10px\" aria-hidden=\"true\" class=\"wp-block-spacer\"><\/div>\n\n\n\n<div class=\"wp-block-group is-vertical is-layout-flex wp-container-core-group-is-layout-769d0143 wp-block-group-is-layout-flex\">\n<p><strong>HABITAT Y ZONA DE DISTRIBUCI\u00d3N:<\/strong><\/p>\n\n\n\n<p class=\"has-text-align-justify has-alegreya-font-family has-small-font-size\">Esta especie se encuentra distribuida por el norte de \u00c1frica, el sud de Francia y buena parte de la mitad norte de la Pen\u00ednsula Ib\u00e9rica.<\/p>\n\n\n\n<p class=\"has-text-align-justify has-alegreya-font-family has-small-font-size\">Suele habitar zonas pr\u00f3ximas a agua dulce, siempre que esta sea de poca profundidad y tenga substrato herb\u00e1ceo. Podemos encontrarlos en bosques de ribera, campos de cultivo, prados encharcados etc.<\/p>\n<\/div>\n\n\n\n<div class=\"wp-block-group is-vertical is-layout-flex wp-container-core-group-is-layout-769d0143 wp-block-group-is-layout-flex\">\n<figure class=\"wp-block-image size-large\"><img loading=\"lazy\" decoding=\"async\" width=\"676\" height=\"332\" src=\"https:\/\/biocampus25.wordpress.com\/wp-content\/uploads\/2025\/04\/captura-de-pantalla-2025-04-15-224750.png?w=676\" alt=\"\" class=\"wp-image-625\" srcset=\"https:\/\/webs.uab.cat\/bees\/wp-content\/uploads\/sites\/329\/2025\/04\/captura-de-pantalla-2025-04-15-224750.png 676w, https:\/\/webs.uab.cat\/bees\/wp-content\/uploads\/sites\/329\/2025\/04\/captura-de-pantalla-2025-04-15-224750-300x147.png 300w\" sizes=\"auto, (max-width: 676px) 100vw, 676px\" \/><\/figure>\n\n\n\n<p class=\"has-text-align-justify has-small-font-size\">Mapa de distribuci\u00f3n de Discoglossus pictus. Imagen obtenida de Gbif en: <a href=\"https:\/\/www.gbif.org\/es\/species\/2426617\">https:\/\/www.gbif.org\/es\/species\/2426617<\/a><\/p>\n<\/div>\n\n\n\n<div style=\"height:10px\" aria-hidden=\"true\" class=\"wp-block-spacer\"><\/div>\n\n\n\n<div class=\"wp-block-group is-vertical is-layout-flex wp-container-core-group-is-layout-769d0143 wp-block-group-is-layout-flex\">\n<p><strong>ESTADO DE CONSERVACI\u00d3N:<\/strong><\/p>\n\n\n\n<p class=\"has-text-align-justify has-alegreya-font-family has-small-font-size\">Esta especie est\u00e1 considerada de preocupaci\u00f3n menor en la IUCN.<\/p>\n<\/div>\n\n\n<div class=\"wp-block-image\">\n<figure class=\"aligncenter size-large\"><img decoding=\"async\" src=\"https:\/\/biocampus25.wordpress.com\/wp-content\/uploads\/2025\/04\/captura_de_pantalla_2025-03-27_213157-removebg-preview-20.png?w=797\" alt=\"\" class=\"wp-image-629\" \/><\/figure>\n<\/div>\n\n\n<div style=\"height:30px\" aria-hidden=\"true\" class=\"wp-block-spacer\"><\/div>\n\n\n\n<p><strong>REFERENCIAS:<\/strong><\/p>\n\n\n\n<p class=\"has-text-align-justify has-small-font-size\"><em>Sapillo Pintojo Mediterr\u00e1neo (Discoglossus pictus)<\/em>. (n.d.). Natusfera. Retrieved February 12, 2025, from <a href=\"https:\/\/spain.inaturalist.org\/taxa\/24479-Discoglossus-pictus\">https:\/\/spain.inaturalist.org\/taxa\/24479-Discoglossus-pictus<\/a><\/p>\n\n\n\n<p class=\"has-text-align-justify has-small-font-size\">Mart\u00ednez-Solano, I. (2014). Sapillo pintojo mediterr\u00e1neo &#8211;&nbsp;<em>Discoglossus pictus.&nbsp;<\/em>En:&nbsp;<em>Enciclopedia Virtual de los Vertebrados Espa\u00f1oles.&nbsp;<\/em>Salvador, A., Mart\u00ednez-Solano, I. (Eds.). Museo Nacional de Ciencias Naturales, Madrid.&nbsp;<a href=\"https:\/\/www.vertebradosibericos.org\/\">http:\/\/www.vertebradosibericos.org\/<\/a><\/p>\n\n\n\n<p class=\"has-text-align-justify has-small-font-size\"><em>Sapillo pintojo mediterr\u00e1neo<\/em>. (n.d.). Picture Nature. Retrieved February 12, 2025, from <a href=\"https:\/\/pictureanimal.com\/es\/wiki\/Discoglossus_pictus.html\">https:\/\/pictureanimal.com\/es\/wiki\/Discoglossus_pictus.html<\/a><\/p>\n\n\n\n<p class=\"has-text-align-justify has-small-font-size\">Discoglossus pictus: IUCN SSC Amphibian Specialist Group. (2020).&nbsp;<em>The IUCN Red List of Threatened Species<\/em>. <a href=\"https:\/\/doi.org\/10.2305\/iucn.uk.2021-3.rlts.t55270a89700379.en\">https:\/\/doi.org\/10.2305\/iucn.uk.2021-3.rlts.t55270a89700379.en<\/a><\/p>\n","protected":false},"excerpt":{"rendered":"<p>Discoglossus pictus. Imagen con copyright CC BY 3.0, creada por Kogia y obtenida de Wikimedia commons en: https:\/\/commons.wikimedia.org\/wiki\/File:Discoglossus_pictus_(4).jpg Reino Animalia Filo Chordata Subfilo Vertebrata Clase Amphibia Orden Anura Familia Alytidae G\u00e9nero Discoglossus Especie D. pictus DESCRIPCI\u00d3N: El sapillo pintojo mediterr\u00e1neo es un anfibio de tama\u00f1o mediano, que suele medir entre 3 y 6cm entre la [&hellip;]<\/p>\n","protected":false},"author":2556,"featured_media":0,"parent":0,"menu_order":0,"comment_status":"closed","ping_status":"closed","template":"","meta":{"footnotes":""},"class_list":["post-4107","page","type-page","status-publish","hentry"],"_links":{"self":[{"href":"https:\/\/webs.uab.cat\/bees\/wp-json\/wp\/v2\/pages\/4107","targetHints":{"allow":["GET"]}}],"collection":[{"href":"https:\/\/webs.uab.cat\/bees\/wp-json\/wp\/v2\/pages"}],"about":[{"href":"https:\/\/webs.uab.cat\/bees\/wp-json\/wp\/v2\/types\/page"}],"author":[{"embeddable":true,"href":"https:\/\/webs.uab.cat\/bees\/wp-json\/wp\/v2\/users\/2556"}],"replies":[{"embeddable":true,"href":"https:\/\/webs.uab.cat\/bees\/wp-json\/wp\/v2\/comments?post=4107"}],"version-history":[{"count":1,"href":"https:\/\/webs.uab.cat\/bees\/wp-json\/wp\/v2\/pages\/4107\/revisions"}],"predecessor-version":[{"id":4288,"href":"https:\/\/webs.uab.cat\/bees\/wp-json\/wp\/v2\/pages\/4107\/revisions\/4288"}],"wp:attachment":[{"href":"https:\/\/webs.uab.cat\/bees\/wp-json\/wp\/v2\/media?parent=4107"}],"curies":[{"name":"wp","href":"https:\/\/api.w.org\/{rel}","templated":true}]}}

SAPILLO PINTOJO MEDITERRÁNEO

<div class="wp-block-group is-vertical is-layout-flex wp-container-core-group-is-layout-769d0143 wp-block-group-is-layout-flex">
<figure class="wp-block-image size-large"><img decoding="async" src="https://biocampus25.wordpress.com/wp-content/uploads/2025/04/discoglossus_pictus_4.jpg?w=1024" alt="" class="wp-image-616" /></figure>



<p class="has-text-align-justify has-small-font-size">Discoglossus pictus. Imagen con copyright CC BY 3.0, creada por Kogia y obtenida de Wikimedia commons en: <a href="https://commons.wikimedia.org/wiki/File:Discoglossus_pictus_(4).jpg">https://commons.wikimedia.org/wiki/File:Discoglossus_pictus_(4).jpg</a></p>
</div>



<div style="height:10px" aria-hidden="true" class="wp-block-spacer"></div>



<div class="wp-block-columns is-layout-flex wp-container-core-columns-is-layout-9d6595d7 wp-block-columns-is-layout-flex">
<div class="wp-block-column is-layout-flow wp-block-column-is-layout-flow">
<figure class="wp-block-table has-alegreya-font-family has-small-font-size"><table><tbody><tr><td class="has-text-align-center" data-align="center"><strong>Reino</strong></td><td class="has-text-align-center" data-align="center">Animalia</td></tr><tr><td class="has-text-align-center" data-align="center"><strong>Filo</strong></td><td class="has-text-align-center" data-align="center">Chordata</td></tr><tr><td class="has-text-align-center" data-align="center"><strong>Subfilo</strong></td><td class="has-text-align-center" data-align="center"><a href="https://webs.uab.cat/bees/vertebrados/" data-type="page" data-id="43">Vertebrata</a></td></tr><tr><td class="has-text-align-center" data-align="center"><strong>Clase</strong></td><td class="has-text-align-center" data-align="center"><a href="https://webs.uab.cat/bees/anfibios/" data-type="page" data-id="4086">Amphibia</a></td></tr><tr><td class="has-text-align-center" data-align="center"><strong>Orden</strong></td><td class="has-text-align-center" data-align="center">Anura</td></tr><tr><td class="has-text-align-center" data-align="center"><strong>Familia</strong></td><td class="has-text-align-center" data-align="center">Alytidae</td></tr><tr><td class="has-text-align-center" data-align="center"><strong>Género</strong></td><td class="has-text-align-center" data-align="center">Discoglossus</td></tr><tr><td class="has-text-align-center" data-align="center"><strong>Especie</strong></td><td class="has-text-align-center" data-align="center">D. pictus</td></tr></tbody></table></figure>
</div>



<div class="wp-block-column is-layout-flow wp-block-column-is-layout-flow">
<div class="wp-block-group is-vertical is-layout-flex wp-container-core-group-is-layout-769d0143 wp-block-group-is-layout-flex">
<p><strong>DESCRIPCIÓN:</strong></p>



<p class="has-text-align-justify has-alegreya-font-family has-small-font-size">El sapillo pintojo mediterráneo es un anfibio de tamaño mediano, que suele medir entre 3 y 6cm entre la zona del hocico y la cloaca. Esto hace que su peso ronde los 20-50 gramos.</p>



<p class="has-text-align-justify has-alegreya-font-family has-small-font-size">Son blanquinoso o amarillentos en la parte ventral, mientras que la coloración es bastante variada (puede ser marrón, gris, rojizo…). También destaca el hecho de que pueda presentar un patrón de manchas grandes y oscuras o unas líneas gruesas a lo largo de su superficie.</p>



<p class="has-text-align-justify has-alegreya-font-family has-small-font-size">Su cabeza es grande y presenta un hocico puntiagudo y un par de ojos grandes, con las pupilas circulares. En esta presentan una boca ínfera, que contiene una lengua poco articulada y un conjunto de dientes que se agrupan en una serie.</p>



<p class="has-text-align-justify has-alegreya-font-family has-small-font-size">Sus patas anteriores son bastante cortas, mientras que las posteriores son más largas y le permiten saltar (aunque no es su principal método de locomoción). Destaca la presencia de membranas interdigitales muy desarrolladas en las patas posteriores.</p>
</div>
</div>
</div>



<div style="height:10px" aria-hidden="true" class="wp-block-spacer"></div>



<div class="wp-block-group is-vertical is-layout-flex wp-container-core-group-is-layout-769d0143 wp-block-group-is-layout-flex">
<p><strong>DIETA:</strong></p>



<p class="has-text-align-justify has-alegreya-font-family has-small-font-size">Su dieta es carnívora y se basa en la caza de diversos artrópodos, entre los que destacan los himenópteros y dípteros. Además, los individuos adultos pueden practicar el canibalismo con los juveniles.</p>
</div>



<div style="height:10px" aria-hidden="true" class="wp-block-spacer"></div>



<div class="wp-block-group is-vertical is-layout-flex wp-container-core-group-is-layout-769d0143 wp-block-group-is-layout-flex">
<p><strong>ESTRUCTURA SOCIAL Y COMPORTAMIENTO:</strong></p>



<p class="has-text-align-justify has-alegreya-font-family has-small-font-size">De manera natural pueden encontrarse viviendo de forma solitaria o formando grupos de reducido tamaño. Aun así, en periodo reproductivo se vuelven solitarios y muy territoriales y agresivos.</p>



<p class="has-text-align-justify has-alegreya-font-family has-small-font-size">Aunque puedan estar activos durante el día, suelen actuar en horario crepuscular o las primeras horas de la noche. Se encuentran especialmente activos si la humedad es superior al 40% y la temperatura se encuentra por encima de los 9ºC.</p>



<p class="has-text-align-justify has-alegreya-font-family has-small-font-size">Su periodo reproductivo se inicia con unas condiciones ambientales bien húmedas, lo cual suele ocurrir entre invierno y primavera. En esta época los machos emiten unos sonidos fuertes con los que pretenden competir con otros machos y atraer hembras, las cuales depositan entre 20-50 huevos. Cabe destacar que estos son fecundados inmediatamente por el macho y pueden llegar a expulsar diversos paquetes de huevos para que sean fecundados por más de un macho.</p>
</div>


<div class="wp-block-image">
<figure class="aligncenter size-large"><img decoding="async" src="https://biocampus25.wordpress.com/wp-content/uploads/2025/04/captura-de-pantalla-2025-04-15-215730-2.png?w=1024" alt="" class="wp-image-623" /></figure>
</div>


<div style="height:10px" aria-hidden="true" class="wp-block-spacer"></div>



<div class="wp-block-group is-vertical is-layout-flex wp-container-core-group-is-layout-769d0143 wp-block-group-is-layout-flex">
<p><strong>HABITAT Y ZONA DE DISTRIBUCIÓN:</strong></p>



<p class="has-text-align-justify has-alegreya-font-family has-small-font-size">Esta especie se encuentra distribuida por el norte de África, el sud de Francia y buena parte de la mitad norte de la Península Ibérica.</p>



<p class="has-text-align-justify has-alegreya-font-family has-small-font-size">Suele habitar zonas próximas a agua dulce, siempre que esta sea de poca profundidad y tenga substrato herbáceo. Podemos encontrarlos en bosques de ribera, campos de cultivo, prados encharcados etc.</p>
</div>



<div class="wp-block-group is-vertical is-layout-flex wp-container-core-group-is-layout-769d0143 wp-block-group-is-layout-flex">
<figure class="wp-block-image size-large"><img loading="lazy" decoding="async" width="676" height="332" src="https://biocampus25.wordpress.com/wp-content/uploads/2025/04/captura-de-pantalla-2025-04-15-224750.png?w=676" alt="" class="wp-image-625" srcset="https://webs.uab.cat/bees/wp-content/uploads/sites/329/2025/04/captura-de-pantalla-2025-04-15-224750.png 676w, https://webs.uab.cat/bees/wp-content/uploads/sites/329/2025/04/captura-de-pantalla-2025-04-15-224750-300x147.png 300w" sizes="auto, (max-width: 676px) 100vw, 676px" /></figure>



<p class="has-text-align-justify has-small-font-size">Mapa de distribución de Discoglossus pictus. Imagen obtenida de Gbif en: <a href="https://www.gbif.org/es/species/2426617">https://www.gbif.org/es/species/2426617</a></p>
</div>



<div style="height:10px" aria-hidden="true" class="wp-block-spacer"></div>



<div class="wp-block-group is-vertical is-layout-flex wp-container-core-group-is-layout-769d0143 wp-block-group-is-layout-flex">
<p><strong>ESTADO DE CONSERVACIÓN:</strong></p>



<p class="has-text-align-justify has-alegreya-font-family has-small-font-size">Esta especie está considerada de preocupación menor en la IUCN.</p>
</div>


<div class="wp-block-image">
<figure class="aligncenter size-large"><img decoding="async" src="https://biocampus25.wordpress.com/wp-content/uploads/2025/04/captura_de_pantalla_2025-03-27_213157-removebg-preview-20.png?w=797" alt="" class="wp-image-629" /></figure>
</div>


<div style="height:30px" aria-hidden="true" class="wp-block-spacer"></div>



<p><strong>REFERENCIAS:</strong></p>



<p class="has-text-align-justify has-small-font-size"><em>Sapillo Pintojo Mediterráneo (Discoglossus pictus)</em>. (n.d.). Natusfera. Retrieved February 12, 2025, from <a href="https://spain.inaturalist.org/taxa/24479-Discoglossus-pictus">https://spain.inaturalist.org/taxa/24479-Discoglossus-pictus</a></p>



<p class="has-text-align-justify has-small-font-size">Martínez-Solano, I. (2014). Sapillo pintojo mediterráneo &#8211;&nbsp;<em>Discoglossus pictus.&nbsp;</em>En:&nbsp;<em>Enciclopedia Virtual de los Vertebrados Españoles.&nbsp;</em>Salvador, A., Martínez-Solano, I. (Eds.). Museo Nacional de Ciencias Naturales, Madrid.&nbsp;<a href="https://www.vertebradosibericos.org/">http://www.vertebradosibericos.org/</a></p>



<p class="has-text-align-justify has-small-font-size"><em>Sapillo pintojo mediterráneo</em>. (n.d.). Picture Nature. Retrieved February 12, 2025, from <a href="https://pictureanimal.com/es/wiki/Discoglossus_pictus.html">https://pictureanimal.com/es/wiki/Discoglossus_pictus.html</a></p>



<p class="has-text-align-justify has-small-font-size">Discoglossus pictus: IUCN SSC Amphibian Specialist Group. (2020).&nbsp;<em>The IUCN Red List of Threatened Species</em>. <a href="https://doi.org/10.2305/iucn.uk.2021-3.rlts.t55270a89700379.en">https://doi.org/10.2305/iucn.uk.2021-3.rlts.t55270a89700379.en</a></p>

<p>Discoglossus pictus. Imagen con copyright CC BY 3.0, creada por Kogia y obtenida de Wikimedia commons en: https://commons.wikimedia.org/wiki/File:Discoglossus_pictus_(4).jpg Reino Animalia Filo Chordata Subfilo Vertebrata Clase Amphibia Orden Anura Familia Alytidae Género Discoglossus Especie D. pictus DESCRIPCIÓN: El sapillo pintojo mediterráneo es un anfibio de tamaño mediano, que suele medir entre 3 y 6cm entre la [&hellip;]</p>
